Leumeah NSW weather

 Latitude S 34° 03' 26"    Longitude E 150° 49' 44"    Elevation 74 m

Leumeah weather

NOAA Style Reports

Select a Year or Month report

Report for 2020 Sep
                   Monthly Climatological Summary for Sep 2020

Name: Blazingcomet   City: Leumeah   State: NSW
Elevation: 74 m  Lat: S 34 03' 26"   Lon: E 150 49' 44"

                  Temperature (C), Rain (mm), Wind Speed (km/h)

                                      Heat  Cool        Avg
    Mean                              Deg   Deg         Wind                 Dom
Day Temp  High   Time   Low    Time   Days  Days  Rain  Speed High   Time    Dir
----------------------------------------------------------------------------------
 1  12.4  19.3   15:53   6.2   23:58  11.6   0.0   0.0   1.4  24.0   16:31    NE
 2  13.8  24.9   16:30   5.0   05:55  10.2   1.4   0.0   0.7  20.0   15:04   NNW
 3  19.4  29.7   13:00   7.9   06:18   6.0   4.1   0.0   1.5  38.0   15:24   WNW
 4  15.8  17.6   00:00  12.7   06:30   8.2   0.0   3.4   0.3  12.0   09:30    SE
 5  15.0  22.7   14:02   8.1   06:12   9.0   0.8   0.2   3.0  27.0   15:32   WSW
 6  13.4  20.6   11:22   6.9   03:51  10.6   0.1   0.0   1.7  20.0   16:37   ENE
 7  15.6  23.6   14:00   9.2   06:29   8.4   1.0   0.0   2.2  27.0   15:11   ENE
 8  16.1  26.4   14:10   7.0   05:52   8.1   1.7   0.0   0.0   9.0   16:19     E
 9  13.7  17.7   04:06  11.7   22:49  10.3   0.0   4.8   2.0  36.0   04:03     S
10  13.3  17.4   13:04  10.2   06:11  10.7   0.0   0.6   3.3  36.0   11:21    SE
11  13.6  20.3   13:00   8.7   23:52  10.4   0.1   0.6   0.1  12.0   11:49     S
12  14.6  24.4   15:52   6.1   05:57   9.4   1.2   0.0   0.9  16.0   17:08   NNE
13  14.3  24.5   13:22   7.3   06:03   9.7   0.7   0.4   0.2  38.0   14:44   WSW
14  15.1  23.3   11:39   7.6   06:05   8.9   0.9   0.2   0.0  16.0   14:15   ---
15  17.6  25.1   15:31  13.2   23:59   6.5   1.2   0.0   1.3  24.0   16:27   ENE
16  18.6  28.6   15:10   9.7   05:42   6.2   3.1   0.0   0.0  15.0   14:32     W
17  18.3  30.9   15:04  10.8   04:52   6.9   2.8   0.0   2.1  44.0   16:12     S
18  15.4  17.8   12:18  12.1   03:56   8.6   0.0   0.2   1.0  12.0   07:53   ESE
19  17.9  22.2   13:01  14.2   04:20   6.1   0.9   0.2   1.9  24.0   15:52   ENE
20  17.0  22.9   16:45  12.7   23:42   7.0   0.5  10.6   1.6  24.0   11:30   ENE
21  20.6  30.4   15:36  10.7   05:55   4.9   4.4   7.0   0.0  31.0   20:56     W
22  20.3  26.4   13:54  15.8   02:47   4.1   2.7   0.4   4.3  35.0   10:21     W
----------------------------------------------------------------------------------
    16.0  30.9    17     5.0     2   181.8  27.6  28.6   1.3  44.0    17     ESE

Max >=  30.0:  2
Max <=  20.0:  5
Min <=  10.0: 12
Min <=   4.0:  0
Max Rain: 10.6 on day 20
Days of Rain: 12 (>= 0.2 mm)  4 (>= 2.0 mm)  0 (>= 20.0 mm)
Heat Base: 24.0  Cool Base: 18.3  Method: Integration
:now::gauges::today::yesterday::this month::this year::records::trends::forum:


Page updated 23/03/2012 9:30:00 PM
powered by Cumulus v1.9.2 (1032)