Leumeah NSW weather

 Latitude S 34° 03' 26"    Longitude E 150° 49' 44"    Elevation 74 m

Leumeah weather

NOAA Style Reports

Select a Year or Month report

Report for 2017 Nov
                   Monthly Climatological Summary for Nov 2017

Name: Blazingcomet   City: Leumeah   State: NSW
Elevation: 74 m  Lat: S 34 03' 26"   Lon: E 150 49' 44"

                  Temperature (C), Rain (mm), Wind Speed (km/h)

                                      Heat  Cool        Avg
    Mean                              Deg   Deg         Wind                 Dom
Day Temp  High   Time   Low    Time   Days  Days  Rain  Speed High   Time    Dir
----------------------------------------------------------------------------------
 1  16.1  22.9   15:15  10.3   06:37   7.9   0.7   0.0   4.2  31.0   12:08    SW
 2  17.0  22.9   11:57  11.1   06:18   7.0   0.9   0.0   3.4  26.0   14:57     E
 3  20.6  29.3   14:23  13.4   06:31   4.3   3.5   1.0   4.1  38.0   16:28    SW
 4  14.8  16.2   16:31  13.7   06:13   9.2   0.0   1.8   3.1  29.0   11:56   SSE
 5  14.5  16.9   14:55  12.1   03:26   9.5   0.0   1.4   1.7  20.0   14:44     E
 6  16.6  23.0   16:25  13.0   23:58   7.4   0.9  10.4   5.1  47.0   17:30   WSW
 7  15.2  21.2   12:13   8.3   05:50   8.8   0.4   0.0   5.2  40.0   16:00   SSE
 8  15.3  19.6   14:05  10.8   23:43   8.7   0.1   0.0   4.3  33.0   15:42    SE
 9  15.9  23.4   14:39   8.6   04:41   8.1   1.2   0.0   2.6  26.0   17:27     E
10  17.0  25.3   13:20   9.7   05:28   7.0   1.7   0.0   2.8  29.0   15:49     E
11  17.4  23.9   12:37  11.3   05:09   6.6   1.3   0.0   3.2  27.0   14:26     E
12  17.5  23.9   13:25  11.9   05:28   6.5   1.1   0.0   3.2  33.0   13:52     E
13  18.0  22.5   13:25  14.9   06:12   6.0   0.9   0.0   3.4  31.0   15:35     E
14  18.1  24.6   13:28  10.8   04:27   5.9   1.5   0.0   3.9  29.0   17:47     E
15  19.6  26.9   13:20  12.2   05:38   4.8   2.7   0.0   4.3  38.0   14:40     E
16  19.0  25.5   12:11  13.5   05:22   5.0   1.8   0.6   3.1  31.0   11:35     E
17  20.2  25.1   13:31  15.8   02:40   3.9   2.4   0.0   4.5  40.0   15:54     E
18  19.4  22.0   13:33  16.3   22:57   4.6   1.4   3.2   7.8  42.0   14:31     E
19  19.0  23.7   12:39  14.6   05:42   5.0   1.7   0.0   5.1  33.0   13:02     E
----------------------------------------------------------------------------------
    17.4  29.3     3     8.3     7   126.2  24.2  18.4   3.9  47.0     6     ESE

Max >=  30.0:  0
Max <=  20.0:  3
Min <=  10.0:  3
Min <=   4.0:  0
Max Rain: 10.4 on day 6
Days of Rain: 6 (>= 0.2 mm)  2 (>= 2.0 mm)  0 (>= 20.0 mm)
Heat Base: 24.0  Cool Base: 18.3  Method: Integration
:now::gauges::today::yesterday::this month::this year::records::trends::forum:


Page updated 23/03/2012 9:30:00 PM
powered by Cumulus v1.9.2 (1032)