Leumeah NSW weather

 Latitude S 34° 03' 26"    Longitude E 150° 49' 44"    Elevation 74 m

Leumeah weather

NOAA Style Reports

Select a Year or Month report

Report for 2020 Oct
                   Monthly Climatological Summary for Oct 2020

Name: Blazingcomet   City: Leumeah   State: NSW
Elevation: 74 m  Lat: S 34 03' 26"   Lon: E 150 49' 44"

                  Temperature (C), Rain (mm), Wind Speed (km/h)

                                      Heat  Cool        Avg
    Mean                              Deg   Deg         Wind                 Dom
Day Temp  High   Time   Low    Time   Days  Days  Rain  Speed High   Time    Dir
----------------------------------------------------------------------------------
 1  16.7  24.7   13:59  10.6   23:55   7.3   1.5   4.4   1.6  35.0   13:20    SW
 2  17.7  29.3   16:37   7.2   05:19   7.2   3.0   0.0   0.0   9.0   11:35   ---
 3  19.3  31.4   14:50   9.6   05:36   6.1   3.7   0.0   0.2  27.0   15:28   ENE
 4  20.9  32.8   15:54  11.5   06:32   4.7   4.3   0.0   0.1  24.0   16:34   ENE
 5  23.1  33.8   16:13  11.7   06:37   3.9   6.3   0.0   0.1  26.0   23:08   SSE
 6  17.6  21.2   13:50  16.2   01:05   6.4   0.4   0.0   3.5  26.0   00:13   SSE
 7  18.2  21.3   12:29  16.7   04:44   5.7   0.6   1.2   0.6  12.0   23:24    SE
 8  20.2  27.4   15:57  16.1   04:52   4.2   2.5   0.0   2.1  36.0   15:38     W
 9  17.0  22.2   14:35   9.7   05:11   7.0   0.9   0.0   7.1  49.0   16:14   WSW
10  18.2  25.4   14:27   8.9   06:25   5.9   2.2   0.0   5.3  40.0   17:01   WSW
11  18.2  28.5   13:56   8.8   06:06   6.4   2.7   0.0   3.1  27.0   12:28     S
12  19.0  25.8   13:14  13.6   06:28   5.1   2.1   0.0   2.7  26.0   14:53     E
13  20.3  31.0   13:56  11.3   06:17   5.3   3.8   0.0   3.2  44.0   18:40    SE
14  17.4  22.3   12:24  12.9   05:46   6.6   0.8   0.0   2.7  21.0   15:24   ESE
15  20.1  30.6   15:26  11.6   06:35   5.0   3.7   0.0   1.1  20.0   16:07   NNE
16  17.2  19.9   05:56  15.2   23:24   6.8   0.2   0.0   3.8  33.0   07:25    SE
17  20.1  29.8   14:59  14.5   05:30   4.5   3.1   0.2   1.5  21.0   12:59    NE
18  18.7  26.7   14:18  15.6   23:51   5.4   1.4   0.8   2.5  33.0   14:45    SE
19  16.7  20.8   14:42  13.9   06:16   7.3   0.3   0.0   3.7  24.0   14:54    SE
20  17.4  22.2   14:46  14.5   23:37   6.6   0.6   0.0   3.4  26.0   15:29     E
21  18.5  25.9   13:55  11.0   06:00   5.7   2.2   0.0   3.5  29.0   13:13   ENE
22  19.6  26.5   13:40  15.8   01:52   4.6   2.1   0.0   3.1  33.0   16:11     E
23  21.4  29.7   14:27  16.4   01:40   3.4   3.5   0.0   3.3  29.0   14:53   ENE
24  20.3  25.6   12:54  15.7   23:59   3.8   2.1  20.8   1.0  21.0   23:54     N
25  13.8  15.7   00:00  12.3   15:59  10.2   0.0  15.0   6.1  31.0   12:42     S
26  14.2  18.0   13:10  11.9   23:46   9.8   0.0   8.6  10.0  53.0   12:50   SSE
----------------------------------------------------------------------------------
    18.5  33.8     5     7.2     2   154.9  54.0  51.0   2.9  53.0    26     SSE

Max >=  30.0:  5
Max <=  20.0:  3
Min <=  10.0:  5
Min <=   4.0:  0
Max Rain: 20.8 on day 24
Days of Rain: 7 (>= 0.2 mm)  4 (>= 2.0 mm)  1 (>= 20.0 mm)
Heat Base: 24.0  Cool Base: 18.3  Method: Integration
:now::gauges::today::yesterday::this month::this year::records::trends::forum:


Page updated 23/03/2012 9:30:00 PM
powered by Cumulus v1.9.2 (1032)