Leumeah NSW weather

 Latitude S 34° 03' 26"    Longitude E 150° 49' 44"    Elevation 74 m

Leumeah weather

NOAA Style Reports

Select a Year or Month report

Report for 2012 Jan
                   Monthly Climatological Summary for Jan 2012

Name: Blazingcomet   City: Leumeah   State: NSW
Elevation: 74 m  Lat: S 34 03' 26"   Lon: E 150 49' 44"

                  Temperature (C), Rain (mm), Wind Speed (km/h)

                                      Heat  Cool        Avg
    Mean                              Deg   Deg         Wind                 Dom
Day Temp  High   Time   Low    Time   Days  Days  Rain  Speed High   Time    Dir
----------------------------------------------------------------------------------
 1  22.9  34.7   14:57  13.4   05:47   1.2   5.8   0.0   4.1  19.0   16:29   ESE
 2  24.3  34.1   14:36  15.8   05:56   0.4   6.4   0.0   4.8  26.0   17:12   ESE
 3  26.0  36.1   15:28  17.8   05:35   0.0   7.7   0.0   4.7  22.0   15:44   ESE
 4  26.2  37.5   13:59  19.6   05:52   0.0   7.9   0.0   5.4  50.0   17:21    SW
 5  23.4  30.8   15:16  19.5   05:42   0.0   5.1   0.0   5.3  23.0   17:06    SE
 6  21.0  25.1   12:55  16.7   23:56   0.1   2.8   0.0   7.2  31.0   17:18     S
 7  22.0  32.0   15:11  13.1   05:52   1.2   4.9   0.0   5.0  24.0   16:13     E
 8  23.1  31.5   17:16  18.7   06:00   0.0   4.8   2.4   2.4  16.0   17:48    SE
 9  25.9  33.8   14:48  19.8   23:59   0.0   7.6   0.0   5.9  28.0   09:51   WNW
10  24.1  32.9   15:35  16.6   06:23   0.2   5.9   0.0   4.9  22.0   13:48    NW
11  22.4  29.2   15:16  16.2   23:53   0.2   4.4   0.0  12.8  48.0   16:24     W
12  19.6  29.4   14:30  12.3   06:12   1.8   3.1   0.0   6.4  27.0   14:58    SE
13  21.6  32.4   14:43  12.4   06:00   1.5   4.8   0.0   5.7  28.0   17:01   ENE
14  20.5  23.3   14:11  17.9   06:01   0.0   2.2   6.0   5.4  18.0   00:24   ESE
15  21.3  28.5   14:30  17.8   06:04   0.1   3.1   4.5   6.1  24.0   17:26     E
16  21.3  27.8   16:32  17.7   06:15   0.1   3.0   9.3   4.5  26.0   16:15     E
17  23.3  30.8   14:47  16.7   06:19   0.2   5.1   0.0   6.1  31.0   17:10   ENE
18  25.5  34.8   15:09  18.2   06:19   0.0   7.3   0.0   3.8  22.0   18:03   ENE
19  25.0  34.2   15:22  19.2   05:55   0.0   6.7   0.0   5.6  23.0   15:23   ESE
20  24.3  29.9   14:00  20.3   06:57   0.0   6.0   0.0   4.9  21.0   15:31     E
21  23.2  30.0   16:08  20.7   23:48   0.0   4.9   7.2   2.3  18.0   16:00   ESE
22  21.9  29.9   14:53  17.9   05:08   0.0   3.6   1.2   6.0  27.0   11:35    SE
23  21.6  29.4   13:44  16.6   06:24   0.3   3.6   0.9   5.8  23.0   12:52     E
24  21.0  25.2   10:43  15.7   05:53   0.5   3.2   0.3   2.7  17.0   15:00   ESE
25  21.8  25.6   11:54  20.1   06:26   0.0   3.5  42.3   2.0  24.0   13:59     E
26  23.3  29.4   13:43  20.2   02:43   0.0   5.0   4.5   3.4  23.0   16:07     E
27  22.6  27.3   15:04  19.8   06:17   0.0   4.3   0.9   5.4  26.0   13:57   ESE
28  24.0  30.2   15:32  19.4   03:07   0.0   5.7   0.0   5.3  22.0   16:01     E
29  24.7  31.4   14:18  18.8   06:18   0.0   6.3   0.0   5.4  23.0   16:38   ENE
30  27.7  35.1   16:48  21.8   05:28   0.0   9.4   1.5   5.4  15.0   18:28     N
31  25.4  33.2   14:17  20.1   22:34   0.0   7.1   0.0   7.0  26.0   17:36   SSE
----------------------------------------------------------------------------------
    23.3  37.5     4    12.3    12     7.8 161.2  81.0   5.2  50.0     4     ESE

Max >=  30.0: 18
Max <=  20.0:  0
Min <=  10.0:  0
Min <=   4.0:  0
Max Rain: 42.3 on day 25
Days of Rain: 12 (>= 0.2 mm)  7 (>= 2.0 mm)  1 (>= 20.0 mm)
Heat Base: 24.0  Cool Base: 18.3  Method: Integration
:now::gauges::today::yesterday::this month::this year::records::trends::forum:


Page updated 23/03/2012 9:30:00 PM
powered by Cumulus v1.9.2 (1032)