Leumeah NSW weather

 Latitude S 34° 03' 26"    Longitude E 150° 49' 44"    Elevation 74 m

Leumeah weather

NOAA Style Reports

Select a Year or Month report
V/Λ2018 > Jan Feb Mar Apr May Jun Jul Aug Sep Oct Nov Dec
V/Λ2017 > Jan Feb Mar Apr May Jun Jul Aug Sep Oct Nov Dec
V/Λ2016 > Jan Feb Mar Apr May Jun Jul Aug Sep Oct Nov Dec
V/Λ2015 > Jan Feb Mar Apr May Jun Jul Aug Sep Oct Nov Dec
V/Λ2014 > Jan Feb Mar Apr May Jun Jul Aug Sep Oct Nov Dec
V/Λ2013 > Jan Feb Mar Apr May Jun Jul Aug Sep Oct Nov Dec
V/Λ2012 > Jan Feb Mar Apr May Jun Jul Aug Sep Oct Nov Dec
V/Λ2011 > Jan Feb Mar Apr May Jun Jul Aug Sep Oct Nov Dec

Report for 2012 Mar
                   Monthly Climatological Summary for Mar 2012

Name: Blazingcomet   City: Leumeah   State: NSW
Elevation: 74 m  Lat: S 34 03' 26"   Lon: E 150 49' 44"

                  Temperature (C), Rain (mm), Wind Speed (km/h)

                                      Heat  Cool        Avg
    Mean                              Deg   Deg         Wind                 Dom
Day Temp  High   Time   Low    Time   Days  Days  Rain  Speed High   Time    Dir
----------------------------------------------------------------------------------
 1  22.8  29.3   15:43  19.2   03:57   0.0   4.5   9.0   2.5  24.0   22:15     W
 2  18.6  22.6   19:10  16.4   23:49   0.3   0.5  11.1   3.5  26.0   01:23   SSW
 3  18.6  22.0   13:53  16.4   03:12   0.5   0.8   3.9   2.8  22.0   14:36   ENE
 4  22.5  28.4   13:18  18.4   02:30   0.0   4.2   4.2   1.5  21.0   13:38   NNW
 5  23.2  30.5   15:34  17.5   07:11   0.0   4.9   0.0   4.9  21.0   14:36    SE
 6  21.0  27.3   15:34  18.0   06:31   0.0   2.7   0.0   5.0  21.0   18:07   SSE
 7  17.9  22.5   14:25  14.1   07:18   1.2   0.7  15.3   5.9  23.0   16:51   SSW
 8  16.8  20.5   17:02  14.5   23:52   1.8   0.2  63.9   5.3  26.0   11:34   WSW
 9  20.2  29.0   15:09  12.8   03:03   1.7   3.6   0.3   5.1  24.0   11:24     W
10  20.8  28.8   14:10  14.3   07:28   0.9   3.4   0.0   4.0  23.0   15:21    SE
11  22.2  30.5   15:28  16.2   07:42   0.1   4.0   0.0   3.2  21.0   16:59   ENE
12  21.8  27.4   16:22  17.6   07:03   0.0   3.5   0.0   4.4  23.0   15:29     E
13  21.7  31.1   15:57  14.8   07:06   0.7   4.1   0.0   3.1  22.0   15:59   ENE
14  21.8  29.7   14:52  15.6   06:56   0.5   4.0   0.0   4.0  28.0   16:13     E
15  24.2  32.9   15:42  20.3   00:41   1.5   5.9   0.0   3.4  22.0   15:49   ENE
16  24.9  35.2   16:04  19.0   06:10   1.4   6.6   4.5   2.8  32.0   19:25    NE
17  20.2  22.6   14:57  17.4   22:34   3.8   1.9  18.3   4.0  18.0   00:39     S
18  19.3  26.1   14:40  14.9   07:25   4.8   1.5   0.0   6.3  23.0   14:15     S
19  20.6  26.2   15:39  15.8   02:16   3.6   2.8   0.3   6.3  28.0   16:45    SE
20  21.2  27.6   17:05  15.9   07:12   3.3   3.1   0.0   3.3  16.0   14:39     E
21  22.7  31.1   14:33  17.3   07:01   2.6   4.4   0.0   1.8  15.0   10:30   NNE
22  18.7  20.7   00:59  17.2   06:40   5.3   0.6   1.2   3.7  22.0   03:20   SSE
23  20.0  26.7   15:12  16.1   07:04   4.3   2.2   0.0   9.0  30.0   14:31     W
24  17.7  26.4   16:02  10.9   07:22   6.6   1.8   0.0   6.0  23.0   15:57   WSW
25  17.7  23.9   16:57  12.8   03:01   6.3   1.4   0.0   3.6  15.0   17:17   ESE
26  19.8  28.5   15:49  14.1   07:14   4.7   2.7   0.0   3.6  22.0   18:34   ENE
27  21.2  28.5   13:48  16.2   07:08   3.4   3.3   0.0   3.2  19.0   16:15     E
28  20.2  25.0   17:31  17.6   06:28   3.8   2.0  15.3   2.2  17.0   00:21     E
29  20.2  29.2   13:57  14.7   07:28   4.2   2.6   3.6   3.2  27.0   14:27   SSE
30  19.7  28.6   16:27  14.2   07:27   4.7   2.5   0.0   2.7  17.0   14:44   ESE
31  20.5  31.9   16:43  13.0   07:13   4.8   3.6   0.0   2.2  11.0   10:36    NW
----------------------------------------------------------------------------------
    20.6  35.2    16    10.9    24    76.8  90.0 150.9   4.0  32.0    16      SE

Max >=  30.0:  7
Max <=  20.0:  0
Min <=  10.0:  0
Min <=   4.0:  0
Max Rain: 63.9 on day 8
Days of Rain: 13 (>= 0.2 mm)  10 (>= 2.0 mm)  1 (>= 20.0 mm)
Heat Base: 24.0  Cool Base: 18.3  Method: Integration
:now::gauges::today::yesterday::this month::this year::records::trends::forum:


Page updated 23/03/2012 9:30:00 PM
powered by Cumulus v1.9.2 (1032)