Leumeah NSW weather

 Latitude S 34° 03' 26"    Longitude E 150° 49' 44"    Elevation 74 m

Leumeah weather

NOAA Style Reports

Select a Year or Month report
V/Λ2018 > Jan Feb Mar Apr May Jun Jul Aug Sep Oct Nov Dec
V/Λ2017 > Jan Feb Mar Apr May Jun Jul Aug Sep Oct Nov Dec
V/Λ2016 > Jan Feb Mar Apr May Jun Jul Aug Sep Oct Nov Dec
V/Λ2015 > Jan Feb Mar Apr May Jun Jul Aug Sep Oct Nov Dec
V/Λ2014 > Jan Feb Mar Apr May Jun Jul Aug Sep Oct Nov Dec
V/Λ2013 > Jan Feb Mar Apr May Jun Jul Aug Sep Oct Nov Dec
V/Λ2012 > Jan Feb Mar Apr May Jun Jul Aug Sep Oct Nov Dec
V/Λ2011 > Jan Feb Mar Apr May Jun Jul Aug Sep Oct Nov Dec

Report for 2013 Mar
                   Monthly Climatological Summary for Mar 2013

Name: Blazingcomet   City: Leumeah   State: NSW
Elevation: 74 m  Lat: S 34 03' 26"   Lon: E 150 49' 44"

                  Temperature (C), Rain (mm), Wind Speed (km/h)

                                      Heat  Cool        Avg
    Mean                              Deg   Deg         Wind                 Dom
Day Temp  High   Time   Low    Time   Days  Days  Rain  Speed High   Time    Dir
----------------------------------------------------------------------------------
 1  17.8  19.8   16:52  16.1   02:36   6.2   0.2  16.5   8.6  32.0   16:34   SSW
 2  18.7  23.8   14:43  16.3   07:36   5.3   0.9   3.0   8.4  32.0   13:23     S
 3  22.4  29.3   16:19  17.7   01:29   2.6   4.1   0.3   9.3  27.0   15:56    SE
 4  23.1  31.7   13:01  18.3   07:16   2.4   4.8   0.6   5.8  23.0   16:10   ESE
 5  23.0  32.3   13:27  16.3   02:47   2.9   5.0   0.0   4.7  23.0   17:12     E
 6  23.0  32.6   14:27  16.1   06:45   2.9   5.0   0.0   4.0  24.0   18:02   ENE
 7  24.1  34.7   15:31  15.8   06:07   2.7   6.1   0.0   4.1  21.0   17:00   ENE
 8  22.7  31.0   15:03  17.0   04:31   2.8   4.5   0.0   4.2  21.0   15:48     E
 9  24.0  34.0   15:45  17.6   07:54   2.4   5.7   0.0   4.6  22.0   15:14   ENE
10  24.2  34.3   16:27  16.6   07:27   2.3   6.0   0.0   4.0  26.0   17:39   ENE
11  24.6  33.2   13:45  18.0   07:14   1.6   6.3   0.0   4.3  23.0   13:02     E
12  23.8  32.5   15:45  18.5   03:22   2.2   5.5   0.0   3.9  19.0   17:15   ENE
13  23.9  34.4   14:35  15.2   07:05   3.0   6.2   0.0   4.0  24.0   16:55   ENE
14  22.9  30.4   16:50  18.6   06:47   2.0   4.6   0.0   4.7  17.0   17:33     S
15  23.0  29.2   15:49  20.3   07:01   1.8   4.7   0.0   5.6  19.0   12:53   SSE
16  25.7  35.5   16:18  19.9   07:25   1.4   7.4   0.3   4.0  17.0   17:39   ESE
17  21.6  29.0   15:59  15.5   23:57   3.3   3.6   0.0  10.3  32.0   12:24   SSW
18  18.9  29.0   13:24  11.4   07:14   5.9   2.8   0.0   5.8  22.0   16:21     S
19  19.2  30.3   14:13  11.1   07:08   5.8   3.2   0.0   5.1  21.0   16:00     S
20  20.8  31.4   15:21  13.0   06:51   4.6   4.0   0.0   4.1  23.0   16:35   ENE
21  22.3  33.3   14:50  13.8   07:25   3.6   5.0   0.0   4.5  21.0   16:53   ENE
22  25.8  34.8   12:16  17.6   05:53   1.7   7.5   0.0   4.8  23.0   12:40     N
23  25.5  33.7   14:09  19.3   07:39   1.1   7.2   0.0   5.2  24.0   16:09   WSW
24  26.1  36.0   15:16  18.1   07:25   1.5   7.8   0.0   3.3  18.0   15:21   WNW
25  23.6  35.2   14:14  14.4   06:20   3.3   6.1   0.0   4.5  24.0   15:16     S
26  23.7  32.6   13:41  17.3   06:53   2.3   5.5   0.0   3.9  16.0   17:56     E
27  25.8  36.5   15:28  18.9   03:55   1.5   7.5   0.0   3.6  19.0   17:00   ENE
28  25.0  34.9   16:23  19.1   05:36   1.7   6.7   1.5   3.9  27.0   16:55    NW
29  20.2  27.7   15:57  12.6   07:16   4.3   2.8   0.0   6.2  27.0   01:07     S
30  21.2  30.9   16:12  12.4   07:19   4.3   4.0   0.0   3.8  16.0   11:35   NNE
31  21.0  28.4   16:38  16.4   05:59   3.8   3.1   0.0   5.6  27.0   12:08    SW
----------------------------------------------------------------------------------
    22.8  36.5    27    11.1    19    93.2 153.8  22.2   5.1  32.0     1      SE

Max >=  30.0: 23
Max <=  20.0:  1
Min <=  10.0:  0
Min <=   4.0:  0
Max Rain: 16.5 on day 1
Days of Rain: 6 (>= 0.2 mm)  2 (>= 2.0 mm)  0 (>= 20.0 mm)
Heat Base: 24.0  Cool Base: 18.3  Method: Integration
:now::gauges::today::yesterday::this month::this year::records::trends::forum:


Page updated 23/03/2012 9:30:00 PM
powered by Cumulus v1.9.2 (1032)