Leumeah NSW weather

 Latitude S 34° 03' 26"    Longitude E 150° 49' 44"    Elevation 74 m

Leumeah weather

NOAA Style Reports

Select a Year or Month report
V/Λ2018 > Jan Feb Mar Apr May Jun Jul Aug Sep Oct Nov Dec
V/Λ2017 > Jan Feb Mar Apr May Jun Jul Aug Sep Oct Nov Dec
V/Λ2016 > Jan Feb Mar Apr May Jun Jul Aug Sep Oct Nov Dec
V/Λ2015 > Jan Feb Mar Apr May Jun Jul Aug Sep Oct Nov Dec
V/Λ2014 > Jan Feb Mar Apr May Jun Jul Aug Sep Oct Nov Dec
V/Λ2013 > Jan Feb Mar Apr May Jun Jul Aug Sep Oct Nov Dec
V/Λ2012 > Jan Feb Mar Apr May Jun Jul Aug Sep Oct Nov Dec
V/Λ2011 > Jan Feb Mar Apr May Jun Jul Aug Sep Oct Nov Dec

Report for 2014 Sep
                   Monthly Climatological Summary for Sep 2014

Name: Blazingcomet   City: Leumeah   State: NSW
Elevation: 74 m  Lat: S 34 03' 26"   Lon: E 150 49' 44"

                  Temperature (C), Rain (mm), Wind Speed (km/h)

                                      Heat  Cool        Avg
    Mean                              Deg   Deg         Wind                 Dom
Day Temp  High   Time   Low    Time   Days  Days  Rain  Speed High   Time    Dir
----------------------------------------------------------------------------------
 1  17.1  27.9   13:04   9.1   03:33   7.4   2.2   0.0   2.5  16.0   12:06    NW
 2  14.0  20.2   10:55   8.5   22:06  10.0   0.1   3.3   8.2  33.0   20:23    SW
 3  12.8  19.9   15:03   7.0   23:59  11.2   0.2   0.0  12.9  43.0   11:21   SSW
 4  12.3  21.1   12:08   5.9   02:02  11.7   0.2   0.0   7.9  36.0   10:29   SSW
 5  12.6  19.8   13:15   8.1   02:10  11.4   0.0   0.9   7.3  31.0   13:21     S
 6  13.7  21.5   12:24   7.8   06:27  10.3   0.3   0.3   7.6  33.0   12:49   SSE
 7  14.2  20.9   13:01  10.1   00:19   9.8   0.2   1.5   3.6  18.0   14:59   SSE
 8  14.7  24.5   12:45   7.9   06:30   9.4   0.9   0.3   3.6  24.0   16:42    NE
 9  17.2  28.3   12:52   7.4   05:08   7.4   2.4   0.0   3.7  23.0   15:15   NNE
10  18.5  27.5   13:37  11.5   23:56   6.0   2.2   5.4   8.0  33.0   11:52   WSW
11  17.8  29.6   15:03   7.0   06:17   7.2   3.1   0.0   5.0  31.0   09:46     W
12  15.0  19.9   15:13  12.4   03:58   9.0   0.0   0.0   5.1  21.0   00:51    SE
13  16.1  22.7   13:26  12.7   04:39   7.9   0.5   0.6   3.9  22.0   15:39   ENE
14  18.0  30.4   14:19   9.8   06:20   6.8   2.6   0.0   3.9  23.0   14:57   SSE
15  17.6  27.9   13:47  10.0   05:52   6.8   2.0   0.0   4.4  27.0   15:04   ENE
16  17.5  26.2   12:52  13.1   23:55   6.6   1.2   6.0   5.1  23.0   20:06     W
17  17.1  24.7   12:36  11.4   23:57   6.9   1.5   0.0  12.2  42.0   12:39   WSW
18  14.7  25.7   13:31   6.6   06:04   9.4   1.3   0.0   5.4  27.0   13:01     S
19  13.5  25.5   13:03   4.9   05:43  10.5   1.3   0.0   4.0  22.0   15:39     S
20  14.0  24.6   12:35   5.5   05:35  10.0   1.2   0.0   5.1  24.0   15:08    SE
21  15.5  26.6   13:20   6.9   05:43   8.7   1.7   0.0   4.0  21.0   16:45   SSE
22  16.6  27.3   14:26  10.4   06:10   7.7   1.9   0.0   3.7  21.0   15:52   ENE
23  16.4  28.0   14:40   7.1   06:01   8.2   2.3   0.0   3.9  22.0   16:06    NE
24  18.4  31.4   14:10   8.6   05:52   6.7   3.2   0.0   3.2  21.0   16:33    NE
25  17.8  25.8   10:33  13.9   23:21   6.3   1.4   5.1   3.4  30.0   16:10   SSW
26  17.0  25.5   12:15  10.0   05:57   7.0   1.5   0.3   5.0  24.0   10:30    SE
27  17.2  26.6   13:44  10.9   23:47   6.9   1.8   0.0   4.9  18.0   15:04   SSE
28  18.0  30.4   14:10   8.0   05:30   7.2   3.2   0.0   3.2  23.0   17:19    NE
29  21.9  35.7   14:08  10.3   05:48   5.3   5.9   0.0   2.7  21.0   15:24   WNW
30  23.7  35.8   13:20  11.9   06:03   3.7   6.9   0.0   3.2  37.0   14:46   WNW
----------------------------------------------------------------------------------
    16.4  35.8    30     4.9    19   243.4  53.2  23.7   5.0  43.0     3       S

Max >=  30.0:  5
Max <=  20.0:  3
Min <=  10.0: 19
Min <=   4.0:  0
Max Rain: 6.0 on day 16
Days of Rain: 10 (>= 0.2 mm)  4 (>= 2.0 mm)  0 (>= 20.0 mm)
Heat Base: 24.0  Cool Base: 18.3  Method: Integration
:now::gauges::today::yesterday::this month::this year::records::trends::forum:


Page updated 23/03/2012 9:30:00 PM
powered by Cumulus v1.9.2 (1032)