Leumeah NSW weather

 Latitude S 34° 03' 26"    Longitude E 150° 49' 44"    Elevation 74 m

Leumeah weather

NOAA Style Reports

Select a Year or Month report

Report for 2015 Jan
                   Monthly Climatological Summary for Jan 2015

Name: Blazingcomet   City: Leumeah   State: NSW
Elevation: 74 m  Lat: S 34 03' 26"   Lon: E 150 49' 44"

                  Temperature (C), Rain (mm), Wind Speed (km/h)

                                      Heat  Cool        Avg
    Mean                              Deg   Deg         Wind                 Dom
Day Temp  High   Time   Low    Time   Days  Days  Rain  Speed High   Time    Dir
----------------------------------------------------------------------------------
 1  27.5  38.9   14:55  18.6   05:14   1.0   9.2   0.6   7.8  31.0   16:21   ENE
 2  25.7  32.8   13:28  21.4   03:59   0.6   7.4   0.0   7.0  23.0   00:01     E
 3  28.1  37.1   13:34  21.3   05:57   0.5   9.7   0.0   8.6  34.0   17:31    NE
 4  27.2  39.6   15:24  20.5   04:25   1.1   8.9   0.6   7.6  45.0   15:47   SSE
 5  22.9  30.6   15:05  19.7   22:18   2.0   4.6   0.3   5.9  22.0   16:34   ESE
 6  24.0  31.6   12:27  17.1   06:06   1.9   5.8   0.0   7.1  24.0   15:11   ENE
 7  25.5  34.5   13:29  19.2   05:57   1.4   7.2   0.0   8.0  37.0   16:15    NE
 8  25.2  34.7   14:59  16.1   05:42   2.0   7.2   0.0   6.9  32.0   16:28    NE
 9  25.4  36.8   14:47  19.5   04:20   1.3   7.1   8.1   5.3  30.0   15:19   ENE
10  23.8  31.8   10:57  19.2   19:27   2.0   5.6  23.4   6.0  45.0   18:57   ESE
11  19.8  21.2   14:30  18.8   05:54   4.2   1.5  12.0   3.9  17.0   12:38   SSE
12  21.1  25.6   12:42  18.2   06:05   3.0   2.8   1.8  10.9  38.0   13:52   SSE
13  23.8  32.6   14:45  18.2   04:45   1.9   5.5   0.3   7.4  26.0   16:58    NE
14  26.4  33.5   11:48  20.6   06:16   0.8   8.1   1.2  11.9  43.0   17:57   WSW
15  24.0  33.0   11:54  17.7   05:55   1.7   5.7   0.0   9.4  27.0   13:20   ESE
16  25.8  35.1   15:47  19.0   05:07   1.6   7.5   0.0   4.7  17.0   13:57   WNW
17  25.6  35.0   15:57  14.9   06:07   2.6   7.8   0.0   9.9  36.0   13:07   SSW
18  23.3  33.0   13:37  16.6   05:47   2.6   5.2   0.0   8.7  26.0   17:37    SE
19  18.9  20.5   10:47  16.6   23:57   5.1   0.8   0.0   8.9  22.0   09:37   SSE
20  20.2  26.8   13:47  16.4   01:37   3.9   2.4   4.5   8.8  30.0   16:57   ENE
21  24.0  29.6   11:17  18.6   01:37   1.8   5.7   2.7   9.4  34.0   15:47   ENE
22  24.6  31.4   10:47  18.9   05:37   1.6   6.3   0.0   7.8  30.0   14:17   ENE
23  26.3  35.1   13:37  19.2   06:17   1.1   8.0   0.6   5.6  26.0   15:57    NE
24  25.3  34.9   12:57  19.9   05:37   1.3   7.0   4.2   6.2  26.0   14:27    NE
25  26.2  36.2   15:57  18.3   06:17   2.1   8.0   0.0   9.1  32.0   20:17     S
26  19.2  21.0   14:47  16.4   22:07   4.8   1.2   0.6   8.9  18.0   17:07   SSE
27  18.0  20.6   16:30  16.0   22:20   0.0   6.0  30.9   4.4  15.0   22:20    SE
28  18.0  23.7   15:25  15.1   23:57   6.0   0.8   3.6   8.8  32.0   14:01     S
29  18.8  26.1   15:52  12.5   03:28   5.3   2.1   0.0  12.5  34.0   16:01     S
30  19.6  28.3   16:46  10.5   05:10   4.9   3.2   0.0   8.7  34.0   14:59   SSW
31  20.9  30.8   14:45  12.4   06:13   4.1   3.7   0.0   4.9  26.0   15:21   ESE
----------------------------------------------------------------------------------
    23.4  39.6     4    10.5    30    74.2 172.0  95.4   7.8  45.0     4     ESE

Max >=  30.0: 21
Max <=  20.0:  0
Min <=  10.0:  0
Min <=   4.0:  0
Max Rain: 30.9 on day 27
Days of Rain: 16 (>= 0.2 mm)  8 (>= 2.0 mm)  2 (>= 20.0 mm)
Heat Base: 24.0  Cool Base: 18.3  Method: Integration
:now::gauges::today::yesterday::this month::this year::records::trends::forum:


Page updated 23/03/2012 9:30:00 PM
powered by Cumulus v1.9.2 (1032)