Leumeah NSW weather

 Latitude S 34° 03' 26"    Longitude E 150° 49' 44"    Elevation 74 m

Leumeah weather

NOAA Style Reports

Select a Year or Month report

Report for 2018 Mar
                   Monthly Climatological Summary for Mar 2018

Name: Blazingcomet   City: Leumeah   State: NSW
Elevation: 74 m  Lat: S 34 03' 26"   Lon: E 150 49' 44"

                  Temperature (C), Rain (mm), Wind Speed (km/h)

                                      Heat  Cool        Avg
    Mean                              Deg   Deg         Wind                 Dom
Day Temp  High   Time   Low    Time   Days  Days  Rain  Speed High   Time    Dir
----------------------------------------------------------------------------------
 1  21.6  25.2   12:51  18.7   23:37   2.4   3.3   0.0   4.1  29.0   19:03    SE
 2  20.7  25.0   14:23  17.2   06:39   3.4   2.4   0.0   2.2  26.0   15:52   ESE
 3  23.3  31.6   15:35  17.6   07:00   2.3   5.0   0.0   2.4  26.0   16:31     E
 4  22.1  26.0   10:57  19.6   02:00   2.2   3.8   0.0   4.2  38.0   12:50   SSE
 5  20.2  22.9   11:38  17.9   23:55   3.8   1.9   1.2   2.2  24.0   23:34   SSE
 6  19.4  23.8   14:15  16.8   23:20   4.6   1.5   5.2   6.5  38.0   16:33   SSE
 7  19.5  23.9   14:26  16.2   04:42   4.5   1.8   1.2   3.7  27.0   14:52   ESE
 8  19.0  23.8   15:52  14.3   07:03   5.0   1.7   0.2   2.6  26.0   12:14    SE
 9  19.6  24.8   15:12  16.9   00:27   4.4   1.7   0.0   3.5  27.0   15:33    SE
10  19.8  25.5   15:13  15.8   02:16   4.3   2.2   0.0   2.7  26.0   16:32     E
11  21.6  30.4   16:15  14.7   07:10   3.6   3.9   0.0   1.7  20.0   13:28   ENE
12  20.3  27.4   14:29  14.5   05:58   4.2   3.0   0.0   3.1  35.0   17:39   ESE
13  19.1  20.0   14:52  18.0   09:22   4.9   0.8   0.6   1.3  16.0   01:39   SSE
14  21.0  28.0   14:51  16.5   02:52   3.5   3.2   3.2   2.0  24.0   15:51     E
15  23.3  34.5   15:55  16.7   06:46   2.7   5.2   0.0   2.9  40.0   17:01     S
16  21.5  25.2   14:56  19.8   06:51   2.5   3.2   0.0   2.7  21.0   13:36   ESE
17  23.7  35.2   14:58  16.7   05:36   2.7   5.6   0.0   2.0  26.0   15:41     E
18  27.3  38.5   16:05  15.8   07:15   2.4   9.2   0.0   3.7  42.0   15:25   WNW
19  24.1  34.8   16:42  17.8   06:21   2.1   5.8   0.0   2.7  44.0   00:05    SE
20  20.5  28.2   14:04  13.5   06:54   4.2   2.9   3.6   4.6  38.0   15:15     S
21  17.6  19.2   00:00  15.6   23:59   6.4   0.2   3.8   4.4  27.0   00:00   SSE
22  17.3  20.9   13:39  15.3   06:59   6.7   0.3   3.8   2.7  33.0   13:40    SE
23  18.8  21.7   13:48  15.8   23:46   5.2   1.2   0.6   1.5  20.0   13:59     E
24  19.9  27.5   14:22  14.2   07:09   4.5   2.8   0.0   0.7  20.0   13:50    NE
25  22.9  32.4   13:23  17.8   03:10   3.2   4.7   2.6   2.0  49.0   17:53   WNW
26  19.9  24.4   15:48  13.7   23:57   4.2   2.0   0.2   5.5  53.0   10:06     W
27  17.6  25.9   15:48   9.7   07:08   6.5   1.8   0.0   2.2  26.0   16:16     E
28  20.7  30.3   16:45  13.9   06:58   4.2   3.5   0.0   1.7  24.0   17:33   ENE
29  21.6  29.9   15:22  15.0   07:15   3.5   3.9   0.0   2.0  24.0   16:32     E
30  22.4  34.1   15:15  15.2   06:55   3.4   4.5   0.0   2.3  26.0   16:20    SE
31  21.3  24.5   15:16  19.0   22:10   2.7   3.0   0.0   3.1  24.0   16:43   ESE
----------------------------------------------------------------------------------
    20.9  38.5    18     9.7    27   120.2  96.0  26.2   2.9  53.0    26      SE

Max >=  30.0:  9
Max <=  20.0:  2
Min <=  10.0:  1
Min <=   4.0:  0
Max Rain: 5.2 on day 6
Days of Rain: 12 (>= 0.2 mm)  6 (>= 2.0 mm)  0 (>= 20.0 mm)
Heat Base: 24.0  Cool Base: 18.3  Method: Integration
:now::gauges::today::yesterday::this month::this year::records::trends::forum:


Page updated 23/03/2012 9:30:00 PM
powered by Cumulus v1.9.2 (1032)