Leumeah NSW weather

 Latitude S 34° 03' 26"    Longitude E 150° 49' 44"    Elevation 74 m

Leumeah weather

NOAA Style Reports

Select a Year or Month report

Report for 2018 May
                   Monthly Climatological Summary for May 2018

Name: Blazingcomet   City: Leumeah   State: NSW
Elevation: 74 m  Lat: S 34 03' 26"   Lon: E 150 49' 44"

                  Temperature (C), Rain (mm), Wind Speed (km/h)

                                      Heat  Cool        Avg
    Mean                              Deg   Deg         Wind                 Dom
Day Temp  High   Time   Low    Time   Days  Days  Rain  Speed High   Time    Dir
----------------------------------------------------------------------------------
 1  15.3  24.4   15:07   8.5   06:22   8.7   1.3   0.2   0.6  12.0   15:45   SSW
 2  14.7  21.5   12:44   9.5   06:04   9.3   0.6   0.0   0.2   9.0   11:54     N
 3  17.8  27.1   14:52   9.2   06:39   6.6   2.3   0.0   0.9  16.0   17:00   ENE
 4  18.9  25.3   13:09  13.5   23:39   5.1   1.6   0.0   5.8  49.0   15:35     W
 5  13.9  22.7   14:43   6.2   05:58  10.1   0.8   0.0   0.9  18.0   16:22     E
 6  13.5  23.1   14:33   5.4   06:45  10.5   0.9   0.0   0.7  20.0   16:16   ENE
 7  15.3  24.3   14:27   7.7   06:17   8.7   1.3   0.0   0.8  15.0   14:49   ENE
 8  15.3  25.5   14:55   8.5   06:40   8.7   1.4   0.0   0.3   9.0   14:22     W
 9  16.1  25.4   14:25   9.1   06:23   8.0   1.6   0.0   0.4  11.0   08:38   WNW
10  13.9  24.3   13:34   8.6   22:45  10.1   1.0   0.0   3.3  49.0   13:35     W
11  10.8  15.5   14:20   5.8   06:53  13.2   0.0   0.0   4.8  57.0   11:00     W
12  14.0  16.0   13:24   9.3   00:00  10.1   0.0   1.4   8.6  42.0   14:55   WSW
13  14.8  18.0   14:31  11.7   05:49   9.2   0.0   0.4   7.4  49.0   16:32    SW
14  15.0  18.7   15:33  11.7   04:55   9.0   0.0   0.0   4.0  29.0   09:00   SSW
15  13.3  21.0   14:50   8.9   07:07  10.7   0.2   0.0   1.6  24.0   15:28   SSW
16  12.6  17.8   11:46   7.6   02:33  11.4   0.0   0.0   2.7  26.0   12:51   SSE
17  12.4  20.0   15:56   6.1   06:20  11.6   0.1   0.0   0.5  12.0   13:49   WNW
18  11.9  20.8   15:03   4.8   06:45  12.1   0.3   0.0   1.8  20.0   08:52    SW
19  11.9  19.6   12:56   6.1   05:59  12.1   0.1   0.0   1.2  20.0   15:17   ESE
20  11.5  21.6   15:10   3.1   06:41  12.5   0.4   0.2   1.8  20.0   15:44   WSW
21  13.0  20.2   13:22   6.8   03:16  10.9   0.3   0.0   4.6  38.0   10:14   WSW
22  14.4  22.2   14:32   6.5   03:52   9.6   0.7   0.0   3.5  31.0   12:16   WSW
23  15.2  22.1   15:30  10.3   06:00   8.8   0.0   0.0   1.3  18.0   01:30    SW
24  13.4  19.3   11:42   7.4   05:19  10.6   0.0   0.0   1.7  24.0   15:46    SE
25  13.8  18.3   11:38   8.7   23:30  10.3   0.0   0.0   1.0  20.0   14:58    SE
26  12.4  20.7   13:10   5.4   07:04  11.6   0.4   0.2   0.7  15.0   13:50    NE
27  12.7  20.8   14:29   6.5   06:02  11.3   0.3   0.2   0.7  15.0   09:18    NE
28  13.0  20.1   14:58   8.4   06:06  11.0   0.1   0.0   0.2   7.0   10:20   WNW
29  14.7  23.9   15:32   6.5   06:50   9.3   1.1   6.8   0.6  21.0   19:39   ENE
30  12.1  17.1   12:54   6.1   23:42  11.9   0.0   2.0   3.0  29.0   11:17    SW
31  10.5  16.9   15:00   3.8   07:06  13.5   0.0   0.2   4.0  40.0   10:54    SW
----------------------------------------------------------------------------------
    13.8  27.1     3     3.1    20   316.5  16.8  11.6   2.3  57.0    11      SW

Max >=  30.0:  0
Max <=  20.0: 11
Min <=  10.0: 27
Min <=   4.0:  2
Max Rain: 6.8 on day 29
Days of Rain: 9 (>= 0.2 mm)  2 (>= 2.0 mm)  0 (>= 20.0 mm)
Heat Base: 24.0  Cool Base: 18.3  Method: Integration
:now::gauges::today::yesterday::this month::this year::records::trends::forum:


Page updated 23/03/2012 9:30:00 PM
powered by Cumulus v1.9.2 (1032)