Leumeah NSW weather

 Latitude S 34° 03' 26"    Longitude E 150° 49' 44"    Elevation 74 m

Leumeah weather

NOAA Style Reports

Select a Year or Month report

Report for 2018 Sep
                   Monthly Climatological Summary for Sep 2018

Name: Blazingcomet   City: Leumeah   State: NSW
Elevation: 74 m  Lat: S 34 03' 26"   Lon: E 150 49' 44"

                  Temperature (C), Rain (mm), Wind Speed (km/h)

                                      Heat  Cool        Avg
    Mean                              Deg   Deg         Wind                 Dom
Day Temp  High   Time   Low    Time   Days  Days  Rain  Speed High   Time    Dir
----------------------------------------------------------------------------------
 1  14.0  19.5   12:25   6.2   05:27  10.0   0.1   0.0   7.6  44.0   08:16     W
 2  11.0  15.0   12:13   6.7   06:41  13.0   0.0   0.0   2.9  29.0   16:15    SE
 3   9.3  13.8   11:32   4.5   04:14  14.7   0.0   4.4   1.5  27.0   11:50   SSE
 4  11.2  16.8   14:04   6.6   06:12  12.8   0.0   0.8   2.7  29.0   15:01   ESE
 5  10.8  15.9   10:49   5.7   04:28  13.2   0.0   0.8   1.7  20.0   16:17     E
 6  13.5  20.1   13:37   7.1   05:20  10.5   0.1   1.8   2.1  26.0   12:58   ENE
 7  15.3  23.0   12:39  10.4   05:55   8.7   0.5   7.4   1.1  24.0   15:22   ESE
 8  12.7  15.7   11:28   9.3   23:36  11.3   0.0   0.0   2.8  29.0   00:29     S
 9  14.2  21.6   14:20   4.5   05:41   9.8   0.5   0.2   5.9  42.0   12:07   WSW
10  15.1  22.6   13:59   9.3   05:39   8.9   0.6   0.0   2.9  24.0   00:15   ESE
11  16.4  24.6   14:54  11.4   23:50   7.7   1.1   0.0   2.4  26.0   15:20    NE
12  18.8  29.6   15:27   8.6   06:03   6.4   3.6   0.0   2.0  35.0   14:00    NW
13  15.4  21.6   12:39  10.3   05:49   8.6   0.5   0.0   2.5  27.0   13:43   ESE
14  17.3  27.7   15:15  11.4   00:35   7.0   1.8   0.0   1.5  24.0   15:49    NE
15  18.9  31.1   13:44   7.5   05:54   6.7   3.9   0.2   6.0  49.0   23:17     W
16  11.5  16.9   12:49   6.6   06:00  12.4   0.0   0.0   6.4  45.0   00:00   SSW
17  11.7  19.5   13:56   4.8   05:38  12.3   0.0   0.0   2.1  26.0   16:59   ENE
18  14.8  26.9   15:43   5.1   05:09   9.4   1.6   0.0   1.6  24.0   16:28    NE
19  16.9  28.0   12:11   7.5   05:59   7.6   2.4   0.0   6.6  53.0   12:47     W
20  11.4  16.9   13:34   6.6   23:59  12.6   0.0   0.0   2.3  24.0   12:25   ESE
21  12.3  22.3   15:13   3.4   06:06  11.7   0.5   0.0   1.7  24.0   16:03     E
22  15.1  24.8   14:00   5.7   05:27   8.9   1.5   0.0   0.9  15.0   11:53     N
23  14.1  20.5   13:04   6.8   05:48   9.9   0.2   0.0   4.7  33.0   15:17    SE
24  12.3  16.3   12:55   8.1   23:52  11.7   0.0   0.0   5.4  35.0   14:06   SSE
25  12.6  17.4   13:03   8.1   00:00  11.4   0.0   0.0   2.7  24.0   16:06   ESE
26  11.8  17.1   12:18   7.4   23:45  12.2   0.0   2.0   1.4  21.0   14:27   ESE
27  13.1  22.4   15:37   4.8   05:56  10.9   0.6   0.2   2.0  24.0   15:57    NE
28  17.8  29.9   14:29   6.7   05:46   7.1   3.0   0.6   2.7  47.0   16:13   WNW
29  14.8  19.7   12:19   8.1   23:48   9.2   0.1   0.0   6.3  42.0   11:45   SSW
30  12.3  19.8   12:11   5.4   05:06  11.7   0.1   0.0   2.9  24.0   15:28    SE
----------------------------------------------------------------------------------
    13.9  31.1    15     3.4    21   308.3  22.7  18.4   3.2  53.0    19       S

Max >=  30.0:  1
Max <=  20.0: 14
Min <=  10.0: 26
Min <=   4.0:  1
Max Rain: 7.4 on day 7
Days of Rain: 10 (>= 0.2 mm)  3 (>= 2.0 mm)  0 (>= 20.0 mm)
Heat Base: 24.0  Cool Base: 18.3  Method: Integration
:now::gauges::today::yesterday::this month::this year::records::trends::forum:


Page updated 23/03/2012 9:30:00 PM
powered by Cumulus v1.9.2 (1032)