Leumeah NSW weather

 Latitude S 34° 03' 26"    Longitude E 150° 49' 44"    Elevation 74 m

Leumeah weather

NOAA Style Reports

Select a Year or Month report

Report for 2018 Oct
                   Monthly Climatological Summary for Oct 2018

Name: Blazingcomet   City: Leumeah   State: NSW
Elevation: 74 m  Lat: S 34 03' 26"   Lon: E 150 49' 44"

                  Temperature (C), Rain (mm), Wind Speed (km/h)

                                      Heat  Cool        Avg
    Mean                              Deg   Deg         Wind                 Dom
Day Temp  High   Time   Low    Time   Days  Days  Rain  Speed High   Time    Dir
----------------------------------------------------------------------------------
 1  14.6  23.1   13:54   6.6   05:42   9.4   0.8   0.0   2.3  24.0   16:03   ENE
 2  16.3  25.9   13:14   7.9   05:25   7.8   1.6   0.0   3.3  29.0   16:13     E
 3  16.8  24.8   14:40  10.5   04:59   7.3   1.3   0.4   2.2  33.0   13:10   WSW
 4  14.6  15.9   11:47  12.5   23:57   9.4   0.0  30.8   2.1  33.0   23:37   SSW
 5  13.2  15.6   13:41  11.5   23:55  10.8   0.0   4.6   7.5  40.0   12:37   SSW
 6  14.5  19.2   13:19  11.5   00:00   9.4   0.0   0.0   6.5  36.0   17:38     S
 7  14.3  17.7   12:25  10.0   04:25   9.2   0.0   0.6   8.0  40.0   15:51    SW
 8  16.6  21.1   13:09  12.8   23:54   7.4   0.6   0.2   5.6  36.0   12:50   SSW
 9  18.2  27.7   17:10   9.1   06:32   6.3   2.5   0.0   1.9  36.0   22:47     E
10  14.9  17.5   00:00  12.8   21:43   9.1   0.0   2.8   6.1  49.0   10:30     S
11  13.5  17.4   12:42  11.0   07:05  10.5   0.0   0.4   5.7  35.0   15:48   SSE
12  13.6  17.2   14:48  11.3   00:46  10.4   0.0   0.8   3.8  35.0   12:20    SE
13  14.9  20.8   14:04  10.6   05:56   9.1   0.2   0.8   4.3  35.0   15:56     E
14  16.2  19.8   14:03  13.5   06:49   7.8   0.2  13.2   5.1  33.0   11:10     E
15  16.9  22.0   15:32  13.2   04:57   7.1   0.5   2.6   4.3  38.0   15:14     E
16  18.6  23.9   13:45  14.4   06:08   5.4   1.4   0.2   3.9  38.0   14:48     E
17  18.7  23.0   14:25  16.1   01:49   5.3   1.2   5.0   2.1  21.0   18:52     E
18  19.1  26.1   13:42  15.4   03:45   5.0   1.7   1.8   1.4  24.0   16:29   ENE
19  21.2  30.4   15:44  14.9   02:25   3.9   3.7   0.2   2.1  27.0   16:48   ENE
20  20.7  30.2   13:35  15.4   05:58   4.3   3.0   2.0   1.2  33.0   17:11     E
21  16.8  19.1   12:06  14.6   06:43   7.2   0.0   0.0   4.3  27.0   06:48    SE
22  18.7  24.9   14:14  15.1   04:08   5.3   1.6   0.0   3.3  27.0   14:26     E
23  21.0  30.7   14:57  12.9   05:20   4.3   4.1   0.0   1.9  24.0   16:25   ENE
24  16.4  19.5   13:38  14.9   23:37   7.6   0.1   0.0   6.1  36.0   10:35   SSE
25  18.0  24.3   14:46  14.2   05:56   6.0   1.4   0.0   2.6  27.0   16:58     E
26  16.9  21.9   12:48  11.8   06:06   7.1   0.7   0.0   4.5  27.0   09:31    SE
27  19.6  28.5   16:17  12.5   05:11   4.9   2.7   0.0   2.9  36.0   19:58   ESE
28  16.5  19.5   13:37  14.5   06:02   7.5   0.0   0.0   5.3  35.0   07:33    SE
29  16.9  20.2   14:36  14.4   22:26   7.1   0.3   0.0   2.0  21.0   16:18     E
30  20.6  30.3   15:41  12.2   06:19   4.4   3.6   0.0   2.0  26.0   16:11   ENE
31  20.2  31.5   12:58  12.2   06:08   4.8   3.3   0.0   3.3  29.0   13:19     E
----------------------------------------------------------------------------------
    17.1  31.5    31     6.6     1   221.1  36.5  66.4   3.8  49.0    10      SE

Max >=  30.0:  5
Max <=  20.0: 11
Min <=  10.0:  4
Min <=   4.0:  0
Max Rain: 30.8 on day 4
Days of Rain: 16 (>= 0.2 mm)  7 (>= 2.0 mm)  1 (>= 20.0 mm)
Heat Base: 24.0  Cool Base: 18.3  Method: Integration
:now::gauges::today::yesterday::this month::this year::records::trends::forum:


Page updated 23/03/2012 9:30:00 PM
powered by Cumulus v1.9.2 (1032)