Leumeah NSW weather

 Latitude S 34° 03' 26"    Longitude E 150° 49' 44"    Elevation 74 m

Leumeah weather

NOAA Style Reports

Select a Year or Month report
V/Λ2019 > Jan Feb Mar Apr May Jun Jul Aug Sep Oct Nov Dec
V/Λ2018 > Jan Feb Mar Apr May Jun Jul Aug Sep Oct Nov Dec
V/Λ2017 > Jan Feb Mar Apr May Jun Jul Aug Sep Oct Nov Dec
V/Λ2016 > Jan Feb Mar Apr May Jun Jul Aug Sep Oct Nov Dec
V/Λ2015 > Jan Feb Mar Apr May Jun Jul Aug Sep Oct Nov Dec
V/Λ2014 > Jan Feb Mar Apr May Jun Jul Aug Sep Oct Nov Dec
V/Λ2013 > Jan Feb Mar Apr May Jun Jul Aug Sep Oct Nov Dec
V/Λ2012 > Jan Feb Mar Apr May Jun Jul Aug Sep Oct Nov Dec
V/Λ2011 > Jan Feb Mar Apr May Jun Jul Aug Sep Oct Nov Dec

Report for 2018 Nov
                   Monthly Climatological Summary for Nov 2018

Name: Blazingcomet   City: Leumeah   State: NSW
Elevation: 74 m  Lat: S 34 03' 26"   Lon: E 150 49' 44"

                  Temperature (C), Rain (mm), Wind Speed (km/h)

                                      Heat  Cool        Avg
    Mean                              Deg   Deg         Wind                 Dom
Day Temp  High   Time   Low    Time   Days  Days  Rain  Speed High   Time    Dir
----------------------------------------------------------------------------------
 1  22.5  32.2   15:44  16.3   02:46   3.0   4.6   0.0   2.3  21.0   16:05   ENE
 2  26.9  36.9   14:25  18.5   04:53   1.9   8.6   4.4   4.3  53.0   19:37   WNW
 3  23.7  32.7   14:26  17.8   23:52   2.7   5.4   0.0   5.4  36.0   11:39    SW
 4  21.0  28.2   14:01  15.3   05:14   3.6   3.1   0.0   2.8  27.0   16:07   ENE
 5  22.3  29.3   15:14  15.5   04:06   2.9   4.5   0.0   0.8  11.0   11:29     E
 6  25.3  33.1   18:13  19.4   03:52   1.4   7.0   0.0   1.0  16.0   17:02     W
 7  20.3  24.6   00:00  12.4   23:58   3.8   2.6  13.8   3.1  33.0   20:16   SSE
 8  14.3  19.1   12:05  10.9   23:57   9.7   0.0   3.4   4.9  33.0   15:29   SSE
 9  15.7  23.2   14:41   8.1   06:00   8.3   1.0   0.0   2.6  35.0   15:25   ENE
10  16.3  22.4   12:46  10.0   05:34   7.7   0.9   0.0   3.6  27.0   13:09   ESE
11  17.4  27.0   13:29   9.9   05:40   6.7   1.8   0.0   3.8  31.0   16:49     E
12  18.6  25.3   12:57  12.1   06:03   5.5   2.2   0.0   3.7  31.0   16:11     E
13  20.2  27.9   13:29  13.5   05:51   4.3   3.0   0.0   3.9  31.0   19:14   ENE
14  19.1  23.0   16:50  16.1   05:51   4.9   1.3   0.4   0.4  11.0   16:19     E
15  17.5  23.9   09:38  14.2   05:35   6.5   0.9   3.0   4.1  36.0   11:33   SSE
16  16.5  20.0   15:34  13.3   23:51   7.5   0.1   0.0   2.3  12.0   07:55     S
17  16.5  21.5   13:04  10.6   04:59   7.5   0.7   0.0   4.5  36.0   14:08   SSE
18  16.8  21.0   14:52  11.7   05:54   7.2   0.6   0.0   4.5  31.0   14:54   ESE
19  17.0  23.9   12:44  10.3   05:50   7.0   1.2   0.0   3.3  27.0   13:30     E
20  19.9  28.5   13:50  12.3   05:24   4.6   3.3   0.0   3.8  29.0   14:03   ENE
21  22.7  27.7   12:09  18.2   04:03   2.2   4.4   2.4   1.3  29.0   16:13   WNW
22  19.0  23.4   15:17  13.2   23:53   5.0   1.6   1.0   8.3  57.0   16:12     W
23  17.5  22.1   15:26  13.1   00:00   6.5   1.0   0.0  14.7  60.0   09:45     W
24  18.8  24.1   15:14  13.6   23:59   5.2   1.9   0.0   9.9  51.0   00:13     W
25  17.6  24.2   12:41  11.0   04:22   6.4   1.5   0.0   4.1  31.0   13:11   SSE
26  18.3  24.3   14:34  12.4   06:07   5.7   1.5   0.0   5.4  35.0   09:44   SSE
27  19.6  26.7   13:25  15.2   04:11   4.5   2.2   0.2   4.0  36.0   16:44     E
28  17.2  19.0   00:00  14.9   23:55   6.8   0.0  61.0   7.2  47.0   16:00    SE
29  17.9  23.1   15:16  14.6   05:59   6.1   0.9   0.2   7.2  44.0   11:28   SSW
30  18.9  26.0   13:05  12.4   05:46   5.2   2.1   0.0   3.1  24.0   14:19     E
----------------------------------------------------------------------------------
    19.2  36.9     2     8.1     9   160.3  69.9  89.8   4.3  60.0    23     SSE

Max >=  30.0:  4
Max <=  20.0:  3
Min <=  10.0:  3
Min <=   4.0:  0
Max Rain: 61.0 on day 28
Days of Rain: 10 (>= 0.2 mm)  6 (>= 2.0 mm)  1 (>= 20.0 mm)
Heat Base: 24.0  Cool Base: 18.3  Method: Integration
:now::gauges::today::yesterday::this month::this year::records::trends::forum:


Page updated 23/03/2012 9:30:00 PM
powered by Cumulus v1.9.2 (1032)