Leumeah NSW weather

 Latitude S 34° 03' 26"    Longitude E 150° 49' 44"    Elevation 74 m

Leumeah weather

NOAA Style Reports

Select a Year or Month report

Report for 2018 Dec
                   Monthly Climatological Summary for Dec 2018

Name: Blazingcomet   City: Leumeah   State: NSW
Elevation: 74 m  Lat: S 34 03' 26"   Lon: E 150 49' 44"

                  Temperature (C), Rain (mm), Wind Speed (km/h)

                                      Heat  Cool        Avg
    Mean                              Deg   Deg         Wind                 Dom
Day Temp  High   Time   Low    Time   Days  Days  Rain  Speed High   Time    Dir
----------------------------------------------------------------------------------
 1  21.6  31.7   15:32  15.4   00:12   3.5   3.9   0.0   3.0  29.0   16:06     E
 2  21.9  32.9   13:35  13.9   05:49   4.5   4.7   0.0   7.1  60.0   15:00   WSW
 3  21.9  29.9   16:17  12.8   05:53   3.5   4.7   0.0   5.4  40.0   17:21     W
 4  19.3  23.9   12:55  14.9   05:58   4.7   1.6   0.4   5.1  31.0   14:03   ESE
 5  17.5  19.8   13:35  15.3   01:15   6.4   0.2   0.2   3.2  18.0   15:59     E
 6  20.1  25.7   15:17  16.2   03:55   4.0   2.3   0.8   4.9  33.0   16:39     E
 7  20.4  27.9   14:50  12.7   05:07   4.3   3.3   0.0   4.0  33.0   18:07   ENE
 8  22.2  31.5   14:30  13.9   05:45   3.4   4.5   0.0   3.0  31.0   18:05     E
 9  22.8  31.8   13:14  15.7   05:14   3.0   4.9   0.0   3.2  38.0   17:33   ESE
10  22.4  27.4   16:37  19.6   23:45   2.0   4.1   0.0   3.2  36.0   19:26   SSE
11  20.1  23.2   10:39  18.5   05:08   3.8   1.8   0.0   2.9  20.0   11:03   ESE
12  19.5  21.9   10:43  17.4   05:35   4.4   1.3   0.4   2.5  24.0   11:37     E
13  20.5  27.7   14:35  17.4   19:52   3.8   2.3  33.0   4.0  47.0   19:33     E
14  20.1  24.3   13:32  17.3   00:28   3.9   2.0  24.6   0.3  20.0   16:04    SE
15  22.7  30.4   13:19  18.8   17:23   2.4   4.4  27.0   2.3  53.0   16:57     E
16  23.7  33.4   13:27  18.3   05:56   2.2   5.4   4.8   3.0  38.0   14:48     E
17  24.4  32.6   13:45  17.9   06:06   1.9   6.1   0.2   3.1  29.0   15:50     E
18  22.0  26.8   14:40  18.3   04:23   2.3   3.6   0.0   6.1  40.0   16:54    SE
19  21.0  23.9   14:15  20.0   05:00   3.0   2.7   1.8   1.9  16.0   15:16   ESE
20  23.2  33.8   15:12  18.5   02:58   2.4   4.9  12.0   3.0  33.0   18:16   ESE
21  19.9  21.9   12:22  17.6   23:47   4.1   1.6   0.0   3.4  36.0   01:12     S
22  17.8  21.3   13:51  15.1   23:57   6.2   0.6   3.0   6.4  35.0   14:15     S
23  17.9  23.2   15:19  13.3   04:28   6.1   1.3   0.0   3.9  27.0   13:53    SE
24  19.6  28.1   15:15  11.1   06:10   4.9   3.2   0.0   2.9  29.0   18:02   ENE
25  23.8  33.7   15:00  14.8   05:44   3.0   6.1   0.0   2.6  27.0   15:43     E
26  24.6  34.4   14:11  16.2   05:01   2.4   6.6   0.0   2.8  26.0   14:38     E
27  25.7  37.7   15:06  16.6   05:46   2.1   7.6   0.0   2.6  31.0   16:46   ENE
28  27.2  39.4   14:40  17.4   05:28   1.7   9.0   0.0   2.4  33.0   16:44     E
29  26.2  39.6   15:37  17.5   05:11   1.8   8.0   0.0   2.6  33.0   17:15   ESE
30  25.9  36.6   13:18  18.6   04:51   1.4   7.6   0.0   2.6  31.0   14:36   ESE
31  25.2  36.1   14:40  20.2   06:14   1.0   6.9   4.2   1.6  29.0   16:13     E
----------------------------------------------------------------------------------
    22.0  39.6    29    11.1    24   104.1 127.2 112.4   3.4  60.0     2     ESE

Max >=  30.0: 15
Max <=  20.0:  1
Min <=  10.0:  0
Min <=   4.0:  0
Max Rain: 33.0 on day 13
Days of Rain: 13 (>= 0.2 mm)  7 (>= 2.0 mm)  3 (>= 20.0 mm)
Heat Base: 24.0  Cool Base: 18.3  Method: Integration
:now::gauges::today::yesterday::this month::this year::records::trends::forum:


Page updated 23/03/2012 9:30:00 PM
powered by Cumulus v1.9.2 (1032)