Leumeah NSW weather

 Latitude S 34° 03' 26"    Longitude E 150° 49' 44"    Elevation 74 m

Leumeah weather

NOAA Style Reports

Select a Year or Month report
V/Λ2019 > Jan Feb Mar Apr May Jun Jul Aug Sep Oct Nov Dec
V/Λ2018 > Jan Feb Mar Apr May Jun Jul Aug Sep Oct Nov Dec
V/Λ2017 > Jan Feb Mar Apr May Jun Jul Aug Sep Oct Nov Dec
V/Λ2016 > Jan Feb Mar Apr May Jun Jul Aug Sep Oct Nov Dec
V/Λ2015 > Jan Feb Mar Apr May Jun Jul Aug Sep Oct Nov Dec
V/Λ2014 > Jan Feb Mar Apr May Jun Jul Aug Sep Oct Nov Dec
V/Λ2013 > Jan Feb Mar Apr May Jun Jul Aug Sep Oct Nov Dec
V/Λ2012 > Jan Feb Mar Apr May Jun Jul Aug Sep Oct Nov Dec
V/Λ2011 > Jan Feb Mar Apr May Jun Jul Aug Sep Oct Nov Dec

Report for 2019 Jan
                   Monthly Climatological Summary for Jan 2019

Name: Blazingcomet   City: Leumeah   State: NSW
Elevation: 74 m  Lat: S 34 03' 26"   Lon: E 150 49' 44"

                  Temperature (C), Rain (mm), Wind Speed (km/h)

                                      Heat  Cool        Avg
    Mean                              Deg   Deg         Wind                 Dom
Day Temp  High   Time   Low    Time   Days  Days  Rain  Speed High   Time    Dir
----------------------------------------------------------------------------------
 1  27.3  34.3   11:59  20.0   05:55   0.8   9.0   0.0   3.5  26.0   14:08     E
 2  24.8  33.5   13:38  19.6   06:01   1.1   6.4   0.0   2.6  29.0   14:18     E
 3  24.3  30.0   14:24  21.1   05:01   1.1   5.9   0.0   4.0  21.0   14:56    SE
 4  26.1  34.6   14:19  18.6   04:21   1.4   7.9   0.0   2.6  27.0   16:19   ENE
 5  24.8  40.1   12:49  18.1   23:56   1.8   6.5   9.2   4.4  49.0   15:48    SE
 6  18.7  21.2   13:57  17.6   05:50   5.3   0.6   0.2   2.8  24.0   05:36     S
 7  20.0  21.5   16:19  18.0   03:10   4.0   1.7   0.0   2.5  16.0   12:05   ESE
 8  24.6  32.7   16:04  20.1   03:43   1.7   6.3   5.0   2.6  33.0   19:52   ENE
 9  22.8  31.4   12:04  18.8   05:31   2.2   4.5   0.0   4.1  38.0   15:33    SE
10  20.7  22.9   13:50  18.9   22:30   3.3   2.4   1.8   2.5  21.0   15:21   SSE
11  22.4  29.2   13:40  18.6   01:31   2.3   4.1  10.2   2.3  26.0   16:57     E
12  25.4  35.6   16:10  17.6   05:58   1.9   7.2   0.0   1.9  27.0   17:05     E
13  23.2  27.0   13:25  19.8   23:28   1.4   4.9   0.0   4.2  27.0   16:28    SE
14  24.3  31.4   14:26  19.0   03:42   1.7   6.0   0.0   3.0  29.0   17:05   ENE
15  26.6  36.4   15:03  20.0   05:28   1.0   8.3   0.0   2.9  24.0   16:06     E
16  27.9  37.7   13:49  20.6   06:08   0.8   9.6   0.0   2.3  24.0   14:51     E
17  27.9  38.7   14:50  21.9   02:22   0.5   9.6   0.0   3.5  27.0   23:51     E
18  28.9  39.4   16:51  21.6   06:36   0.5  10.6   0.0   4.0  42.0   00:43   ESE
19  23.5  27.6   10:30  19.9   21:38   1.1   5.2   0.0   4.7  40.0   11:33    SE
20  22.2  27.5   14:22  19.7   05:54   2.1   3.9   0.0   2.5  20.0   15:27     E
21  22.5  24.9   16:08  20.7   05:29   1.6   4.2  16.4   1.2  16.0   13:04     E
22  25.9  35.2   15:42  19.8   05:19   1.2   7.6   0.0   2.4  26.0   15:45   ENE
23  25.1  33.8   11:57  21.4   04:38   0.8   6.8   0.0   4.4  44.0   16:03   SSE
24  24.0  28.2   15:23  21.3   05:29   1.0   5.7   0.0   3.3  24.0   02:34    SE
25  27.8  37.0   16:22  20.7   06:28   0.5   9.5   0.0   2.2  24.0   16:57   ENE
26  28.1  39.6   13:08  22.4   06:23   0.3   9.8   0.0   3.2  27.0   13:29     E
27  25.7  37.7   13:21  21.2   05:12   0.9   7.4  17.8   3.7  44.0   16:36   SSE
28  24.3  28.7   12:52  21.2   05:48   0.8   6.0   0.0   2.7  26.0   15:14   ESE
29  26.6  34.0   13:57  21.1   06:25   0.5   8.3   0.0   3.0  24.0   16:49     E
30  25.9  33.2   15:13  21.0   05:25   0.9   7.6   0.0   1.8  16.0   17:18     E
31  27.2  39.6   17:02  19.1   23:52   1.2   8.9   0.0   4.9  51.0   19:02     S
----------------------------------------------------------------------------------
    24.8  40.1     5    17.6     6    45.7 202.4  60.6   3.1  51.0    31     ESE

Max >=  30.0: 21
Max <=  20.0:  0
Min <=  10.0:  0
Min <=   4.0:  0
Max Rain: 17.8 on day 27
Days of Rain: 7 (>= 0.2 mm)  5 (>= 2.0 mm)  0 (>= 20.0 mm)
Heat Base: 24.0  Cool Base: 18.3  Method: Integration
:now::gauges::today::yesterday::this month::this year::records::trends::forum:


Page updated 23/03/2012 9:30:00 PM
powered by Cumulus v1.9.2 (1032)