Leumeah NSW weather

 Latitude S 34° 03' 26"    Longitude E 150° 49' 44"    Elevation 74 m

Leumeah weather

NOAA Style Reports

Select a Year or Month report
V/Λ2020 > Jan Feb Mar Apr May Jun Jul Aug Sep Oct Nov Dec
V/Λ2019 > Jan Feb Mar Apr May Jun Jul Aug Sep Oct Nov Dec
V/Λ2018 > Jan Feb Mar Apr May Jun Jul Aug Sep Oct Nov Dec
V/Λ2017 > Jan Feb Mar Apr May Jun Jul Aug Sep Oct Nov Dec
V/Λ2016 > Jan Feb Mar Apr May Jun Jul Aug Sep Oct Nov Dec
V/Λ2015 > Jan Feb Mar Apr May Jun Jul Aug Sep Oct Nov Dec
V/Λ2014 > Jan Feb Mar Apr May Jun Jul Aug Sep Oct Nov Dec
V/Λ2013 > Jan Feb Mar Apr May Jun Jul Aug Sep Oct Nov Dec
V/Λ2012 > Jan Feb Mar Apr May Jun Jul Aug Sep Oct Nov Dec
V/Λ2011 > Jan Feb Mar Apr May Jun Jul Aug Sep Oct Nov Dec

Report for 2019 Aug
                   Monthly Climatological Summary for Aug 2019

Name: Blazingcomet   City: Leumeah   State: NSW
Elevation: 74 m  Lat: S 34 03' 26"   Lon: E 150 49' 44"

                  Temperature (C), Rain (mm), Wind Speed (km/h)

                                      Heat  Cool        Avg
    Mean                              Deg   Deg         Wind                 Dom
Day Temp  High   Time   Low    Time   Days  Days  Rain  Speed High   Time    Dir
----------------------------------------------------------------------------------
 1  11.5  19.8   15:36   4.9   06:32  12.5   0.1   0.0   0.8  16.0   14:33   SSE
 2  11.5  18.8   13:10   7.1   06:33  12.5   0.0   0.0   1.1  16.0   09:14   WSW
 3  10.4  21.0   14:50   2.8   06:50  13.6   0.2   0.2   0.8  20.0   15:07   ESE
 4  11.4  18.2   12:26   6.4   06:28  12.6   0.0   0.0   3.3  26.0   02:17   SSW
 5  12.4  19.9   15:59   6.1   06:47  11.6   0.1   0.0   0.4  12.0   13:00     N
 6  10.2  21.0   16:03   1.6   06:37  13.8   0.2   0.0   0.4  18.0   09:31    SW
 7  10.5  22.4   16:04   1.0   06:41  13.5   0.6   0.0   0.4  12.0   15:35   WNW
 8  10.4  19.1   12:50   2.3   06:52  13.6   0.0   0.0   5.2  51.0   13:16     W
 9  12.8  15.3   15:15   9.9   23:54  11.2   0.0   0.0  14.5  62.0   09:49     W
10  10.3  13.7   14:18   6.4   04:43  13.7   0.0   0.0  11.7  54.0   12:36     W
11   9.9  14.1   11:49   4.7   06:31  14.1   0.0   0.0   8.8  44.0   12:45     W
12  11.9  18.3   16:04   7.4   06:32  12.1   0.0   0.0   4.4  31.0   00:01    SW
13  10.1  18.5   13:56   2.1   06:49  13.9   0.0   0.0   1.5  16.0   16:07    SE
14  10.5  18.1   14:38   4.2   06:59  13.5   0.0   0.0   1.3  15.0   16:48     E
15  10.1  19.6   15:18   1.1   06:43  13.8   0.2   0.0   1.8  29.0   14:18     W
16  11.9  23.6   14:24   0.9   06:25  12.0   1.0   0.0   1.3  31.0   14:45     W
17  11.9  18.6   12:39   6.3   06:23  12.1   0.0   0.0   2.6  26.0   14:18   SSE
18  12.8  21.7   14:17   4.3   06:09  11.2   0.4   0.0   2.3  35.0   23:33   ENE
19  11.8  14.9   00:18   7.8   23:34  12.2   0.0   0.0  11.5  60.0   15:16   WSW
20  12.1  19.2   13:45   4.1   06:40  11.9   0.0   0.0   7.9  40.0   13:16     W
21  15.6  19.5   12:26  11.1   06:49   8.4   0.2   0.0  10.6  60.0   13:41     W
22  13.5  18.3   11:39   5.7   23:30  10.5   0.0   0.0   9.7  53.0   07:51    SW
23   9.9  18.1   15:34   3.6   07:00  14.1   0.0   0.0   1.3  16.0   14:45   WSW
24  12.7  24.3   16:04   0.8   06:39  11.3   1.3   0.0   1.5  29.0   12:06   WNW
25  12.4  21.6   11:30   4.0   06:15  11.6   0.2   0.0   2.7  35.0   12:36    SE
26  12.4  14.3   14:52  11.1   23:33  11.5   0.0   1.2   1.7  20.0   15:25   SSE
27  12.9  17.2   12:41   9.9   23:58  11.1   0.0   0.0   3.4  31.0   16:26   SSE
28  13.9  21.0   15:31   8.1   05:40  10.1   0.4   0.0   2.5  31.0   13:40   WSW
29  10.0  13.2   11:28   6.2   03:01  14.0   0.0  16.0   3.9  35.0   09:15   SSW
30  11.9  15.6   11:48   9.0   00:44  12.1   0.0   2.6   7.9  42.0   13:58   SSW
31  13.2  18.1   12:44   9.0   04:04  10.8   0.0   0.0   4.9  33.0   10:04     S
----------------------------------------------------------------------------------
    11.7  24.3    24     0.8    24   380.9   4.9  20.0   4.3  62.0     9     WSW

Max >=  30.0:  0
Max <=  20.0: 23
Min <=  10.0: 29
Min <=   4.0: 10
Max Rain: 16.0 on day 29
Days of Rain: 4 (>= 0.2 mm)  2 (>= 2.0 mm)  0 (>= 20.0 mm)
Heat Base: 24.0  Cool Base: 18.3  Method: Integration
:now::gauges::today::yesterday::this month::this year::records::trends::forum:


Page updated 23/03/2012 9:30:00 PM
powered by Cumulus v1.9.2 (1032)