Leumeah NSW weather

 Latitude S 34° 03' 26"    Longitude E 150° 49' 44"    Elevation 74 m

Leumeah weather

NOAA Style Reports

Select a Year or Month report
V/Λ2020 > Jan Feb Mar Apr May Jun Jul Aug Sep Oct Nov Dec
V/Λ2019 > Jan Feb Mar Apr May Jun Jul Aug Sep Oct Nov Dec
V/Λ2018 > Jan Feb Mar Apr May Jun Jul Aug Sep Oct Nov Dec
V/Λ2017 > Jan Feb Mar Apr May Jun Jul Aug Sep Oct Nov Dec
V/Λ2016 > Jan Feb Mar Apr May Jun Jul Aug Sep Oct Nov Dec
V/Λ2015 > Jan Feb Mar Apr May Jun Jul Aug Sep Oct Nov Dec
V/Λ2014 > Jan Feb Mar Apr May Jun Jul Aug Sep Oct Nov Dec
V/Λ2013 > Jan Feb Mar Apr May Jun Jul Aug Sep Oct Nov Dec
V/Λ2012 > Jan Feb Mar Apr May Jun Jul Aug Sep Oct Nov Dec
V/Λ2011 > Jan Feb Mar Apr May Jun Jul Aug Sep Oct Nov Dec

Report for 2019 Sep
                   Monthly Climatological Summary for Sep 2019

Name: Blazingcomet   City: Leumeah   State: NSW
Elevation: 74 m  Lat: S 34 03' 26"   Lon: E 150 49' 44"

                  Temperature (C), Rain (mm), Wind Speed (km/h)

                                      Heat  Cool        Avg
    Mean                              Deg   Deg         Wind                 Dom
Day Temp  High   Time   Low    Time   Days  Days  Rain  Speed High   Time    Dir
----------------------------------------------------------------------------------
 1  14.3  23.7   15:42   6.0   06:14   9.8   1.0   0.0   1.5  24.0   14:28     W
 2  13.1  20.9   12:08   6.6   06:33  10.9   0.2   0.0   3.8  31.0   15:54   SSE
 3  14.7  24.6   13:32   6.9   06:25   9.3   1.2   0.0   1.8  24.0   15:50     E
 4  16.9  27.0   14:11   5.9   06:24   7.6   2.5   0.0   4.1  45.0   15:30   WSW
 5  15.4  23.2   12:53  10.1   06:33   8.6   0.7   0.0   2.1  26.0   15:35     E
 6  16.6  28.7   15:52  11.2   22:39   7.8   1.7   0.0   5.3  69.0   17:58   WNW
 7  13.6  16.6   13:10  11.3   03:59  10.4   0.0   0.0  14.9  54.0   13:40     W
 8  13.4  17.7   14:52  10.4   06:13  10.6   0.0   0.0  10.9  44.0   02:02   WSW
 9  11.9  16.8   13:10   8.1   23:58  12.1   0.0   1.0   8.8  47.0   15:23   WSW
10  11.4  17.3   13:47   7.2   05:55  12.6   0.0   0.0   5.2  31.0   08:34     S
11  12.6  21.2   15:35   5.5   05:49  11.4   0.3   0.0   1.6  21.0   15:37   ENE
12  14.5  24.3   12:59   4.3   05:47   9.5   1.2   0.0   2.3  36.0   13:55   WSW
13  15.0  22.5   14:36   9.2   04:18   9.0   0.6   0.0   2.0  21.0   15:06     E
14  13.5  21.2   11:19   6.8   02:55  10.5   0.3   0.0   3.3  26.0   13:04   ESE
15  16.5  28.7   14:46   5.0   06:00   8.3   2.6   0.0   0.7  15.0   16:55   NNE
16  16.2  28.7   13:18  10.6   23:53   8.1   1.3   0.4   4.1  51.0   14:43   SSE
17  10.4  13.7   23:38   7.3   05:54  13.6   0.0  44.4   5.0  31.0   18:43   SSW
18  12.8  15.3   12:46  10.1   03:21  11.2   0.0  14.2   4.6  36.0   00:28   SSW
19  16.2  21.0   11:47  11.8   01:20   7.8   0.3   0.4   2.7  29.0   15:07     E
20  16.8  21.4   13:56  11.1   05:26   7.2   0.6   0.6   3.9  29.0   17:49     E
21  19.2  25.6   14:43  15.3   06:24   5.0   1.8   0.0   2.1  24.0   12:40    NE
22  17.2  23.9   13:52  13.4   23:03   6.8   0.8   0.0   3.4  27.0   09:16   SSW
23  13.9  20.4   11:40   7.5   06:01  10.1   0.2   0.0   4.1  44.0   14:38   WSW
24  13.4  22.4   15:31   5.5   04:59  10.6   0.5   0.0   1.7  21.0   16:23    SW
25  12.6  18.3   12:20   4.9   05:15  11.4   0.0   0.0   2.8  27.0   15:25   ESE
26  16.0  22.9   13:20  10.5   05:37   8.0   0.6   0.0   2.6  27.0   14:14   ENE
27  17.6  25.4   14:28  10.2   05:49   6.5   1.9   0.0   2.5  33.0   14:24     W
28  14.5  20.8   12:09   9.8   23:58   9.5   0.2   0.0   4.1  35.0   13:13   SSE
29  14.7  24.6   15:28   7.5   05:21   9.3   0.7   0.0   2.0  33.0   15:31     E
30  14.2  18.3   10:58  10.3   05:44   9.8   0.0   0.0   3.5  40.0   13:02    SE
----------------------------------------------------------------------------------
    14.6  28.7     6     4.3    12   283.3  21.2  61.0   3.9  69.0     6     SSW

Max >=  30.0:  0
Max <=  20.0:  8
Min <=  10.0: 17
Min <=   4.0:  0
Max Rain: 44.4 on day 17
Days of Rain: 6 (>= 0.2 mm)  2 (>= 2.0 mm)  1 (>= 20.0 mm)
Heat Base: 24.0  Cool Base: 18.3  Method: Integration
:now::gauges::today::yesterday::this month::this year::records::trends::forum:


Page updated 23/03/2012 9:30:00 PM
powered by Cumulus v1.9.2 (1032)