Leumeah NSW weather

 Latitude S 34° 03' 26"    Longitude E 150° 49' 44"    Elevation 74 m

Leumeah weather

NOAA Style Reports


Report for 2020 Jan
                   Monthly Climatological Summary for Jan 2020

Name: Blazingcomet   City: Leumeah   State: NSW
Elevation: 74 m  Lat: S 34 03' 26"   Lon: E 150 49' 44"

                  Temperature (C), Rain (mm), Wind Speed (km/h)

                                      Heat  Cool        Avg
    Mean                              Deg   Deg         Wind                 Dom
Day Temp  High   Time   Low    Time   Days  Days  Rain  Speed High   Time    Dir
----------------------------------------------------------------------------------
 1  21.6  29.2   13:00  18.1   04:13   3.0   3.4   0.0   5.0  27.0   13:53    SE
 2  21.9  26.0   16:00  19.1   00:27   2.3   3.6   0.0   4.1  24.0   00:03   ESE
 3  25.7  34.0   13:41  20.8   05:57   1.0   7.4   0.0   3.7  31.0   16:56   ENE
 4  31.8  46.1   15:22  20.2   05:48   0.8  13.5   0.0   2.7  45.0   23:55    SE
 5  22.4  25.9   12:26  19.6   23:54   1.8   4.1   0.0   7.6  38.0   16:30   SSE
 6  20.4  23.7   15:22  17.2   05:43   3.6   2.2   0.0   2.6  20.0   13:03     E
 7  25.1  34.4   15:44  19.3   05:23   1.6   6.8   3.6   3.1  26.0   23:43     E
 8  23.1  26.5   13:12  20.3   05:27   1.4   4.8  14.8   3.8  31.0   16:22    SE
 9  22.7  25.6   13:59  20.8   04:40   1.5   4.4   0.0   2.7  18.0   13:51    SE
10  27.1  35.2   14:20  21.4   06:17   0.8   8.8   0.0   3.0  29.0   16:01   ENE
11  21.0  28.1   01:35  17.9   08:52   3.3   2.7   0.2   5.9  42.0   04:16   SSE
12  18.6  20.1   10:13  17.0   23:03   5.4   0.6   6.8   2.2  21.0   17:43    SE
13  20.1  25.6   16:58  14.9   05:46   4.0   2.6   1.2   3.4  27.0   18:36     E
14  22.2  28.7   13:40  16.5   06:00   2.8   4.2   0.0   2.4  31.0   14:49     E
15  22.9  30.7   14:26  16.3   06:01   2.5   4.8   0.0   2.7  27.0   17:43   ENE
16  22.1  29.8   16:21  19.1   23:34   2.6   3.8  30.8   1.4  36.0   17:23     S
17  19.8  22.2   18:15  18.2   09:22   4.2   1.5  12.6   2.7  24.0   05:23   SSW
18  21.4  23.7   13:52  19.4   23:53   2.6   3.1   1.8   5.2  33.0   10:46   SSW
19  21.0  24.6   17:39  18.2   04:22   3.0   2.7   7.2   0.8  15.0   12:47     S
20  22.8  29.7   13:39  18.7   06:21   2.0   4.5  11.0   2.9  53.0   14:49   ESE
21  23.1  32.6   15:32  15.6   06:17   2.7   5.2   0.2   4.0  31.0   17:45     S
22  25.4  34.7   14:10  17.7   06:01   1.9   7.2   0.0   3.2  29.0   15:39   ENE
23  30.5  41.9   14:43  17.7   06:23   1.4  12.2   0.0   3.1  40.0   14:47   WNW
24  24.3  30.5   00:00  20.3   12:11   0.8   6.0   9.0   3.3  26.0   18:28   ESE
25  25.1  29.5   12:29  22.3   01:08   0.6   6.8   0.0   3.8  26.0   16:14     E
26  29.0  38.6   14:24  23.2   02:50   0.1  10.7   0.0   1.1  33.0   15:12     E
27  26.5  31.9   14:08  23.5   05:37   0.1   8.2   0.0   4.8  26.0   01:31   ESE
28  26.3  33.6   14:15  21.8   06:26   0.4   8.0   0.0   3.0  27.0   19:18   ESE
29  24.5  28.4   13:38  20.8   23:59   0.6   6.2   0.0   4.3  27.0   14:57   ESE
30  24.5  34.1   15:33  17.4   05:39   1.9   6.2   0.0   2.4  26.0   18:49   ENE
31  28.1  38.4   14:20  21.8   04:10   0.4   9.8   0.0   3.2  26.0   17:01   ENE
----------------------------------------------------------------------------------
    23.9  46.1     4    14.9    13    61.1 176.0  99.2   3.4  53.0    20     ESE

Max >=  30.0: 14
Max <=  20.0:  0
Min <=  10.0:  0
Min <=   4.0:  0
Max Rain: 30.8 on day 16
Days of Rain: 12 (>= 0.2 mm)  8 (>= 2.0 mm)  1 (>= 20.0 mm)
Heat Base: 24.0  Cool Base: 18.3  Method: Integration
:now::gauges::today::yesterday::this month::this year::records::trends::forum:


Page updated 23/03/2012 9:30:00 PM
powered by Cumulus v1.9.2 (1032)