Leumeah NSW weather

 Latitude S 34° 03' 26"    Longitude E 150° 49' 44"    Elevation 74 m

Leumeah weather

NOAA Style Reports

Select a Year or Month report

Report for 2020 Mar
                   Monthly Climatological Summary for Mar 2020

Name: Blazingcomet   City: Leumeah   State: NSW
Elevation: 74 m  Lat: S 34 03' 26"   Lon: E 150 49' 44"

                  Temperature (C), Rain (mm), Wind Speed (km/h)

                                      Heat  Cool        Avg
    Mean                              Deg   Deg         Wind                 Dom
Day Temp  High   Time   Low    Time   Days  Days  Rain  Speed High   Time    Dir
----------------------------------------------------------------------------------
 1  24.2  31.9   14:26  16.8   06:49   2.1   6.0   0.0   1.1  26.0   15:46     E
 2  24.1  37.8   15:27  16.7   06:52   2.7   5.9   0.0   2.9  49.0   17:32    SE
 3  19.3  20.9   12:19  18.1   21:23   4.7   1.0   2.2   1.5  18.0   02:46   SSE
 4  20.2  22.8   15:40  18.2   00:00   3.8   1.9  14.0   1.7  27.0   11:39     E
 5  21.4  22.1   00:36  20.7   16:27   2.6   3.1  20.8   1.6  24.0   11:33     E
 6  22.3  27.6   11:46  19.6   06:58   2.1   4.0   2.0   3.7  36.0   15:27    SE
 7  20.4  24.6   16:33  18.3   23:53   3.6   2.1   0.0   3.8  35.0   17:50   SSE
 8  18.7  22.2   14:13  16.2   06:29   5.3   0.9   1.2   1.6  21.0   16:59   ESE
 9  18.9  22.9   13:16  15.4   06:01   5.1   1.2   0.0   0.9  35.0   14:10    SE
10  18.7  22.9   12:57  15.6   23:56   5.3   1.4   0.0   0.4  18.0   14:45     E
11  18.9  24.9   11:16  13.0   06:50   5.2   2.2   0.0   0.8  26.0   13:44     E
12  19.0  24.7   13:47  14.2   05:29   5.0   2.0   1.0   2.4  24.0   15:27     E
13  19.8  27.6   15:31  11.9   06:50   4.9   3.1   0.0   0.1  16.0   14:30   ENE
14  15.2  18.9   06:14  12.1   15:21   8.8   0.0   8.0   3.4  40.0   06:19   SSW
15  16.9  21.1   13:26  11.9   06:40   7.1   0.6   1.6   4.3  33.0   10:21   SSE
16  17.1  21.9   15:46  14.0   05:14   6.9   0.6  14.6   2.8  35.0   16:08   SSE
17  17.2  22.4   13:44  14.3   05:04   6.8   0.9   3.0   1.6  16.0   16:10     S
18  19.3  28.6   17:30  11.1   06:56   5.5   3.1   0.2   0.0  11.0   12:20   ---
19  23.0  33.3   16:15  13.7   06:06   3.7   5.9   0.0   0.0  12.0   16:55   ENE
20  25.9  36.1   16:07  16.9   06:15   2.4   7.7   0.0   0.9  33.0   20:13   WSW
21  20.1  24.4   13:50  15.4   07:04   3.9   2.2   0.0   0.7  21.0   01:58   ESE
22  21.5  30.9   15:44  15.6   06:58   3.4   3.4   0.0   1.4  35.0   19:00    SE
23  18.8  22.3   13:38  15.6   21:34   5.2   1.0   0.0   3.8  21.0   02:57    SE
24  18.8  23.5   13:28  14.6   06:25   5.2   1.5   0.0   1.8  20.0   14:57   ENE
25  18.9  25.5   12:58  15.2   07:02   5.2   1.0  10.0   0.4  26.0   14:20    SE
26  18.5  22.2   14:43  15.4   23:39   5.5   0.9   0.0   4.5  27.0   03:33   SSE
27  18.2  22.6   13:21  14.6   01:26   5.8   1.1   0.0   2.0  21.0   13:31     E
28  18.1  23.7   14:24  13.5   04:56   5.9   1.5   2.2   1.7  20.0   16:00     E
29  20.3  26.3   14:45  17.0   01:53   3.9   2.4   0.8   1.1  16.0   17:56   ENE
30  20.2  25.5   17:58  16.2   23:54   3.9   2.0   2.2   0.5  16.0   15:18     W
31  19.9  27.4   13:11  13.9   06:31   4.5   2.9   0.0   2.2  21.0   15:01     E
----------------------------------------------------------------------------------
    19.8  37.8     2    11.1    18   146.0  73.5  83.8   1.8  49.0     2      SE

Max >=  30.0:  5
Max <=  20.0:  1
Min <=  10.0:  0
Min <=   4.0:  0
Max Rain: 20.8 on day 5
Days of Rain: 15 (>= 0.2 mm)  10 (>= 2.0 mm)  1 (>= 20.0 mm)
Heat Base: 24.0  Cool Base: 18.3  Method: Integration
:now::gauges::today::yesterday::this month::this year::records::trends::forum:


Page updated 23/03/2012 9:30:00 PM
powered by Cumulus v1.9.2 (1032)