Leumeah NSW weather

 Latitude S 34° 03' 26"    Longitude E 150° 49' 44"    Elevation 74 m

Leumeah weather

NOAA Style Reports

Select a Year or Month report

Report for 2020 Jun
                   Monthly Climatological Summary for Jun 2020

Name: Blazingcomet   City: Leumeah   State: NSW
Elevation: 74 m  Lat: S 34 03' 26"   Lon: E 150 49' 44"

                  Temperature (C), Rain (mm), Wind Speed (km/h)

                                      Heat  Cool        Avg
    Mean                              Deg   Deg         Wind                 Dom
Day Temp  High   Time   Low    Time   Days  Days  Rain  Speed High   Time    Dir
----------------------------------------------------------------------------------
 1  13.3  21.9   13:26   7.3   06:48  10.7   0.5   0.2   3.2  42.0   13:42     W
 2  10.6  16.2   13:14   6.0   04:56  13.4   0.0   0.4   5.3  40.0   12:35   WSW
 3  12.3  18.3   14:21   5.7   00:33  11.7   0.0   0.0   3.6  33.0   10:13   SSW
 4  10.8  16.3   13:41   6.0   23:59  13.2   0.0   0.0   2.0  20.0   11:00   SSW
 5   9.3  17.8   13:52   2.7   07:02  14.7   0.0   0.0   0.0   3.0   08:33   ---
 6  10.1  18.3   14:24   4.3   03:20  13.9   0.0   0.0   0.0   9.0   15:20   ---
 7  10.5  17.8   12:23   5.9   03:41  13.5   0.0   2.6   0.6  18.0   17:33     S
 8  12.7  17.4   13:19   6.8   06:42  11.3   0.0   0.2   0.6  20.0   13:24    SW
 9  13.8  19.4   13:38   9.6   07:23  10.2   0.0   0.8   0.1  12.0   13:53   SSE
10  13.8  16.6   12:45  11.0   01:49  10.2   0.0   2.4   0.1   9.0   15:21     E
11  14.6  21.8   13:36  10.2   23:52   9.4   0.2   0.2   2.1  26.0   13:41     S
12  13.4  17.3   13:53  10.0   00:18  10.6   0.0   1.2   0.9  15.0   04:47    SW
13  14.0  18.9   13:06   9.1   07:13  10.0   0.0   0.2   0.0   6.0   10:53     E
14  14.5  19.9   12:35  10.7   21:20   9.5   0.2   8.6   0.5  29.0   12:16   WSW
15  13.0  19.5   13:47   6.3   07:11  11.0   0.1   0.0   3.1  31.0   13:06   WSW
16  11.9  20.3   14:08   4.6   06:06  12.1   0.3   0.0   0.2  26.0   13:10   WSW
17  11.3  16.5   09:54   6.4   02:42  12.7   0.0   2.6   1.1  24.0   09:57   SSE
18  12.7  17.9   14:02   8.1   23:54  11.3   0.0   0.0   0.1  16.0   15:37    SE
19  10.9  18.4   14:15   4.3   06:37  13.1   0.0   0.2   0.0  12.0   13:28   ---
20  11.5  17.7   13:20   6.2   07:05  12.5   0.0   0.2   0.0   6.0   08:23     E
21  12.1  16.8   14:29   6.6   23:59  11.9   0.0   9.6   0.4  16.0   06:07    SE
22   9.1  15.6   13:12   3.8   05:54  14.9   0.0   0.2   3.1  35.0   13:46   WSW
23   8.6  15.6   13:34   2.9   07:09  15.4   0.0   0.0   3.0  35.0   11:50   WSW
24  10.9  18.2   14:12   3.1   03:00  13.1   0.0   0.0   3.3  33.0   13:10    SW
25  11.7  17.6   14:15   6.2   23:26  12.3   0.0   0.0   3.5  29.0   11:58   WSW
26  11.2  18.4   12:56   5.4   00:28  12.8   0.0   0.0   1.6  18.0   10:20   SSW
27  10.1  16.0   11:42   5.2   07:38  13.9   0.0   0.0   0.9  18.0   11:26   SSE
28  11.3  17.4   13:16   6.5   07:14  12.7   0.0   0.0   1.4  20.0   15:26   SSW
29  11.5  16.3   11:15   7.1   23:51  12.5   0.0   0.0   0.1  11.0   13:53     E
30  10.3  17.5   13:30   5.4   05:43  13.7   0.0   0.4   0.0   9.0   13:00   WSW
----------------------------------------------------------------------------------
    11.7  21.9     1     2.7     5   368.2   1.3  30.0   1.4  42.0     1      SW

Max >=  30.0:  0
Max <=  20.0: 27
Min <=  10.0: 27
Min <=   4.0:  4
Max Rain: 9.6 on day 21
Days of Rain: 16 (>= 0.2 mm)  5 (>= 2.0 mm)  0 (>= 20.0 mm)
Heat Base: 24.0  Cool Base: 18.3  Method: Integration
:now::gauges::today::yesterday::this month::this year::records::trends::forum:


Page updated 23/03/2012 9:30:00 PM
powered by Cumulus v1.9.2 (1032)