Leumeah NSW weather

 Latitude S 34° 03' 26"    Longitude E 150° 49' 44"    Elevation 74 m

Leumeah weather

NOAA Style Reports

Select a Year or Month report

Report for 2020 Jul
                   Monthly Climatological Summary for Jul 2020

Name: Blazingcomet   City: Leumeah   State: NSW
Elevation: 74 m  Lat: S 34 03' 26"   Lon: E 150 49' 44"

                  Temperature (C), Rain (mm), Wind Speed (km/h)

                                      Heat  Cool        Avg
    Mean                              Deg   Deg         Wind                 Dom
Day Temp  High   Time   Low    Time   Days  Days  Rain  Speed High   Time    Dir
----------------------------------------------------------------------------------
 1  10.4  19.7   14:05   3.9   07:09  13.6   0.1   0.0   0.0   6.0   15:21   ---
 2  13.8  23.3   14:04   4.8   06:27  10.2   1.0   0.2   0.1  35.0   12:10   WNW
 3  12.6  17.1   14:03   6.6   07:11  11.4   0.0   0.0   0.4  26.0   14:34   WSW
 4  10.4  15.9   14:35   6.8   05:12  13.6   0.0   0.2   3.8  31.0   09:43   WSW
 5  10.6  17.7   13:46   3.6   06:14  13.4   0.0   0.0   2.4  29.0   11:19    SW
 6  10.8  17.9   14:42   4.7   06:41  13.2   0.0   0.0   1.3  20.0   09:46    SW
 7  12.0  16.3   16:01   7.0   06:59  11.9   0.0   0.0   1.6  16.0   12:18   SSW
 8  12.0  16.6   11:49   7.3   23:54  12.0   0.0   0.0   0.4  11.0   14:11     E
 9  10.6  17.4   15:33   4.2   07:16  13.5   0.0   0.0   0.0   7.0   13:23   WSW
10  11.9  16.7   12:57   6.9   06:40  12.1   0.0   0.6   0.1   9.0   09:14     W
11  11.8  15.5   14:43   8.4   23:55  12.2   0.0   5.4   0.0   6.0   10:00   WSW
12  10.7  18.1   13:54   5.8   04:59  13.3   0.0   1.6   0.0  16.0   15:26   WSW
13  11.1  17.2   13:42   5.8   06:50  12.9   0.0   0.2   0.1  16.0   14:34   SSW
14  12.8  15.8   12:07  10.2   00:32  11.1   0.0   5.0   8.6  42.0   11:22   SSW
15  12.3  16.0   15:15   7.6   23:52  11.7   0.0   0.0   6.1  36.0   13:18    SW
16  12.1  16.5   12:23   7.8   00:00  11.9   0.0   0.0   5.8  35.0   13:02    SW
17  12.0  16.8   12:15   8.2   05:51  12.0   0.0   0.0   2.9  27.0   13:59   SSW
18  12.1  17.6   13:02   6.7   23:45  11.9   0.0   0.0   1.1  15.0   03:53   WSW
19  10.4  19.8   15:29   3.0   07:12  13.6   0.0   0.2   0.2  12.0   15:39   NNW
20  11.7  17.5   13:54   4.4   02:58  12.3   0.0   0.0   3.9  27.0   12:22   WSW
21  10.3  16.7   13:33   5.3   22:58  13.7   0.0   0.0   2.9  20.0   00:31   SSW
22   9.6  18.9   15:56   3.1   06:32  14.4   0.0   0.0   0.0   7.0   14:45   ---
23  10.3  19.3   15:04   3.5   04:31  13.7   0.0   0.0   0.0  15.0   15:20     E
24  11.1  18.7   15:45   4.6   07:12  12.9   0.0   0.2   0.0  11.0   14:34    SW
25  12.4  19.6   13:19   6.2   06:44  11.6   0.1   5.2   0.2  21.0   15:59     E
26  13.3  15.0   14:01  10.9   06:12  10.7   0.0  52.2   2.2  38.0   19:56     S
27  14.5  16.9   12:55  12.2   19:11   9.5   0.0  15.2   9.4  42.0   13:25    SW
28  14.6  18.8   13:01  11.2   23:58   9.4   0.0   7.4   4.6  36.0   13:22    SW
29  12.3  19.6   12:45   6.8   06:33  11.7   0.1   0.0   1.7  21.0   16:36   SSE
30  12.7  18.2   12:45   6.4   06:59  11.3   0.0   0.0   2.8  24.0   12:49   SSE
31  10.5  17.7   15:25   5.1   06:37  13.5   0.0   0.0   0.9  26.0   11:38    SW
----------------------------------------------------------------------------------
    11.7  23.3     2     3.0    19   380.2   1.3  93.6   2.1  42.0    14      SW

Max >=  30.0:  0
Max <=  20.0: 30
Min <=  10.0: 27
Min <=   4.0:  5
Max Rain: 52.2 on day 26
Days of Rain: 13 (>= 0.2 mm)  6 (>= 2.0 mm)  1 (>= 20.0 mm)
Heat Base: 24.0  Cool Base: 18.3  Method: Integration
:now::gauges::today::yesterday::this month::this year::records::trends::forum:


Page updated 23/03/2012 9:30:00 PM
powered by Cumulus v1.9.2 (1032)