Leumeah NSW weather

 Latitude S 34° 03' 26"    Longitude E 150° 49' 44"    Elevation 74 m

Leumeah weather

NOAA Style Reports

Select a Year or Month report

Report for 2020 Aug
                   Monthly Climatological Summary for Aug 2020

Name: Blazingcomet   City: Leumeah   State: NSW
Elevation: 74 m  Lat: S 34 03' 26"   Lon: E 150 49' 44"

                  Temperature (C), Rain (mm), Wind Speed (km/h)

                                      Heat  Cool        Avg
    Mean                              Deg   Deg         Wind                 Dom
Day Temp  High   Time   Low    Time   Days  Days  Rain  Speed High   Time    Dir
----------------------------------------------------------------------------------
 1   9.9  19.3   15:26   2.9   06:46  14.1   0.0   0.2   0.4  11.0   13:35   WNW
 2  10.4  20.8   14:50   2.9   07:01  13.6   0.2   0.2   0.0   6.0   04:36   WSW
 3  11.0  20.9   14:48   3.3   06:53  13.0   0.3   0.2   0.0   3.0   08:39   ---
 4  11.3  21.6   14:48   2.4   06:47  12.7   0.3   0.0   0.4  36.0   15:25   WSW
 5   9.4  16.2   15:28   1.6   06:42  14.6   0.0   0.0   2.4  33.0   12:26     W
 6   9.1  16.4   14:15   1.6   06:34  14.9   0.0   0.0   2.5  26.0   00:23   SSW
 7  10.2  12.8   12:23   7.2   01:41  13.8   0.0  21.8   0.2  15.0   15:19   ESE
 8  13.1  18.1   11:26  10.4   06:22  10.9   0.0   0.2   1.1  18.0   19:48   WSW
 9  10.5  13.8   19:35   5.6   06:54  13.5   0.0  39.6   6.2  57.0   19:37   SSW
10  12.6  15.7   13:32   9.8   22:40  11.3   0.0  20.0   8.7  49.0   03:15   SSE
11  12.2  18.3   12:38   8.3   23:51  11.8   0.0   0.0   0.9  16.0   15:05   WSW
12  11.5  16.9   12:42   7.2   06:46  12.5   0.0   1.8   0.1  16.0   20:00    SE
13  13.7  22.4   15:54   6.6   06:30  10.3   0.7   0.2   0.0  11.0   13:47   ---
14  12.8  18.8   13:23   7.1   06:05  11.2   0.0   5.6   0.3  11.0   06:52     W
15  14.2  18.6   13:44  10.4   06:01   9.8   0.0   0.8   4.1  36.0   11:41   WSW
16  15.2  19.1   13:42  10.4   01:58   8.8   0.0   0.2   8.9  51.0   14:20   WSW
17  14.4  18.4   12:48   9.3   23:59   9.6   0.0   0.0   6.4  38.0   12:41   WSW
18  13.3  19.7   12:06   8.2   06:45  10.7   0.2   0.0   1.4  29.0   12:39     W
19  12.6  20.4   12:04   6.2   06:43  11.4   0.2   0.0   4.3  62.0   21:25     W
20  13.4  16.7   13:25  11.1   06:08  10.6   0.0   0.0  12.1  57.0   10:44   WSW
21  12.2  17.9   13:40   4.5   05:58  11.8   0.0   0.2   4.2  40.0   12:39     W
22  10.6  14.3   14:18   5.7   06:29  13.4   0.0   0.0   9.3  53.0   20:21     W
23  11.8  15.6   14:27   8.6   06:03  12.2   0.0   0.0  12.0  58.0   13:46   WSW
24  11.1  17.3   14:14   4.7   23:59  12.9   0.0   0.0   3.6  27.0   11:08   WSW
25   8.8  16.7   12:29   2.0   06:36  15.2   0.0   0.0   1.9  24.0   09:06     S
26   9.9  19.4   15:18   1.6   06:10  14.1   0.1   0.0   0.9  16.0   14:49     W
27  11.5  21.4   14:16   2.1   06:19  12.5   0.5   0.0   0.1  24.0   14:05   WSW
28  12.6  19.6   15:19   6.3   03:20  11.4   0.1   0.0   0.1  33.0   05:18    SW
29  12.3  22.9   15:41   2.7   06:10  11.7   0.9   0.0   0.0   2.0   13:00   ---
30  14.6  26.2   15:22   4.0   06:30   9.5   1.7   0.0   0.0  15.0   15:53   ---
31  14.2  21.4   12:29   8.7   06:02   9.8   0.3   0.0   2.0  36.0   15:20    SE
----------------------------------------------------------------------------------
    11.9  26.2    30     1.6     5   373.6   5.5  91.0   3.2  62.0    19     WSW

Max >=  30.0:  0
Max <=  20.0: 22
Min <=  10.0: 27
Min <=   4.0: 11
Max Rain: 39.6 on day 9
Days of Rain: 13 (>= 0.2 mm)  4 (>= 2.0 mm)  3 (>= 20.0 mm)
Heat Base: 24.0  Cool Base: 18.3  Method: Integration
:now::gauges::today::yesterday::this month::this year::records::trends::forum:


Page updated 23/03/2012 9:30:00 PM
powered by Cumulus v1.9.2 (1032)