Leumeah NSW weather

 Latitude S 34° 03' 26"    Longitude E 150° 49' 44"    Elevation 74 m

Leumeah weather

NOAA Style Reports

Select a Year or Month report

Report for 2021 Jan
                   Monthly Climatological Summary for Jan 2021

Name: Blazingcomet   City: Leumeah   State: NSW
Elevation: 74 m  Lat: S 34 03' 26"   Lon: E 150 49' 44"

                  Temperature (C), Rain (mm), Wind Speed (km/h)

                                      Heat  Cool        Avg
    Mean                              Deg   Deg         Wind                 Dom
Day Temp  High   Time   Low    Time   Days  Days  Rain  Speed High   Time    Dir
----------------------------------------------------------------------------------
 1  18.8  22.3   12:17  15.9   23:49   5.2   1.0   1.2   2.5  26.0   11:40    SE
 2  18.4  22.3   14:01  15.8   00:24   5.6   0.9   6.6   1.5  15.0   16:39   SSE
 3  21.7  27.2   15:07  18.7   00:00   2.6   3.4   2.0   1.4  16.0   15:38     E
 4  21.7  30.3   13:52  18.0   05:49   3.3   3.4   6.0   0.6  45.0   15:49   WSW
 5  22.6  31.1   14:36  16.5   05:04   2.7   4.6   0.6   0.9  21.0   15:09   ESE
 6  20.9  24.8   13:06  18.6   06:22   3.1   2.6   0.0   5.0  40.0   18:41   SSE
 7  19.2  22.9   15:53  16.2   22:48   4.8   1.2   1.4   4.8  33.0   12:17     S
 8  18.8  23.9   14:29  15.4   04:34   5.2   1.3   0.8   4.8  33.0   14:01    SE
 9  20.0  26.2   14:30  13.6   05:56   4.2   2.8   0.0   3.9  26.0   15:14   ESE
10  21.9  30.6   14:43  13.8   05:59   3.7   4.6   0.0   2.4  27.0   17:08     E
11  22.7  31.0   15:28  14.9   05:42   3.0   5.0   0.0   2.5  24.0   17:48   ENE
12  24.4  35.2   15:36  15.7   05:48   2.5   6.4   0.0   1.9  26.0   17:18   ENE
13  24.7  31.3   14:36  19.1   05:08   1.4   6.4   0.0   3.2  26.0   16:49   ENE
14  26.2  39.4   17:01  19.7   03:49   1.5   7.9   0.0   2.7  40.0   18:23   SSE
15  24.1  32.8   14:19  17.1   06:21   1.9   5.9   0.0   3.8  49.0   22:30     E
16  21.7  28.7   16:35  16.3   06:27   3.3   3.6   0.0   6.6  36.0   00:04   WSW
17  19.8  26.2   13:53  11.4   05:11   4.5   2.9   0.0   4.2  27.0   15:25   ESE
18  23.9  33.8   16:03  16.2   06:18   2.5   5.9   0.0   2.1  27.0   17:05   ENE
19  19.8  24.1   12:20  16.3   23:17   4.2   1.8   0.8   5.2  42.0   09:05   SSE
20  18.1  21.5   15:22  13.3   23:42   5.9   0.9   0.2   2.0  15.0   11:53    SE
21  20.6  29.6   14:45  12.4   06:11   4.4   4.0   0.0   2.9  27.0   16:11     E
22  25.9  37.8   16:06  15.1   05:41   2.5   8.1   0.0   0.2  27.0   17:15     E
23  27.1  35.5   14:34  20.2   05:52   0.8   8.8   0.0   3.0  26.0   15:32     E
24  29.1  40.3   14:49  20.4   06:17   0.7  10.8   0.0   2.4  29.0   16:32   ENE
25  28.3  38.9   13:54  22.2   06:43   0.3  10.0   0.0   3.0  27.0   19:33     E
26  29.2  40.3   13:44  19.6   06:15   1.0  10.9   0.2   3.1  33.0   15:54     W
27  21.3  24.1   00:45  18.3   22:14   2.7   3.0   8.0   5.3  33.0   12:03     S
28  19.7  22.6   13:35  17.8   23:33   4.3   1.4   2.6   3.8  29.0   15:12    SE
29  19.4  20.6   15:14  17.8   01:34   4.6   1.1   9.6   4.4  26.0   15:41     E
30  23.5  31.4   17:45  20.6   00:00   1.8   5.2   6.6   1.4  27.0   19:50   ENE
31  21.3  23.0   12:56  19.4   03:54   2.7   3.0   0.0   3.2  27.0   15:49   SSE
----------------------------------------------------------------------------------
    22.4  40.3    24    11.4    17    96.9 138.8  46.6   3.1  49.0    15      SE

Max >=  30.0: 15
Max <=  20.0:  0
Min <=  10.0:  0
Min <=   4.0:  0
Max Rain: 9.6 on day 29
Days of Rain: 14 (>= 0.2 mm)  7 (>= 2.0 mm)  0 (>= 20.0 mm)
Heat Base: 24.0  Cool Base: 18.3  Method: Integration
:now::gauges::today::yesterday::this month::this year::records::trends::forum:


Page updated 23/03/2012 9:30:00 PM
powered by Cumulus v1.9.2 (1032)