Leumeah NSW weather

 Latitude S 34° 03' 26"    Longitude E 150° 49' 44"    Elevation 74 m

Leumeah weather

NOAA Style Reports

Select a Year or Month report
V/Λ2021 > Jan Feb Mar Apr May Jun Jul Aug Sep Oct Nov Dec
V/Λ2020 > Jan Feb Mar Apr May Jun Jul Aug Sep Oct Nov Dec
V/Λ2019 > Jan Feb Mar Apr May Jun Jul Aug Sep Oct Nov Dec
V/Λ2018 > Jan Feb Mar Apr May Jun Jul Aug Sep Oct Nov Dec
V/Λ2017 > Jan Feb Mar Apr May Jun Jul Aug Sep Oct Nov Dec
V/Λ2016 > Jan Feb Mar Apr May Jun Jul Aug Sep Oct Nov Dec
V/Λ2015 > Jan Feb Mar Apr May Jun Jul Aug Sep Oct Nov Dec
V/Λ2014 > Jan Feb Mar Apr May Jun Jul Aug Sep Oct Nov Dec
V/Λ2013 > Jan Feb Mar Apr May Jun Jul Aug Sep Oct Nov Dec
V/Λ2012 > Jan Feb Mar Apr May Jun Jul Aug Sep Oct Nov Dec
V/Λ2011 > Jan Feb Mar Apr May Jun Jul Aug Sep Oct Nov Dec

Report for 2021 Feb
                   Monthly Climatological Summary for Feb 2021

Name: Blazingcomet   City: Leumeah   State: NSW
Elevation: 74 m  Lat: S 34 03' 26"   Lon: E 150 49' 44"

                  Temperature (C), Rain (mm), Wind Speed (km/h)

                                      Heat  Cool        Avg
    Mean                              Deg   Deg         Wind                 Dom
Day Temp  High   Time   Low    Time   Days  Days  Rain  Speed High   Time    Dir
----------------------------------------------------------------------------------
 1  22.8  29.7   14:47  17.9   22:48   2.1   4.6  27.4   2.8  33.0   22:15     E
 2  20.0  24.4   13:14  16.8   06:22   4.0   2.0  12.0   3.9  35.0   16:37   SSE
 3  20.0  27.4   13:29  15.1   05:44   4.2   2.3   0.0   2.8  26.0   16:24     E
 4  22.6  29.4   13:45  16.2   05:12   2.6   4.7   0.0   4.0  35.0   17:52     E
 5  24.2  29.8   12:11  18.9   06:25   1.3   5.9   0.0   5.7  36.0   15:45     E
 6  23.0  26.9   18:25  20.3   23:53   1.3   4.6   3.2   0.8  20.0   18:45   ENE
 7  22.2  29.0   12:26  17.9   06:45   2.6   3.9   0.2   1.2  33.0   16:01    SE
 8  20.6  23.3   16:33  18.8   04:26   3.4   2.3   0.0   3.7  21.0   19:04   SSE
 9  20.0  23.2   13:25  15.9   23:58   4.0   1.8   0.0   2.0  20.0   12:37    SE
10  19.4  24.6   15:04  13.6   04:59   4.6   2.3   0.0   3.0  24.0   16:57     E
11  22.7  30.7   15:31  15.8   06:54   2.6   4.7   0.0   0.2  20.0   15:37     E
12  23.4  33.7   15:33  16.1   05:01   2.7   5.4  16.2   0.3  36.0   19:10    SW
13  20.4  22.2   01:55  18.1   23:53   3.6   2.1  12.2   2.8  29.0   15:50   SSE
14  19.9  25.4   13:40  14.5   06:56   4.1   2.3   0.0   4.9  36.0   16:29   SSE
15  20.0  24.7   14:49  16.9   02:59   4.0   1.9   0.0   7.5  47.0   17:15   SSW
16  20.9  25.5   13:07  17.9   03:54   3.2   2.6   6.0   4.3  31.0   11:40   SSE
17  19.8  23.8   16:38  16.7   07:32   4.2   1.8   5.8   3.9  31.0   18:03   ESE
18  20.7  24.9   10:33  17.4   05:47   3.3   2.5   0.8   2.7  31.0   15:18     E
19  22.6  27.9   13:57  18.4   00:47   2.2   4.3   5.2   3.1  26.0   15:14     E
20  23.3  30.2   14:33  17.4   06:34   2.2   5.1   0.2   0.8  21.0   19:18     E
21  23.5  29.3   13:36  18.9   04:49   1.8   5.2   0.0   2.7  26.0   16:55   ESE
22  22.7  30.4   11:49  18.3   06:19   2.4   4.4   0.0   4.6  35.0   15:53     S
23  19.2  20.3   14:59  17.9   23:50   4.8   1.0   0.0   4.7  24.0   12:49     S
24  19.2  22.9   11:13  15.1   06:26   4.8   1.7   1.6   2.0  20.0   15:32   SSE
25  19.1  24.6   13:09  16.1   06:20   4.9   1.2  31.0   0.4  18.0   11:48    SE
----------------------------------------------------------------------------------
    21.3  33.7    12    13.6    10    80.9  80.6 121.8   3.0  47.0    15      SE

Max >=  30.0:  4
Max <=  20.0:  0
Min <=  10.0:  0
Min <=   4.0:  0
Max Rain: 31.0 on day 25
Days of Rain: 13 (>= 0.2 mm)  9 (>= 2.0 mm)  2 (>= 20.0 mm)
Heat Base: 24.0  Cool Base: 18.3  Method: Integration
:now::gauges::today::yesterday::this month::this year::records::trends::forum:


Page updated 23/03/2012 9:30:00 PM
powered by Cumulus v1.9.2 (1032)