NOAA-style Climate Reports

Select a Year or Month report

Report for 2021 Nov
                   Monthly Climatological Summary for Nov 2021

Name: Leumeah Weather   City: Leumeah   State: NSW
Elevation: 74 m  Lat: S 34° 03' 26"   Lon: E 150° 49' 44"

                  Temperature (°C), Rain (mm), Wind Speed (km/h)

                                      Heat  Cool        Avg
    Mean                              Deg   Deg         Wind                 Dom
Day Temp  High   Time   Low    Time   Days  Days  Rain  Speed High   Time    Dir
----------------------------------------------------------------------------------
 1  17.0  24.7   14:19   9.6   03:58   7.0   1.7   0.0   0.0  20.0   14:02     E
 2  18.7  24.1   13:52  12.7   05:24   5.3   1.8   0.0   3.8  29.0   14:26     E
 3  19.0  25.3   12:26  11.9   05:35   5.1   2.3   0.0   3.6  27.0   13:01     E
 4  17.9  20.1   11:20  16.7   05:25   6.1   0.3   7.4   0.3   9.0   14:02     E
 5  18.4  21.8   15:42  15.7   06:28   5.6   0.8  24.2   3.6  33.0   16:36     E
 6  20.6  28.8   14:23  13.8   06:02   3.9   3.0   0.0   0.3  20.0   15:30     E
 7  18.6  24.6   12:16  15.5   05:37   5.4   0.8   8.4   0.5  35.0   12:31    SW
 8  19.8  24.5   13:12  16.9   06:05   4.2   1.9   5.8   2.4  26.0   15:30   ESE
 9  19.8  26.1   13:21  16.3   05:51   4.2   2.0   0.0   2.6  27.0   15:22     E
10  19.2  20.9   11:31  17.5   00:03   4.8   1.0  15.4   0.6  11.0   10:36     E
11  16.5  18.6   00:00  11.7   23:59   7.5   0.0  20.0   2.8  21.0   11:36    SE
12  15.6  21.5   12:48  11.4   01:09   8.4   0.4   8.8   2.5  21.0   14:35   SSE
13  16.6  20.3   16:22  12.1   05:42   7.4   0.3   0.6   4.5  38.0   16:30     W
14  15.6  21.4   14:23  10.2   22:41   8.4   0.5   1.4   6.0  53.0   19:08     W
15  15.6  20.6   13:31   8.8   01:33   8.4   0.3   0.0   8.2  49.0   14:25     W
16  15.0  21.1   13:32   9.6   06:09   9.0   0.3   0.0   4.2  33.0   09:50     S
17  16.4  22.1   15:00  10.6   00:00   7.6   0.6   0.0   3.1  27.0   17:02     E
18  20.3  28.9   14:01  12.0   05:50   4.3   3.3   0.0   2.3  26.0   13:02   ENE
19  20.8  29.9   12:13  16.7   04:14   4.4   3.0   0.6   1.2  29.0   16:36   ESE
20  18.2  23.6   12:56  15.3   23:40   5.8   0.8   1.6   2.0  24.0   16:43    SE
21  15.2  16.7   18:13  14.3   05:37   8.8   0.0  18.2   2.7  29.0   14:05     S
22  17.2  21.1   12:10  13.8   02:36   6.8   0.4   0.0   4.8  38.0   10:08    SE
23  18.3  22.4   13:18  15.3   04:23   5.7   0.9   2.0   2.4  18.0   12:02   ESE
24  21.4  27.6   13:28  17.2   03:48   3.1   3.3  19.0   2.1  24.0   15:56     E
25  21.8  25.8   12:13  19.6   03:16   2.4   3.5   7.8   1.3  15.0   18:02     E
26  17.3  21.1   00:00  15.0   20:47   6.7   0.2  19.6   6.2  40.0   21:33     S
27  15.7  17.8   14:43  14.2   23:18   8.3   0.0   4.2   7.1  36.0   13:34     S
28  16.2  19.9   13:55  14.2   03:49   7.8   0.1   0.0   4.5  31.0   08:25     S
----------------------------------------------------------------------------------
    18.0  29.9    19     8.8    15   172.4  33.5 165.0   3.0  53.0    14     SSE

Max >=  30.0:  0
Max <=  20.0:  4
Min <=  10.0:  3
Min <=   4.0:  0
Max Rain: 24.2 on day 5
Days of Rain: 17 (>= 0.2 mm)  13 (>= 2.0 mm)  2 (>= 20.0 mm)
Heat Base: 24.0  Cool Base: 18.3  Method: Integration