NOAA-style Climate Reports

Select a Year or Month report

Report for 2021 May
                   Monthly Climatological Summary for May 2021

Name: Blazingcomet   City: Leumeah   State: NSW
Elevation: 74 m  Lat: S 34° 03' 26"   Lon: E 150° 49' 44"

                  Temperature (°C), Rain (mm), Wind Speed (km/h)

                                      Heat  Cool        Avg
    Mean                              Deg   Deg         Wind                 Dom
Day Temp  High   Time   Low    Time   Days  Days  Rain  Speed High   Time    Dir
----------------------------------------------------------------------------------
 1  16.9  24.2   14:06  11.4   06:12   7.1   1.2   0.2   1.0  20.0   16:15   ENE
 2  17.1  24.3   15:48  11.7   05:43   6.9   1.4   0.2   0.6  18.0   12:11    NE
 3  17.5  26.7   15:04  11.3   04:55   6.7   1.7   0.2   0.0  16.0   23:52     W
 4  14.7  17.1   00:30  12.9   06:09   9.3   0.0   9.2   0.1  11.0   10:05   SSW
 5  15.6  18.9   14:25  13.3   03:29   8.4   0.0  14.2   1.3  24.0   14:32    SW
 6  18.1  21.3   13:19  14.7   01:42   5.9   0.6  31.2   3.5  36.0   07:08    SE
 7  18.3  21.3   13:34  13.8   23:59   5.7   0.7   9.4   2.0  24.0   14:09    SW
 8  17.4  24.9   13:55  11.7   05:59   6.6   1.6   0.2   0.0  21.0   14:21   WSW
 9  17.0  22.1   13:09  13.0   05:14   7.0   0.7   0.0   0.4  11.0   07:12   WSW
10  16.0  23.7   14:27  10.8   04:19   8.0   1.2   0.0   0.0  15.0   14:40   ---
11  15.8  22.1   11:47  11.1   00:11   8.3   0.4   1.8   0.3  18.0   16:53   SSW
12  16.0  21.2   14:20  11.1   07:02   7.9   0.5   8.4   1.7  18.0   15:17   ESE
13  16.8  23.1   15:07  12.1   06:23   7.2   1.0   0.2   3.1  27.0   23:05   WSW
14  14.4  18.9   14:10   8.7   23:16   9.6   0.0   0.0   5.9  33.0   09:29     W
15  11.7  16.8   11:33   7.3   03:23  12.3   0.0   0.0   4.4  47.0   14:45     W
16  11.0  17.9   14:49   5.1   02:38  13.0   0.0   0.0   3.2  27.0   18:31   WSW
17  12.8  20.2   15:03   6.6   00:59  11.2   0.1   0.0   3.0  27.0   09:15    SW
18  11.4  20.2   14:50   5.3   05:09  12.6   0.3   0.0   0.6  16.0   12:01     W
19  11.1  20.5   15:24   4.1   06:51  12.9   0.2   0.0   0.0   6.0   08:47   ---
20  11.7  21.4   15:06   3.5   06:20  12.3   0.4   0.2   1.7  31.0   12:03   WSW
21  12.1  17.5   12:51   8.3   01:05  11.9   0.0   0.0   1.7  24.0   13:38     S
22  12.0  20.3   14:22   5.7   06:57  12.0   0.2   0.0   0.9  12.0   08:18    SW
23  13.2  20.7   13:54   8.4   05:07  10.8   0.2   4.0   1.3  16.0   16:15   SSW
24  15.4  20.9   11:21  12.7   00:00   8.6   0.0   3.4   0.9  16.0   11:26     E
25  14.8  21.8   15:38   9.2   07:03   9.2   0.5   0.0   0.7  18.0   13:25   ENE
26  15.6  20.7   13:48  11.7   07:08   8.4   0.3   0.0   5.7  33.0   14:41   WSW
27  12.6  18.3   14:24   5.7   07:05  11.4   0.0   0.0   3.4  31.0   13:56   WSW
28  10.7  16.3   13:47   5.7   06:44  13.3   0.0   0.0   4.2  36.0   10:00    SW
29  11.1  15.6   12:21   6.9   00:41  12.9   0.0   0.0   5.5  36.0   12:44    SW
30  12.3  16.3   15:10   7.2   23:32  11.7   0.0   0.0   3.1  24.0   09:56    SW
31  11.1  18.7   14:39   6.0   07:22  12.9   0.0   0.0   0.6   9.0   09:29    SW
----------------------------------------------------------------------------------
    14.3  26.7     3     3.5    20   302.0  13.2  82.8   2.0  47.0    15      SW

Max >=  30.0:  0
Max <=  20.0: 11
Min <=  10.0: 16
Min <=   4.0:  1
Max Rain: 31.2 on day 6
Days of Rain: 14 (>= 0.2 mm)  7 (>= 2.0 mm)  1 (>= 20.0 mm)
Heat Base: 24.0  Cool Base: 18.3  Method: Integration