NOAA-style Climate Reports

Select a Year or Month report

Report for 2022 Jan
                   Monthly Climatological Summary for Jan 2022

Name: Leumeah Weather   City: Leumeah   State: NSW
Elevation: 74 m  Lat: S 34° 03' 26"   Lon: E 150° 49' 44"

                  Temperature (°C), Rain (mm), Wind Speed (km/h)

                                      Heat  Cool        Avg
    Mean                              Deg   Deg         Wind                 Dom
Day Temp  High   Time   Low    Time   Days  Days  Rain  Speed High   Time    Dir
----------------------------------------------------------------------------------
 1  22.8  29.7   13:01  16.3   06:03   2.5   4.8   0.0   3.4  29.0   13:42     E
 2  24.4  31.4   15:09  17.7   06:00   1.8   6.2   0.0   1.4  27.0   18:41     E
 3  23.8  28.8   13:21  18.7   05:53   1.6   5.5   0.0   1.9  27.0   16:19   ESE
 4  22.6  27.4   12:47  18.3   03:18   2.2   4.3   0.0   3.7  29.0   17:13   ESE
 5  21.6  25.7   12:24  18.5   04:55   2.5   3.3  19.0   2.1  31.0   14:12   ESE
 6  23.3  27.0   13:38  21.1   02:08   1.1   5.0  21.8   5.5  36.0   02:27     E
 7  23.0  26.8   15:41  19.9   23:57   1.4   4.7  28.8   4.1  33.0   16:53     E
 8  23.6  32.8   14:30  19.3   04:20   1.9   5.3   7.6   1.6  29.0   15:56    SE
 9  22.6  24.5   14:00  20.4   04:43   1.4   4.3   0.2   0.6  15.0   11:20   ESE
10  24.5  29.3   16:16  20.7   04:02   0.9   6.2   0.2   2.0  24.0   16:41     E
11  24.1  27.6   11:38  21.2   04:50   0.9   5.8   0.0   1.2  26.0   15:03     E
12  21.7  25.2   09:28  19.9   22:53   2.3   3.4  17.0   0.7  21.0   17:05     S
13  21.2  24.4   14:30  19.1   05:08   2.8   2.9  46.8   2.1  21.0   09:23    SE
14  23.8  29.6   13:30  18.8   06:15   1.6   5.5   0.0   1.4  20.0   14:45     E
15  24.6  33.2   15:38  20.0   03:08   1.3   6.3   1.0   1.4  26.0   17:33     E
16  24.1  29.6   15:15  19.8   05:32   1.3   5.8   0.0   2.7  27.0   18:40   ESE
17  25.2  32.5   14:04  18.8   05:52   1.3   6.9   0.0   0.6  18.0   17:28     E
18  22.2  24.9   00:00  19.6   23:04   1.9   3.9   3.2   1.6  26.0   15:21     S
19  19.8  23.1   13:30  18.6   16:32   4.2   1.5   3.2   5.5  44.0   13:25     S
20  20.2  23.4   14:43  17.5   04:26   3.8   2.0   0.2   5.8  38.0   13:30    SE
21  20.0  24.1   15:31  17.2   02:49   4.0   1.9   4.0   3.1  29.0   14:39   ESE
22  20.6  25.4   13:17  15.6   05:08   3.6   2.8   0.2   3.5  29.0   16:01    SE
23  21.6  25.4   11:52  17.8   06:17   2.6   3.3   0.4   2.1  27.0   12:49    SE
24  21.3  25.7   15:33  18.2   04:03   2.8   3.0   1.0   0.7  18.0   16:02     E
25  22.4  26.7   15:09  19.3   03:40   2.1   4.1   0.0   0.9  24.0   18:11     E
26  22.6  27.3   13:11  19.0   05:32   2.1   4.3   0.0   1.7  29.0   17:21     E
27  23.0  28.0   13:06  17.6   04:46   1.8   4.7   0.0   1.1  21.0   12:55     E
28  25.4  30.9   13:41  21.7   05:41   0.7   7.1   0.0   1.3  29.0   19:09     E
29  24.9  31.6   13:47  19.4   06:26   1.1   6.6   0.0   1.8  24.0   15:26     E
30  25.0  30.8   12:05  20.7   06:34   0.6   6.7   0.0   2.1  24.0   13:33     E
31  24.9  32.1   13:46  19.6   06:32   1.2   6.6   0.0   1.3  24.0   15:08     E
----------------------------------------------------------------------------------
    22.9  33.2    15    15.6    22    61.3 144.7 154.6   2.2  44.0    19     ESE

Max >=  30.0:  8
Max <=  20.0:  0
Min <=  10.0:  0
Min <=   4.0:  0
Max Rain: 46.8 on day 13
Days of Rain: 16 (>= 0.2 mm)  9 (>= 2.0 mm)  3 (>= 20.0 mm)
Heat Base: 24.0  Cool Base: 18.3  Method: Integration