NOAA-style Climate Reports

Select a Year or Month report

Report for 2022 Jun
                   Monthly Climatological Summary for Jun 2022

Name:     City:     State:  
Elevation: 74 m  Lat: S 34° 03' 23"   Lon: E 150° 49' 44"

                  Temperature (°C), Rain (mm), Wind Speed (km/h)

                                      Heat  Cool        Avg
    Mean                              Deg   Deg         Wind                 Dom
Day Temp  High   Time   Low    Time   Days  Days  Rain  Speed High   Time    Dir
----------------------------------------------------------------------------------
01  10.3  13.2   13:09   8.0   20:55   8.0   0.0   0.2   9.3  47.0   13:27   WSW
02   9.8  16.6   14:39   4.1   05:36   8.5   0.0   0.0   0.7  16.0   09:14    SW
03   9.2  15.4   13:52   3.1   04:53   9.1   0.0   0.0   0.0  10.0   12:04     W
04  10.5  16.4   15:31   5.1   23:57   7.8   0.0   0.4   2.2  32.0   14:05   WSW
05  10.2  18.3   13:11   3.2   04:06   8.1   0.0   0.0   0.1  18.0   12:52   WNW
06  11.6  16.8   13:42   6.1   03:36   6.7   0.0   0.4   2.5  47.0   04:49   WSW
07  10.0  15.8   13:27   4.3   03:07   8.3   0.0   0.0   2.5  32.0   13:48   WSW
08   9.3  14.2   14:32   3.1   23:59   9.0   0.0   0.0   4.1  34.0   11:15   WSW
09   9.2  14.7   14:20   2.6   03:45   9.1   0.0   0.0   5.0  39.0   15:45   WSW
10  10.8  16.3   12:59   4.9   03:03   7.5   0.0   0.0   4.0  34.0   11:53   WSW
11   9.5  15.3   13:51   3.4   05:04   8.8   0.0   0.2   4.6  35.0   15:41   WSW
12  11.9  16.3   13:36   5.6   23:59   6.4   0.0   0.0   6.0  35.0   02:28   WSW
13   8.9  16.6   14:30   3.2   06:49   9.4   0.0   0.0   0.2  14.0   10:49    SW
14   8.6  16.3   16:27   2.7   07:09   9.7   0.0   0.0   0.0  10.0   14:01    SW
15   8.7  18.4   14:35   0.9   07:07   9.6   0.0   0.0   0.3  14.0   11:34   WSW
16  11.1  19.3   12:57   3.7   04:36   7.2   0.1   0.0   0.4  21.0   15:07   WSW
17  11.9  18.6   13:20   6.0   03:47   6.4   0.0   0.0   0.9  21.0   12:29    SW
18  12.0  18.8   13:16   6.7   02:15   6.3   0.0   0.0   1.0  19.0   09:20     S
19  12.2  18.4   12:10   6.3   07:24   6.1   0.0   1.4   0.5  16.0   13:14   SSE
20  12.5  17.6   13:13   7.7   23:58   5.8   0.0   1.0   0.0   8.0   12:27   ENE
21  10.2  17.1   14:36   4.2   06:18   8.1   0.0   1.2   0.0   3.0   10:07     N
22   9.7  17.5   14:33   4.0   07:05   8.6   0.0   0.0   0.2  13.0   12:40    SW
23   9.1  17.6   12:50   3.1   07:20   9.1   0.0   0.0   1.4  29.0   13:50   WSW
24   9.7  18.3   14:52   3.7   06:43   8.6   0.0   0.0   0.2  18.0   12:59   WSW
25  11.3  19.3   13:58   5.7   06:03   7.1   0.1   0.2   1.2  31.0   14:09   WSW
26  10.0  17.5   15:00   2.9   06:28   8.3   0.0   0.0   0.0   2.0   12:49     N
27  10.2  15.2   12:18   4.8   04:00   8.1   0.0   0.0   2.2  26.0   09:38     S
28  10.4  15.5   11:55   5.4   05:19   7.9   0.0   0.0   0.8  21.0   11:06     S
29  10.6  17.2   12:55   4.5   07:40   7.7   0.0   0.0   0.0   8.0   12:36     N
30  11.7  17.2   12:31   8.0   02:03   6.6   0.0   0.0   0.1  11.0   10:42   WSW
----------------------------------------------------------------------------------
    10.4  19.3    16     0.9    15   237.9   0.2   5.0   1.7  47.0     1     WSW

Max >=  27.0  0
Max <=   0.0  0
Min <=   0.0  0
Min <= -18.0  0
Max Rain: 1.4 on day 19
Days of Rain: 8 (>= 0.2 mm)  0 (>= 2.0 mm)  0 (>= 20.0 mm)
Heat Base: 18.3  Cool Base: 18.3  Method: Integration