Leumeah NSW AU Weather

Latitude S 34° 03' 26"    Longitude E 150° 49' 44"    Elevation 74m  

Leumeah weather

NOAA Style Reports

Select a Year or Month report

Report for 2022 Apr
                   Monthly Climatological Summary for Apr 2022

Name: Leumeah Weather   City: Leumeah   State: NSW
Elevation: 74 m  Lat: S 34° 03' 26"   Lon: E 150° 49' 44"

                  Temperature (°C), Rain (mm), Wind Speed (km/h)

                                      Heat  Cool        Avg
    Mean                              Deg   Deg         Wind                 Dom
Day Temp  High   Time   Low    Time   Days  Days  Rain  Speed High   Time    Dir
----------------------------------------------------------------------------------
 1  16.4  19.3   13:01  13.5   04:47   7.6   0.1   0.2   5.3  42.0   15:32   SSW
 2  17.4  21.2   14:53  13.0   23:46   6.6   0.7   0.0   5.5  35.0   01:22    SW
 3  17.6  26.3   13:35  10.1   04:50   7.0   2.2   0.0   0.2  21.0   14:05   WSW
 4  18.3  27.2   14:49   9.5   06:29   6.3   2.8   0.0   0.8  26.0   13:30   WSW
 5  18.5  26.3   12:02  11.2   06:34   5.6   2.0   0.0   0.4  21.0   15:59     E
 6  17.4  18.3   05:53  16.3   20:17   6.6   0.0  21.0   0.5  27.0   22:38   ESE
 7  17.8  18.7   22:32  16.9   10:56   6.2   0.0  78.2   2.0  35.0   10:29     E
 8  18.3  21.5   12:17  16.0   23:59   5.7   0.6  11.2   0.8  21.0   15:31   ENE
 9  18.1  22.7   10:21  15.1   03:14   5.9   0.9   9.8   0.2  21.0   13:47     E
10  20.0  26.1   14:30  16.2   01:17   4.2   2.4   1.2   0.1  11.0   16:29   ENE
11  20.4  29.0   14:18  14.4   05:30   4.3   3.0   0.6   1.1  33.0   11:30   SSE
12  18.3  21.7   12:04  15.5   22:32   5.7   0.7   0.0   0.3  20.0   13:43   ESE
13  16.5  20.2   10:35  14.1   06:16   7.5   0.2   1.6   0.4  26.0   11:01   SSE
14  17.9  23.4   14:20  14.2   06:25   6.1   1.2   0.2   0.2  16.0   14:47     E
15  18.2  26.4   15:34  12.0   06:22   5.9   1.9   0.0   0.0   7.0   10:07   ---
16  17.5  24.7   11:22  12.7   06:38   6.5   1.4   0.0   0.0  12.0   14:29   ENE
17  17.8  25.3   15:32  11.6   06:33   6.3   1.8   0.2   0.1  18.0   13:04   ENE
18  18.5  27.6   14:21  11.5   06:20   6.0   2.3   0.0   0.0   9.0   15:25   ENE
19  19.5  28.1   14:48  13.3   05:12   5.1   2.9  11.8   0.3  38.0   21:02   ENE
20  17.0  23.7   15:29  11.2   23:50   7.0   1.4   0.0   0.6  26.0   12:04   WSW
21  16.4  22.3   10:56   9.9   02:30   7.6   0.5   0.0   0.3  27.0   13:25   SSE
22  16.4  19.9   10:47  14.2   06:32   7.6   0.2   2.2   0.1  16.0   10:55    SE
23  16.7  22.5   14:05  13.4   23:09   7.3   0.6   1.2   0.1  16.0   16:22     E
24  17.0  22.4   12:28  11.7   05:12   7.0   1.0   2.0   0.1  20.0   11:24     E
25  16.9  20.5   14:19  14.6   23:49   7.1   0.3   5.0   0.2  15.0   02:35   SSW
26  16.6  20.3   13:40  13.9   01:11   7.4   0.3   0.2   0.0   2.0   11:03   ---
27  17.0  19.1   14:15  14.0   06:34   7.0   0.1   2.4   0.0   0.0   00:00   ---
----------------------------------------------------------------------------------
    17.7  29.0    11     9.5     4   173.1  31.5 149.0   0.7  42.0     1     SSW

Max >=  30.0:  0
Max <=  20.0:  5
Min <=  10.0:  2
Min <=   4.0:  0
Max Rain: 78.2 on day 7
Days of Rain: 17 (>= 0.2 mm)  9 (>= 2.0 mm)  2 (>= 20.0 mm)
Heat Base: 24.0  Cool Base: 18.3  Method: Integration
:current: :today/yesterday: :this month: :this year: :monthly records: :all records: :gauges: :graphs: :noaa reports: :BoM Forecast: :Air Quality: :PWS:


Page updated 27/05/2022 11:23:49 pm
powered by Cumulus v1.9.4 (10091)