Leumeah NSW AU Weather

Latitude S 34° 03' 26"    Longitude E 150° 49' 44"    Elevation 74m  

Leumeah weather

NOAA Style Reports

Select a Year or Month report

Report for 2022 Feb
                   Monthly Climatological Summary for Feb 2022

Name: Leumeah Weather   City: Leumeah   State: NSW
Elevation: 74 m  Lat: S 34° 03' 26"   Lon: E 150° 49' 44"

                  Temperature (°C), Rain (mm), Wind Speed (km/h)

                                      Heat  Cool        Avg
    Mean                              Deg   Deg         Wind                 Dom
Day Temp  High   Time   Low    Time   Days  Days  Rain  Speed High   Time    Dir
----------------------------------------------------------------------------------
 1  26.5  36.3   14:13  19.8   05:54   1.0   8.2   0.0   1.0  36.0   15:37   WSW
 2  20.7  24.4   00:00  18.4   20:36   3.3   2.4   3.8   1.4  24.0   07:57     S
 3  20.1  24.5   15:39  17.6   06:23   3.9   1.9   0.0   4.5  35.0   22:44     S
 4  19.2  24.3   14:47  14.3   06:42   4.8   1.8   0.4   4.1  44.0   11:37   SSE
 5  19.3  24.2   14:51  14.9   06:45   4.7   1.9   3.0   3.8  44.0   17:39    SE
 6  18.0  22.7   11:20  15.6   06:30   6.0   0.7  10.2   2.1  33.0   12:10     S
 7  18.4  22.4   16:09  15.2   02:15   5.6   1.1   3.4   3.8  36.0   16:22     S
 8  20.4  26.8   13:49  16.7   01:08   3.7   2.6   0.0   1.5  24.0   00:09    SE
 9  22.6  32.8   15:41  13.9   06:06   3.5   5.3   0.0   1.6  27.0   14:05   SSE
10  23.9  35.8   14:39  15.9   05:22   2.7   6.0   9.0   1.5  40.0   15:36    SE
11  21.1  24.7   14:58  18.1   06:38   2.9   2.8   0.4   2.5  36.0   14:43     S
12  20.0  24.6   14:03  17.7   06:53   4.1   1.8   3.2   1.8  33.0   16:00   SSE
13  20.5  26.1   14:55  16.7   23:56   3.6   2.6   0.0   1.5  24.0   16:58     E
14  21.1  28.6   15:23  13.6   06:15   3.8   4.0   0.0   1.1  24.0   17:06     E
15  22.5  29.2   14:10  15.8   06:42   2.7   4.5   0.0   1.5  27.0   19:00     E
16  22.5  29.8   16:04  16.4   06:45   2.7   4.5   0.0   1.0  24.0   17:53     E
17  23.8  35.5   16:23  16.1   06:46   2.9   5.8  11.2   0.0  21.0   19:16     S
18  23.4  32.4   14:32  17.9   06:19   2.1   5.1   0.2   1.8  36.0   15:37    SE
19  19.9  22.8   13:38  16.8   08:00   4.1   1.8   2.2   1.0  24.0   15:20   SSE
20  23.8  32.0   16:11  16.6   06:54   2.2   5.7   0.0   1.0  24.0   17:27     E
21  23.9  30.6   11:46  20.8   06:10   1.2   5.6   0.4   1.8  31.0   14:13    SE
22  20.9  23.5   13:59  19.7   15:23   3.1   2.6  11.2   0.5  21.0   09:59    SE
23  22.0  25.2   16:51  19.7   04:00   2.2   3.7  30.4   0.7  24.0   16:15     E
24  22.9  27.1   13:49  20.6   02:34   1.5   4.6   7.2   1.2  21.0   13:53     E
25  21.2  22.8   09:56  20.1   01:16   2.8   2.9  29.8   0.5  18.0   00:58     S
26  19.9  21.3   14:05  18.8   22:35   4.1   1.6  45.6   0.7  18.0   16:29   ESE
27  21.1  26.1   12:58  18.1   06:43   3.0   2.8   9.0   0.1  18.0   17:38   ESE
28  21.1  24.6   16:08  18.6   06:49   2.9   2.8  14.2   0.2  16.0   16:30   ESE
----------------------------------------------------------------------------------
    21.5  36.3     1    13.6    14    91.1  97.1 194.8   1.6  44.0     4     SSE

Max >=  30.0:  7
Max <=  20.0:  0
Min <=  10.0:  0
Min <=   4.0:  0
Max Rain: 45.6 on day 26
Days of Rain: 19 (>= 0.2 mm)  15 (>= 2.0 mm)  3 (>= 20.0 mm)
Heat Base: 24.0  Cool Base: 18.3  Method: Integration
:current: :today/yesterday: :this month: :this year: :monthly records: :all records: :gauges: :graphs: :noaa reports: :BoM Forecast: :Air Quality: :PWS:


Page updated 22/05/2022 03:38:05 pm
powered by Cumulus v1.9.4 (10091)