Leumeah NSW weather

 Latitude S 34° 03' 26"    Longitude E 150° 49' 44"    Elevation 74 m

Leumeah weather

NOAA Style Reports

Select a Year or Month report

Report for 2021 Mar
                   Monthly Climatological Summary for Mar 2021

Name: Blazingcomet   City: Leumeah   State: NSW
Elevation: 74 m  Lat: S 34 03' 26"   Lon: E 150 49' 44"

                  Temperature (C), Rain (mm), Wind Speed (km/h)

                                      Heat  Cool        Avg
    Mean                              Deg   Deg         Wind                 Dom
Day Temp  High   Time   Low    Time   Days  Days  Rain  Speed High   Time    Dir
----------------------------------------------------------------------------------
 1  26.6  36.2   17:11  18.6   06:27   1.3   8.3   0.0   0.0  18.0   23:29   SSW
 2  20.3  23.4   12:17  16.6   06:59   3.7   2.1   0.0   4.3  36.0   14:59    SE
 3  18.8  22.9   14:44  15.7   06:30   5.2   1.1   0.0   3.3  24.0   16:07    SE
 4  21.3  30.4   18:00  13.3   06:54   4.0   4.1   0.0   1.0  20.0   15:44   WNW
 5  19.5  24.4   10:53  13.9   04:28   4.5   1.8   0.0   5.0  42.0   12:23   SSE
 6  20.2  22.4   12:10  16.8   05:59   3.7   2.3   0.0   5.0  18.0   11:59     S
 7  22.3  28.0   16:00  15.5   06:00   1.7   4.0   0.0   5.0  26.0   12:22     S
 8  22.3  29.2   13:30  15.4   05:30   1.7   4.0   0.0   5.0  35.0   16:01     S
 9  22.9  31.7   12:46  14.2   07:00   1.6   4.6   0.0   5.0  31.0   13:59   SSE
10  21.6  25.3   15:10  17.8   07:20   2.5   3.3   0.0   4.0  29.0   16:52     E
11  21.6  25.3   15:33  18.8   04:54   2.5   3.3   2.0   2.2  24.0   17:21     E
12  21.7  25.2   14:37  19.6   06:49   2.3   3.4   3.4   0.4  12.0   21:05     E
13  24.0  33.4   16:26  17.5   05:50   2.2   5.8   1.0   1.7  21.0   23:19   ENE
14  17.5  21.8   00:00  14.4   17:15   6.5   0.8  11.6   3.7  31.0   13:30   SSW
15  16.6  22.8   14:12  11.1   05:05   7.4   1.0   0.0   2.6  18.0   08:18   SSE
16  16.8  19.7   17:49  11.8   02:05   7.2   0.2   6.6   1.8  18.0   09:25     S
17  18.4  22.9   12:49  15.1   03:47   5.6   0.9   1.8   3.4  33.0   13:27    SE
18  18.3  20.2   10:33  16.8   03:21   5.7   0.4  37.6   1.4  24.0   14:33     E
19  19.9  23.6   14:55  17.4   07:08   4.1   1.7   1.2   3.0  35.0   15:27   ESE
20  19.7  20.6   03:09  17.9   06:56   4.3   1.4 104.0   6.2  42.0   17:52     E
21  18.6  20.7   03:26  16.7   20:43   5.4   0.6  24.6   3.6  27.0   06:24     E
22  18.1  19.1   12:41  17.2   23:24   5.9   0.1  63.8   1.9  27.0   14:34     E
23  18.6  19.8   17:58  16.7   02:22   5.4   0.6  53.0   3.4  26.0   10:19     E
24  22.4  28.6   15:47  16.2   07:08   2.7   4.3   0.2   4.5  44.0   14:39     W
25  21.6  27.4   16:23  15.8   06:13   3.1   3.7   0.0   3.5  36.0   16:38     W
26  18.3  24.2   11:26  11.9   06:54   5.7   1.5   0.0   1.8  20.0   17:04   ESE
27  20.2  28.5   16:58  13.4   07:16   4.5   3.0   0.0   1.5  27.0   12:04     W
28  19.0  26.6   15:10  12.6   07:08   5.2   2.0   0.0   2.0  26.0   16:38    SW
29  18.8  25.7   13:37  12.4   07:02   5.3   2.0   0.0   1.9  24.0   17:20     S
30  17.7  22.6   14:45  13.3   07:21   6.3   0.9   0.0   3.2  27.0   16:02   SSE
31  17.2  24.6   15:25  10.7   05:58   6.9   1.5   0.0   2.5  24.0   16:34   SSE
----------------------------------------------------------------------------------
    20.0  36.2     1    10.7    31   134.1  74.7 310.8   3.0  44.0    24     SSE

Max >=  30.0:  4
Max <=  20.0:  3
Min <=  10.0:  0
Min <=   4.0:  0
Max Rain: 104.0 on day 20
Days of Rain: 13 (>= 0.2 mm)  9 (>= 2.0 mm)  5 (>= 20.0 mm)
Heat Base: 24.0  Cool Base: 18.3  Method: Integration
:now::gauges::today::yesterday::this month::this year::records::trends::forum:


Page updated 23/03/2012 9:30:00 PM
powered by Cumulus v1.9.2 (1032)