Leumeah NSW weather

 Latitude S 34° 03' 26"    Longitude E 150° 49' 44"    Elevation 74 m

Leumeah weather

NOAA Style Reports

Select a Year or Month report

Report for 2021 Apr
                   Monthly Climatological Summary for Apr 2021

Name: Blazingcomet   City: Leumeah   State: NSW
Elevation: 74 m  Lat: S 34 03' 26"   Lon: E 150 49' 44"

                  Temperature (C), Rain (mm), Wind Speed (km/h)

                                      Heat  Cool        Avg
    Mean                              Deg   Deg         Wind                 Dom
Day Temp  High   Time   Low    Time   Days  Days  Rain  Speed High   Time    Dir
----------------------------------------------------------------------------------
 1  18.2  25.3   16:41  12.0   03:07   5.8   1.9   0.0   1.3  20.0   16:58     E
 2  19.8  27.2   13:12  13.7   07:24   4.7   2.7   0.0   1.4  18.0   16:29     E
 3  19.8  28.1   16:57  12.9   06:46   4.9   2.9   0.2   1.2  21.0   17:47    NE
 4  21.3  31.6   14:46  13.0   06:03   4.3   4.4   0.0   0.9  18.0   16:57   ENE
 5  21.2  27.6   10:45  15.7   06:10   3.4   3.3   0.0   1.7  27.0   16:47    SE
 6  21.1  26.3   10:34  17.4   02:35   3.1   2.9   0.2   1.9  24.0   13:49   ESE
 7  20.3  24.7   13:58  15.9   06:17   3.8   2.3   0.0   1.6  21.0   12:54   ESE
 8  20.5  26.4   11:28  16.3   06:34   3.8   2.7   0.2   0.0  12.0   15:47     E
 9  20.2  30.1   16:08  14.0   06:23   4.6   3.0   0.2   0.5  31.0   18:59    SE
10  17.7  22.4   15:04  12.5   22:12   6.3   0.8   0.2   5.8  38.0   13:46   WSW
11  14.1  17.8   13:40   8.4   23:43   9.9   0.0   0.0   7.8  45.0   16:27   WSW
12  12.8  20.6   15:35   6.9   02:20  11.2   0.2   0.0   2.6  24.0   10:37    SW
13  14.9  24.0   16:16   7.3   05:25   9.1   1.1   0.0   0.8  16.0   12:55   NNE
14  17.5  27.8   15:13   7.9   06:20   7.1   2.7   0.0   0.0  11.0   12:12   ---
15  18.6  25.6   14:06  10.6   06:36   5.5   2.2   0.0   0.0  21.0   10:05     W
16  17.3  21.9   10:34  14.0   06:38   6.7   0.5   0.0   0.4  20.0   10:42    SE
17  14.8  19.1   10:46  10.1   23:44   9.2   0.0   0.0   0.5  12.0   11:01     E
18  14.6  23.3   13:40   8.6   04:44   9.4   0.7   0.0   1.6  16.0   14:48   ESE
19  15.4  24.6   15:37   7.9   06:28   8.6   1.3   0.2   0.6  12.0   11:02     W
20  14.4  23.6   15:14   6.4   06:26   9.6   0.9   0.0   0.0   3.0   15:07   ---
21  15.0  20.6   14:23   9.3   23:35   9.0   0.4   0.0   3.7  27.0   08:44    SW
22  12.0  19.1   12:50   5.8   06:28  12.0   0.0   0.0   3.6  35.0   13:31   WSW
23  12.8  22.7   15:17   4.3   06:24  11.2   0.7   0.0   2.1  29.0   11:05   WSW
24  13.7  23.9   16:09   5.3   06:34  10.3   1.0   0.0   0.8  15.0   09:53     W
25  14.0  23.1   12:19   7.1   03:27  10.0   0.5   0.0   1.5  18.0   14:01    SE
26  15.0  23.5   14:57   8.2   06:44   9.0   0.8   0.0   1.0  16.0   16:30    SE
27  16.0  22.7   14:36  10.4   06:28   8.0   0.8   0.0   1.3  16.0   15:46   ESE
28  16.2  23.2   13:47  11.3   05:47   7.8   0.9   0.0   0.0   7.0   16:08    SE
29  15.6  23.7   14:21   9.2   05:57   8.4   1.1   0.0   1.2  16.0   15:33   ENE
30  15.9  24.6   13:42   9.7   05:39   8.1   1.0   0.2   1.2  20.0   14:27     E
----------------------------------------------------------------------------------
    16.7  31.6     4     4.3    23   224.8  43.7   1.4   1.6  45.0    11     SSW

Max >=  30.0:  2
Max <=  20.0:  3
Min <=  10.0: 15
Min <=   4.0:  0
Max Rain: 0.2 on day 3
Days of Rain: 7 (>= 0.2 mm)  0 (>= 2.0 mm)  0 (>= 20.0 mm)
Heat Base: 24.0  Cool Base: 18.3  Method: Integration
:now::gauges::today::yesterday::this month::this year::records::trends::forum:


Page updated 23/03/2012 9:30:00 PM
powered by Cumulus v1.9.2 (1032)