NOAA-style Climate Reports

Select a Year or Month report

Report for 2021 Jun
                   Monthly Climatological Summary for Jun 2021

Name: Blazingcomet   City: Leumeah   State: NSW
Elevation: 74 m  Lat: S 34° 03' 26"   Lon: E 150° 49' 44"

                  Temperature (°C), Rain (mm), Wind Speed (km/h)

                                      Heat  Cool        Avg
    Mean                              Deg   Deg         Wind                 Dom
Day Temp  High   Time   Low    Time   Days  Days  Rain  Speed High   Time    Dir
----------------------------------------------------------------------------------
 1  10.1  18.7   13:58   4.7   03:55  13.9   0.0   0.2   0.0   6.0   04:29     W
 2  12.2  21.3   13:47   5.7   04:46  11.7   0.4   0.0   0.0   3.0   08:11   ---
 3  11.3  13.8   14:56   8.3   05:44  12.7   0.0   9.6   0.2  36.0   09:19    SW
 4  12.8  19.1   11:53   7.0   05:49  11.2   0.0   0.2   2.9  33.0   13:19   WSW
 5   9.8  16.7   14:45   4.4   05:37  13.8   0.0   0.0   0.8  12.0   10:21   WSW
 6  11.0  19.3   15:36   3.6   04:19  12.6   0.1   0.0   2.6  24.0   08:02    SW
 7   9.8  18.9   16:10   3.0   05:43  14.2   0.0   0.0   0.0   3.0   09:36   ---
 8  10.4  18.6   13:57   4.8   07:18  13.6   0.0   2.6   0.2  26.0   19:25     E
 9   9.0  15.7   12:59   4.6   23:55  15.0   0.0   0.2   1.2  26.0   14:01     W
10   5.5   8.9   14:14   0.7   04:39  18.5   0.0   6.0   0.3  11.0   12:08     E
11   8.2  14.4   13:44   2.3   07:03  15.8   0.0   0.2   0.9  24.0   14:14   WSW
12   9.4  16.9   16:29   2.3   06:11  14.6   0.0   0.2   0.9  18.0   11:43     W
13   9.2  17.7   14:15   2.0   06:43  14.8   0.0   0.0   1.8  27.0   12:08   WSW
14  11.8  17.7   13:37   5.5   00:00  12.2   0.0   0.0   0.7  16.0   11:56   WSW
15  12.3  17.4   13:09   7.9   23:55  11.7   0.0   0.0   0.7  12.0   08:52    SW
16  11.3  19.1   13:58   4.4   07:08  12.7   0.0  11.6   0.3  18.0   23:32   WSW
17  11.7  16.7   14:00   5.1   05:41  12.3   0.0   1.0   5.5  44.0   10:03     W
18  12.5  17.9   13:26   6.8   06:36  11.5   0.0   4.4   5.7  44.0   13:48   WSW
19  13.4  15.5   15:19  11.9   02:01  10.6   0.0   0.2   9.3  47.0   16:04    SW
20  12.6  15.7   11:32  10.5   23:15  11.4   0.0   0.4   4.6  31.0   01:56    SW
21  11.9  16.7   14:40   7.6   23:41  12.1   0.0   0.0   1.4  20.0   09:08   SSW
22  11.5  17.8   12:45   7.7   00:00  12.5   0.0   0.0   0.4  11.0   14:14   SSE
23  11.4  17.5   14:44   6.9   07:13  12.6   0.0   0.0   0.1   6.0   11:07     E
24  15.0  21.1   13:22  10.4   02:45   9.0   0.4   0.6   1.0  26.0   12:02     N
25  12.1  18.3   14:17   6.5   07:26  11.9   0.0   0.2   1.6  36.0   13:07     W
26  10.0  17.1   14:03   3.7   06:47  14.0   0.0   0.0   0.8  33.0   11:58     W
27  10.0  18.2   14:33   2.7   07:17  14.0   0.0   0.0   0.1  11.0   22:07    SW
28  10.8  16.6   11:22   6.4   07:36  13.2   0.0   0.0   1.6  20.0   11:45     S
29  11.3  15.9   14:33   6.2   06:18  12.7   0.0   8.6   0.7  15.0   12:05   WSW
30  13.3  18.8   13:15   8.9   07:17  10.7   0.0   3.0   0.0   6.0   00:00    SE
----------------------------------------------------------------------------------
    11.1  21.3     2     0.7    10   387.5   0.9  49.2   1.5  47.0    19     WSW

Max >=  30.0:  0
Max <=  20.0: 28
Min <=  10.0: 27
Min <=   4.0:  8
Max Rain: 11.6 on day 16
Days of Rain: 17 (>= 0.2 mm)  7 (>= 2.0 mm)  0 (>= 20.0 mm)
Heat Base: 24.0  Cool Base: 18.3  Method: Integration