Leumeah NSW weather

 Latitude S 34° 03' 26"    Longitude E 150° 49' 44"    Elevation 74 m

Leumeah weather

NOAA Style Reports

Select a Year or Month report

Report for 2011 Aug
                   Monthly Climatological Summary for Aug 2011

Name: Blazingcomet   City: Leumeah   State: NSW
Elevation: 74 m  Lat: S 34 03' 26"   Lon: E 150 49' 44"

                  Temperature (C), Rain (mm), Wind Speed (km/h)

                                      Heat  Cool        Avg
    Mean                              Deg   Deg         Wind                 Dom
Day Temp  High   Time   Low    Time   Days  Days  Rain  Speed High   Time    Dir
----------------------------------------------------------------------------------
21  22.0  25.2   00:29  19.0   10:33   2.0   3.7   1.2   0.0   0.0   00:24   ---
22  15.9  21.7   00:18  10.6   06:56   8.1   0.0   0.0   0.0  14.8   20:36   ---
23  14.0  19.0   14:23  11.0   23:19  10.0   0.0   0.0   0.0   0.0   00:19   ---
24  14.8  22.8   12:08   9.4   23:55   9.2   0.0   0.0   0.0   0.0   00:19   ---
25  14.5  27.2   14:03   5.5   06:36   9.5   0.0   0.0   0.0   0.0   00:00   ---
26  15.1  26.4   14:35   6.5   06:31   8.9   0.0   0.0   0.0   0.0   00:18   ---
27  14.8  23.7   15:13  10.0   03:18   9.2   0.0   0.0   0.1   7.2   15:09     N
28  14.5  25.8   15:25   7.5   06:09   9.5   0.0   0.0   1.2  12.2   10:14   WNW
29  15.2  25.6   15:02   6.7   06:12   8.8   0.0   0.0   1.8  20.9   11:04   WSW
30  14.6  22.7   14:56   9.1   06:24   9.4   0.0   0.0   1.6  17.3   11:29     E
31  15.1  25.0   13:53   8.6   06:44   8.9   0.0   0.0   1.9  20.9   15:31   ENE
----------------------------------------------------------------------------------
    15.5  27.2    25     5.5    25    93.5   3.7   1.2   0.6  20.9    29     ENE

Max >=  30.0:  0
Max <=  20.0:  1
Min <=  10.0:  8
Min <=   4.0:  0
Max Rain: 1.2 on day 21
Days of Rain: 1 (>= 0.2 mm)  0 (>= 2.0 mm)  0 (>= 20.0 mm)
Heat Base: 24.0  Cool Base: 18.3  Method: Integration
:now::gauges::today::yesterday::this month::this year::records::trends::forum:


Page updated 23/03/2012 9:30:00 PM
powered by Cumulus v1.9.2 (1032)