Leumeah NSW weather

 Latitude S 34° 03' 26"    Longitude E 150° 49' 44"    Elevation 74 m

Leumeah weather

NOAA Style Reports

Select a Year or Month report
V/Λ2018 > Jan Feb Mar Apr May Jun Jul Aug Sep Oct Nov Dec
V/Λ2017 > Jan Feb Mar Apr May Jun Jul Aug Sep Oct Nov Dec
V/Λ2016 > Jan Feb Mar Apr May Jun Jul Aug Sep Oct Nov Dec
V/Λ2015 > Jan Feb Mar Apr May Jun Jul Aug Sep Oct Nov Dec
V/Λ2014 > Jan Feb Mar Apr May Jun Jul Aug Sep Oct Nov Dec
V/Λ2013 > Jan Feb Mar Apr May Jun Jul Aug Sep Oct Nov Dec
V/Λ2012 > Jan Feb Mar Apr May Jun Jul Aug Sep Oct Nov Dec
V/Λ2011 > Jan Feb Mar Apr May Jun Jul Aug Sep Oct Nov Dec

Report for 2015
                   Annual Climatological Summary for 2015

Name: Blazingcomet   City: Leumeah   State: NSW
Elevation: 74 m  Lat: S 34 03' 26"   Lon: E 150 49' 44"

                  Temperature (C), Heat Base: 24.0  Cool Base: 18.3
                          Dep.  Heat  Cool                       Max  Max  Min  Min
        Mean  Mean        From  Deg   Deg                        >=   <=   <=   <=
 YR MO  Max   Min   Mean  Norm  Days  Days  Hi  Date  Low  Date 30.0 20.0 10.0   4.0
------------------------------------------------------------------------------------
 15  1  31.0  17.7  23.4   0.0    74   172  39.6   4  10.5   30   21    0    0    0
 15  2  29.9  17.0  22.2   0.0    82   116  37.3   8  13.3    4   14    0    0    0
 15  3  29.5  15.2  20.9   0.0    89    74  38.0   1  10.0    6   11    1    1    0
 15  4
 15  5
 15  6
 15  7  19.7   7.1  13.4   0.0   101     3  32.2  22   0.0   23    1    8    8    1
 15  8  19.5   6.3  12.3   0.0   352     7  28.3  22   0.0    9    0   20   27    7
 15  9  21.0   8.3  14.3   0.0   278    17  29.6  15   0.0   10    0   12   21    3
 15 10  26.5  13.0  19.1   0.0   172    75  37.8   5   9.3   24    7    5    3    0
 15 11  27.1  14.6  20.1   0.0   146    85  40.8  20   9.9   17    9    3    1    0
 15 12  28.3  15.3  21.1   0.0   124   110  40.2  20  11.3    4   11    1    0    0
------------------------------------------------------------------------------------
        25.9  12.7  18.5   0.0  1422   662  40.8 Nov   0.0  Jul   74   50   61   11

                                Precipitation (mm)

              Dep.   Max        Days of Rain
              From   Obs.           >=
 YR MO Total  Norm   Day Date  0.2  2.0 20.0
---------------------------------------------
 15  1  95.4   0.0  30.9  27    16    8    2
 15  2  35.7   0.0  11.1  14    13    5    0
 15  3  36.3   0.0  19.8  11     7    3    0
 15  4
 15  5
 15  6
 15  7   0.4   0.0   0.2  23     2    0    0
 15  8  63.8   0.0  42.2  24     6    4    1
 15  9  29.0   0.0   9.2  19    13    6    0
 15 10  50.2   0.0  18.0  12     9    5    0
 15 11  85.8   0.0  19.2  13    14   10    0
 15 12  56.8   0.0  20.0  22     8    6    1
---------------------------------------------
       453.4   0.0  42.2  Aug   88   47    4

                                Wind Speed (km/h)
                          Dom
 YR MO   Avg.  Hi   Date  Dir
------------------------------
 15  1   7.8  45.0    4   ESE
 15  2   6.6  40.0    2     E
 15  3   6.4  62.0    1    SE
 15  4
 15  5
 15  6
 15  7   0.1  19.0   22   SSW
 15  8   1.3  45.0   25   WSW
 15  9   3.7  53.0   24   SSW
 15 10   2.7  57.0   26    SE
 15 11   3.2  49.0   26    SE
 15 12   3.5  53.0   11   ESE
------------------------------
         3.9  62.0  Mar    SE
:now::gauges::today::yesterday::this month::this year::records::trends::forum:


Page updated 23/03/2012 9:30:00 PM
powered by Cumulus v1.9.2 (1032)