Leumeah NSW weather

 Latitude S 34° 03' 26"    Longitude E 150° 49' 44"    Elevation 74 m

Leumeah weather

NOAA Style Reports

Select a Year or Month report

Report for 2018
                   Annual Climatological Summary for 2018

Name: Blazingcomet   City: Leumeah   State: NSW
Elevation: 74 m  Lat: S 34 03' 26"   Lon: E 150 49' 44"

                  Temperature (C), Heat Base: 24.0  Cool Base: 18.3
                          Dep.  Heat  Cool                       Max  Max  Min  Min
        Mean  Mean        From  Deg   Deg                        >=   <=   <=   <=
 YR MO  Max   Min   Mean  Norm  Days  Days  Hi  Date  Low  Date 30.0 20.0 10.0   4.0
------------------------------------------------------------------------------------
 18  1  31.0  17.6  23.2   0.0    78   162  44.2   7  11.5   18   21    0    0    0
 18  2  28.8  16.7  21.9   0.0    90   113  37.4  14  12.5   28   11    0    0    0
 18  3  27.3  16.1  20.9   0.0   120    96  38.5  18   9.7   27    9    2    1    0
 18  4  26.5  14.3  19.7   0.0   149    80  34.7   9   9.8   30    8    2    1    0
 18  5  21.1   7.7  13.8   0.0   316    16  27.1   3   3.1   20    0   11   27    2
 18  6  16.6   6.1  10.9   0.0   392     0  19.0  23   1.6   30    0   30   28   10
 18  7  18.5   3.7  10.6   0.0   416     4  23.9   6  -1.8   16    0   24   31   20
 18  8  19.0   4.5  11.8   0.0   256     6  25.0  11   0.6   18    0   14   21    8
 18  9
 18 10
 18 11
 18 12
------------------------------------------------------------------------------------
        23.6  10.8  16.6   0.0  1820   479  44.2 Jan  -1.8  Jul   49   83  109   40

                                Precipitation (mm)

              Dep.   Max        Days of Rain
              From   Obs.           >=
 YR MO Total  Norm   Day Date  0.2  2.0 20.0
---------------------------------------------
 18  1  24.4   0.0  17.4   9     6    2    0
 18  2  65.2   0.0  30.0  25     8    6    1
 18  3  26.2   0.0   5.2   6    12    6    0
 18  4   9.6   0.0   5.8  29     8    2    0
 18  5  11.6   0.0   6.8  29     9    2    0
 18  6  78.0   0.0  21.6   6    15    8    1
 18  7   4.6   0.0   3.8   2     5    1    0
 18  8   1.0   0.0   1.0   6     1    0    0
 18  9
 18 10
 18 11
 18 12
---------------------------------------------
       220.6   0.0  30.0  Feb   64   27    2

                                Wind Speed (km/h)
                          Dom
 YR MO   Avg.  Hi   Date  Dir
------------------------------
 18  1   4.3  58.0   13   ESE
 18  2   3.7  53.0   14   ESE
 18  3   2.9  53.0   26    SE
 18  4   2.6  53.0   15   SSW
 18  5   2.3  57.0   11   WSW
 18  6   2.4  45.0   17    SW
 18  7   2.3  60.0   20     W
 18  8   4.5  57.0   18     W
 18  9
 18 10
 18 11
 18 12
------------------------------
         3.1  60.0  Jul     S
:now::gauges::today::yesterday::this month::this year::records::trends::forum:


Page updated 23/03/2012 9:30:00 PM
powered by Cumulus v1.9.2 (1032)