Leumeah NSW weather

 Latitude S 34° 03' 26"    Longitude E 150° 49' 44"    Elevation 74 m

Leumeah weather

NOAA Style Reports

Select a Year or Month report

Report for 2020
                   Annual Climatological Summary for 2020

Name: Blazingcomet   City: Leumeah   State: NSW
Elevation: 74 m  Lat: S 34 03' 26"   Lon: E 150 49' 44"

                  Temperature (C), Heat Base: 24.0  Cool Base: 18.3
                          Dep.  Heat  Cool                       Max  Max  Min  Min
        Mean  Mean        From  Deg   Deg                        >=   <=   <=   <=
 YR MO  Max   Min   Mean  Norm  Days  Days  Hi  Date  Low  Date 30.0 20.0 10.0   4.0
------------------------------------------------------------------------------------
 20  1  30.5  19.2  23.9   0.0    61   175  46.1   4  14.9   13   14    0    0    0
 20  2  28.2  18.3  22.6   0.0    74   126  46.3   1  12.3   28    7    0    0    0
 20  3  25.5  15.3  19.8   0.0   145    73  37.8   2  11.1   18    5    1    0    0
 20  4  24.1  11.8  17.4   0.0   201    43  30.2  15   7.1   18    1    3   11    0
 20  5  19.7   8.5  13.6   0.0   323     8  27.0   8   4.4   12    0   21   23    0
 20  6  17.9   6.4  11.7   0.0   368     1  21.9   1   2.7    5    0   27   27    4
 20  7  17.7   6.4  11.7   0.0   380     1  23.3   2   3.0   19    0   30   27    5
 20  8  18.6   5.9  11.9   0.0   373     5  26.2  30   1.6    5    0   22   27   11
 20  9  23.5   9.7  16.0   0.0   181    27  30.9  17   5.0    2    2    5   12    0
 20 10
 20 11
 20 12
------------------------------------------------------------------------------------
        22.9  11.3  16.5   0.0  2110   464  46.3 Feb   1.6  Aug   29  109  127   20

                                Precipitation (mm)

              Dep.   Max        Days of Rain
              From   Obs.           >=
 YR MO Total  Norm   Day Date  0.2  2.0 20.0
---------------------------------------------
 20  1  99.2   0.0  30.8  16    12    8    1
 20  2 325.2   0.0 169.2   9    16   11    3
 20  3  83.8   0.0  20.8   5    15   10    1
 20  4  68.0   0.0  24.8  29    10    6    1
 20  5  48.6   0.0  26.8  21    13    3    1
 20  6  30.0   0.0   9.6  21    16    5    0
 20  7  93.6   0.0  52.2  26    13    6    1
 20  8  91.0   0.0  39.6   9    13    4    3
 20  9  28.6   0.0  10.6  20    12    4    0
 20 10
 20 11
 20 12
---------------------------------------------
       868.0   0.0 169.2  Feb  120   57   11

                                Wind Speed (km/h)
                          Dom
 YR MO   Avg.  Hi   Date  Dir
------------------------------
 20  1   3.4  53.0   20   ESE
 20  2   2.7  57.0    9   ESE
 20  3   1.8  49.0    2    SE
 20  4   1.3  57.0   11   WSW
 20  5   2.3  49.0    2    SW
 20  6   1.4  42.0    1    SW
 20  7   2.1  42.0   14    SW
 20  8   3.2  62.0   19   WSW
 20  9   1.3  44.0   17    SE
 20 10
 20 11
 20 12
------------------------------
         2.2  62.0  Aug     S
:now::gauges::today::yesterday::this month::this year::records::trends::forum:


Page updated 23/03/2012 9:30:00 PM
powered by Cumulus v1.9.2 (1032)