Leumeah NSW weather

 Latitude S 34° 03' 26"    Longitude E 150° 49' 44"    Elevation 74 m

Leumeah weather

NOAA Style Reports

Select a Year or Month report
V/Λ2018 > Jan Feb Mar Apr May Jun Jul Aug Sep Oct Nov Dec
V/Λ2017 > Jan Feb Mar Apr May Jun Jul Aug Sep Oct Nov Dec
V/Λ2016 > Jan Feb Mar Apr May Jun Jul Aug Sep Oct Nov Dec
V/Λ2015 > Jan Feb Mar Apr May Jun Jul Aug Sep Oct Nov Dec
V/Λ2014 > Jan Feb Mar Apr May Jun Jul Aug Sep Oct Nov Dec
V/Λ2013 > Jan Feb Mar Apr May Jun Jul Aug Sep Oct Nov Dec
V/Λ2012 > Jan Feb Mar Apr May Jun Jul Aug Sep Oct Nov Dec
V/Λ2011 > Jan Feb Mar Apr May Jun Jul Aug Sep Oct Nov Dec

Report for 2011 Sep
                   Monthly Climatological Summary for Sep 2011

Name: Blazingcomet   City: Leumeah   State: NSW
Elevation: 74 m  Lat: S 34 03' 26"   Lon: E 150 49' 44"

                  Temperature (C), Rain (mm), Wind Speed (km/h)

                                      Heat  Cool        Avg
    Mean                              Deg   Deg         Wind                 Dom
Day Temp  High   Time   Low    Time   Days  Days  Rain  Speed High   Time    Dir
----------------------------------------------------------------------------------
 1  16.4  25.8   14:08  11.4   06:20   7.6   0.0   0.0   2.5  22.0   14:48     E
 2  13.9  21.9   15:28  10.2   22:34  10.1   0.0   0.0   2.6  19.0   10:45    SE
 3  14.7  26.4   15:07   7.0   06:27   9.3   0.0   0.0   2.4  22.0   13:14    NE
 4  15.5  28.2   15:49   6.7   06:15   8.5   0.0   0.0   1.7  18.0   16:30    NE
 5  17.0  28.5   14:51  11.4   02:04   7.0   0.0   0.0   1.4  16.0   16:01   ENE
 6  17.8  29.4   13:55   8.7   06:12   6.2   0.0   0.9   2.0  26.0   16:25    NW
 7  15.5  26.6   14:23  10.4   23:34   8.5   0.0   0.0   3.1  22.0   06:54     S
 8  14.4  21.1   12:49   9.6   03:04   9.6   0.0   0.6   2.7  18.0   13:37   ENE
 9  12.1  17.9   15:42   8.5   23:33  11.9   0.0   4.5   1.4  21.0   20:15   SSW
10  11.0  16.8   12:34   4.2   06:01  13.0   0.0   0.3   5.1  34.0   12:46   WSW
11  12.3  20.9   13:37   4.8   06:12  11.7   0.0   0.0   3.8  34.0   12:41   WSW
12  13.7  25.3   15:47   7.1   06:01  10.3   0.0   0.0   2.7  18.0   16:21   SSW
13  14.2  27.7   16:09   3.1   06:14   9.8   0.0   0.0   2.1  17.0   19:19     W
14  16.9  28.4   14:47   6.0   06:00   7.1   0.0   0.0   3.4  32.0   13:51     W
15  17.0  27.1   14:10  11.4   23:53   7.0   0.0   0.0   1.7  21.0   15:54   ENE
16  17.6  31.2   14:08   7.1   06:06   6.4   0.0   0.0   1.3  36.0   15:54   WNW
17  19.0  31.6   14:33   9.9   05:43   5.0   0.7   0.0   1.4  17.0   15:23    NE
18  18.0  27.5   12:53   9.1   06:05   6.0   0.0   0.0   2.1  34.0   13:10   ESE
19  20.2  30.4   14:41  15.1   06:11   3.8   1.9   0.0   2.0  23.0   14:30   ENE
20  18.3  26.9   12:33  12.4   05:55   5.7   0.0   0.0   6.0  43.0   14:14   WSW
21  16.5  28.6   15:04   7.2   06:00   7.5   0.0   0.0   1.7  23.0   15:07   SSW
22  17.2  30.3   15:44   8.0   06:01   6.8   0.0   0.0   1.6  21.0   16:29     N
23  18.4  33.8   13:53   8.4   05:55   5.6   0.1   0.0   2.9  40.0   16:26   SSE
24  15.5  22.0   13:11  13.1   22:35   8.5   0.0   0.3   2.0  19.0   13:29    SE
25  13.1  17.7   17:04  11.6   21:45  10.9   0.0  18.3   2.3  33.0   09:16   SSE
26  16.0  24.1   14:37  11.0   22:55   8.0   0.0   0.0   2.7  23.0   10:42    SE
27  15.6  26.1   14:34   8.0   05:05   8.4   0.0   0.0   1.7  27.0   15:42   ENE
28  14.0  18.5   14:53   9.4   03:15  10.0   0.0   0.3   0.8  11.0   19:34     E
29  16.1  22.4   12:06  12.2   20:05   7.9   0.0   3.0   5.7  40.0   11:54    NW
30  15.8  22.0   14:33  10.2   23:57   8.2   0.0   0.0   6.2  39.0   09:48    NW
----------------------------------------------------------------------------------
    15.8  33.8    23     3.1    13   246.3   2.7  28.2   2.6  43.0    20      SW

Max >=  30.0:  5
Max <=  20.0:  4
Min <=  10.0: 18
Min <=   4.0:  1
Max Rain: 18.3 on day 25
Days of Rain: 8 (>= 0.2 mm)  3 (>= 2.0 mm)  0 (>= 20.0 mm)
Heat Base: 24.0  Cool Base: 18.3  Method: Integration
:now::gauges::today::yesterday::this month::this year::records::trends::forum:


Page updated 23/03/2012 9:30:00 PM
powered by Cumulus v1.9.2 (1032)