Leumeah NSW weather

 Latitude S 34° 03' 26"    Longitude E 150° 49' 44"    Elevation 74 m

Leumeah weather

NOAA Style Reports

Select a Year or Month report
V/Λ2018 > Jan Feb Mar Apr May Jun Jul Aug Sep Oct Nov Dec
V/Λ2017 > Jan Feb Mar Apr May Jun Jul Aug Sep Oct Nov Dec
V/Λ2016 > Jan Feb Mar Apr May Jun Jul Aug Sep Oct Nov Dec
V/Λ2015 > Jan Feb Mar Apr May Jun Jul Aug Sep Oct Nov Dec
V/Λ2014 > Jan Feb Mar Apr May Jun Jul Aug Sep Oct Nov Dec
V/Λ2013 > Jan Feb Mar Apr May Jun Jul Aug Sep Oct Nov Dec
V/Λ2012 > Jan Feb Mar Apr May Jun Jul Aug Sep Oct Nov Dec
V/Λ2011 > Jan Feb Mar Apr May Jun Jul Aug Sep Oct Nov Dec

Report for 2011 Oct
                   Monthly Climatological Summary for Oct 2011

Name: Blazingcomet   City: Leumeah   State: NSW
Elevation: 74 m  Lat: S 34 03' 26"   Lon: E 150 49' 44"

                  Temperature (C), Rain (mm), Wind Speed (km/h)

                                      Heat  Cool        Avg
    Mean                              Deg   Deg         Wind                 Dom
Day Temp  High   Time   Low    Time   Days  Days  Rain  Speed High   Time    Dir
----------------------------------------------------------------------------------
 1  13.8  22.1   12:05   6.9   05:43  10.2   0.0   0.0   2.5  22.0   13:32   SSE
 2  13.2  20.1   15:29   9.9   06:30  10.8   0.0  15.5   3.3  28.0   15:28   SSW
 3  13.9  22.2   15:58   8.8   02:30  10.1   0.0   0.0   2.5  22.0   16:08   SSW
 4  14.0  23.5   16:25   7.7   03:32  10.0   0.0   0.0   1.8  19.0   14:01     S
 5  14.6  24.2   13:48   8.6   02:52   9.4   0.0   0.0   1.8  16.0   17:08   ENE
 6  15.3  21.5   11:54  11.9   01:42   8.7   0.0   2.1   0.7  17.0   11:49     N
 7  17.6  26.4   14:24  13.3   04:59   6.4   0.0   1.2   1.0  16.0   16:40     E
 8  17.5  23.6   12:27  14.4   23:52   6.5   0.0   0.0   1.1  17.0   13:30    SE
 9  16.9  25.5   13:17  11.4   06:01   7.1   0.0   0.3   3.5  32.0   17:32   WNW
10  16.5  27.1   15:40   9.4   05:32   7.5   0.0   0.0   1.8  21.0   16:25   ESE
11  16.4  26.0   16:34   9.2   06:46   0.9   0.3   0.0   2.7  22.0   09:31    SE
12  15.4  25.7   15:25   6.9   06:42   4.2   1.3   0.0   4.5  23.0   15:30    SE
13  17.6  25.2   16:02  13.4   05:53   2.0   1.3   0.0   5.5  22.0   14:22   ESE
14  16.3  18.8   13:04  13.7   03:33   2.1   0.0   0.0   2.3  17.0   15:37     E
15  21.2  30.6   14:19  16.3   05:53   0.6   3.5   0.6   3.0  19.0   14:10    SE
16  20.0  30.1   14:07  12.8   06:42   1.7   3.4   0.0   4.2  26.0   13:14   SSE
17  16.4  26.1   14:49   9.4   06:09   3.6   1.7   0.0   2.3  22.0   15:38    SE
18  17.4  26.6   16:09  12.0   23:53   2.5   1.6   0.0   3.9  21.0   15:50   ESE
19  18.2  31.0   14:55   8.5   06:14   3.4   3.3   0.0   3.9  19.0   16:00     E
20  20.4  35.2   15:58   9.5   06:31   2.6   4.7   0.0   3.7  23.0   18:29     E
21  23.3  36.8   15:28  13.4   06:48   1.3   6.3   0.0   4.5  23.0   16:16   ESE
22  22.2  33.9   14:27  13.7   06:03   0.9   4.8   0.0   3.7  19.0   16:30     E
23  23.3  35.0   15:46  15.3   05:53   0.5   5.5   0.0   3.3  18.0   15:22     E
24  25.8  36.3   16:27  15.4   06:10   0.4   8.0   0.0   3.9  27.0   14:47   NNW
25  17.9  23.4   00:00  13.7   23:43   1.3   0.9   9.3   4.5  21.0   14:15     S
26  14.6  17.9   14:52  12.4   06:00   3.7   0.0   1.2   4.3  18.0   12:34     S
27  16.2  21.0   10:12  11.7   01:33   2.5   0.3   0.6   3.7  17.0   12:33   ESE
28  20.1  28.9   16:32  14.5   06:25   1.0   2.8   0.0   3.8  21.0   17:31   ENE
29  22.2  32.5   16:32  15.3   06:17   0.6   4.5   0.0   1.7  13.0   15:36   ENE
30  22.0  31.5   14:25  15.2   23:53   0.5   4.2   0.0   5.6  24.0   15:23     W
31  18.5  27.7   15:04  11.1   06:24   2.1   2.3   0.0   6.2  30.0   16:33   SSE
----------------------------------------------------------------------------------
    18.0  36.8    21     6.9     1   125.1  60.7  30.8   3.3  32.0     9      SE

Max >=  30.0: 10
Max <=  20.0:  2
Min <=  10.0: 11
Min <=   4.0:  0
Max Rain: 15.5 on day 2
Days of Rain: 8 (>= 0.2 mm)  3 (>= 2.0 mm)  0 (>= 20.0 mm)
Heat Base: 24.0  Cool Base: 18.3  Method: Integration
:now::gauges::today::yesterday::this month::this year::records::trends::forum:


Page updated 23/03/2012 9:30:00 PM
powered by Cumulus v1.9.2 (1032)