Leumeah NSW weather

 Latitude S 34° 03' 26"    Longitude E 150° 49' 44"    Elevation 74 m

Leumeah weather

NOAA Style Reports

Select a Year or Month report

Report for 2011 Nov
                   Monthly Climatological Summary for Nov 2011

Name: Blazingcomet   City: Leumeah   State: NSW
Elevation: 74 m  Lat: S 34 03' 26"   Lon: E 150 49' 44"

                  Temperature (C), Rain (mm), Wind Speed (km/h)

                                      Heat  Cool        Avg
    Mean                              Deg   Deg         Wind                 Dom
Day Temp  High   Time   Low    Time   Days  Days  Rain  Speed High   Time    Dir
----------------------------------------------------------------------------------
 1  19.1  27.6   15:20  14.5   06:15   1.2   2.0   0.0   4.9  21.0   15:56   ESE
 2  20.4  29.7   14:11  12.9   06:03   1.1   3.2   0.0   5.4  24.0   13:27   SSE
 3  16.7  20.6   13:30  14.7   05:33   1.8   0.1  17.7   4.5  17.0   14:49    SE
 4  19.3  28.0   14:22  14.3   06:22   1.3   2.3   0.0   3.8  19.0   15:47   ESE
 5  22.4  34.3   15:49  14.9   06:26   0.8   4.9   0.0   3.9  18.0   14:15   ENE
 6  24.9  36.2   14:53  15.4   06:00   0.5   7.1   0.0   2.4  16.0   12:58     N
 7  24.1  33.2   12:38  19.1   06:18   0.0   5.8   3.0   3.4  23.0   14:11   ESE
 8  23.8  37.1   14:55  17.5   04:43   0.1   5.6   6.6   2.8  27.0   16:51    NE
 9  25.8  37.3   16:46  18.6   05:13   0.0   7.5   0.3   3.2  16.0   17:18     E
10  23.9  31.1   15:11  17.6   22:24   0.0   5.6   0.0   6.5  42.0   14:25     W
11  21.3  28.8   15:08  15.0   06:07   0.5   3.5   0.0   5.8  27.0   16:02     E
12  23.5  34.8   14:32  18.4   06:00   0.0   5.2   0.0   4.2  23.0   14:35   ESE
13  21.7  29.9   14:18  16.3   05:54   0.4   3.8   0.0   4.4  21.0   15:39     E
14  26.9  38.0   16:14  16.9   04:54   0.1   8.7   0.0   6.1  34.0   15:24    NW
15  23.9  33.2   14:38  17.2   04:34   0.1   5.6   0.0   5.3  23.0   16:43     E
16  18.8  26.0   10:48  15.5   05:54   0.9   1.5   9.0   3.7  30.0   11:13     S
17  17.8  20.2   12:24  15.7   01:04   0.9   0.4   3.6   1.8  10.0   11:19   ESE
18  23.2  33.0   15:59  17.7   02:44   0.1   5.0   0.0   3.7  18.0   17:40     E
19  26.8  39.3   15:38  19.2   00:04   0.0   8.5   0.0   4.2  24.0   16:27   ENE
20  24.2  35.0   12:28  17.5   23:54   0.0   5.9   3.3   4.5  28.0   12:56   NNW
21  19.4  23.8   14:26  14.4   06:01   0.9   2.0   2.1   4.1  17.0   14:28     E
22  17.9  21.5   11:24  14.9   22:14   0.9   0.5  14.4   2.0  22.0   14:44     W
23  15.9  17.7   18:16  14.7   03:34   2.4   0.0  29.1   3.6  21.0   15:52   SSW
24  16.2  18.9   15:38  15.0   05:34   2.1   0.0   6.9   3.4  18.0   09:57    SE
25  17.0  19.7   11:53  14.7   02:14   1.5   0.2  13.5   4.9  17.0   11:30   ESE
26  23.4  32.3   15:30  18.3   00:04   0.0   5.1  37.8   8.7  27.0   18:34   NNE
27  22.6  32.5   16:56  15.3   05:05   0.4   4.8   0.0   7.3  33.0   10:34   WNW
28  23.6  35.7   14:54  14.3   05:51   0.9   6.2   0.0   4.9  24.0   17:43     E
29  24.3  34.4   13:18  17.3   05:43   0.1   6.2   0.0   4.8  22.0   16:56     E
30  25.4  31.5   13:58  18.8   23:56   0.0   7.1   0.0   5.3  30.0   15:46    NW
----------------------------------------------------------------------------------
    21.8  39.3    19    12.9     2    19.0 124.3 147.3   4.4  42.0    10       E

Max >=  30.0: 17
Max <=  20.0:  3
Min <=  10.0:  0
Min <=   4.0:  0
Max Rain: 37.8 on day 26
Days of Rain: 13 (>= 0.2 mm)  12 (>= 2.0 mm)  2 (>= 20.0 mm)
Heat Base: 24.0  Cool Base: 18.3  Method: Integration
:now::gauges::today::yesterday::this month::this year::records::trends::forum:


Page updated 23/03/2012 9:30:00 PM
powered by Cumulus v1.9.2 (1032)