Leumeah NSW weather

 Latitude S 34° 03' 26"    Longitude E 150° 49' 44"    Elevation 74 m

Leumeah weather

NOAA Style Reports

Select a Year or Month report

Report for 2011 Dec
                   Monthly Climatological Summary for Dec 2011

Name: Blazingcomet   City: Leumeah   State: NSW
Elevation: 74 m  Lat: S 34 03' 26"   Lon: E 150 49' 44"

                  Temperature (C), Rain (mm), Wind Speed (km/h)

                                      Heat  Cool        Avg
    Mean                              Deg   Deg         Wind                 Dom
Day Temp  High   Time   Low    Time   Days  Days  Rain  Speed High   Time    Dir
----------------------------------------------------------------------------------
 1  19.0  26.7   15:15  14.8   05:55   1.3   2.0   0.3   8.1  27.0   01:40   SSE
 2  17.8  23.0   17:06  14.0   05:49   1.8   1.3   0.0   6.8  28.0   18:09     S
 3  19.6  30.1   15:56  10.9   05:55   2.1   3.5   0.0   3.1  19.0   16:39     E
 4  16.3  25.6   10:34  12.6   05:37   2.6   0.6   0.3   7.0  34.0   15:40     S
 5  15.6  21.9   11:06  10.1   06:00   3.2   0.4   4.0   7.0  23.0   09:59   SSW
 6  16.3  21.1   12:38  12.4   03:27   2.4   0.4   0.0   4.3  16.0   15:47   SSE
 7  17.0  24.6   13:18  10.1   05:25   2.8   1.4   0.3   4.2  18.0   14:35    SE
 8  18.3  22.5   11:53  16.2   03:58   0.8   0.8  14.0   2.5  18.0   12:39    SE
 9  19.9  27.2   15:42  13.9   05:58   1.0   2.7  13.0   3.8  19.0   15:39   ESE
10  20.5  28.8   15:03  15.3   05:42   0.7   2.9   0.0   3.5  21.0   15:42   ESE
11  21.0  30.4   11:45  15.9   06:07   0.3   3.0  10.0   2.3  22.0   12:22    SW
12  18.6  22.8   16:57  16.9   06:07   0.4   0.7   0.0   5.0  21.0   16:02     S
13  19.8  26.6   15:31  16.4   05:41   0.7   2.2   0.9   6.2  18.0   09:15     S
14  18.6  25.7   15:38  13.0   06:08   1.4   1.7   0.0   5.3  23.0   16:39   SSE
15  20.0  27.5   15:37  15.6   05:43   0.7   2.5   0.0   4.0  18.0   16:56    SE
16  17.7  22.1   15:59  12.3   05:52   1.6   1.0   0.0   3.0  19.0   10:10    SE
17  19.6  26.1   16:52  15.6   23:18   0.8   2.1   0.0   3.9  17.0   16:12   ESE
18  19.9  27.4   13:09  13.9   05:03   1.3   2.8   0.0   4.0  19.0   16:48     E
19  20.6  25.9   13:23  18.7   05:43   0.0   2.3  15.5   2.7  21.0   18:04     E
20  21.5  28.2   15:24  17.5   05:44   0.1   3.3   0.0   4.8  19.0   16:25   SSE
21  21.0  27.9   14:15  17.9   03:47   0.0   2.8   1.2   3.2  16.0   16:54   SSE
22  20.0  25.9   16:55  17.7   03:31   0.1   1.9   2.4   3.0  13.0   14:33   ESE
23  22.5  30.6   16:05  18.2   05:21   0.0   4.2   0.0   4.1  18.0   15:51   ESE
24  24.4  34.5   14:58  18.2   03:12   0.0   6.1   0.0   4.2  23.0   17:35   ESE
25  24.1  32.8   15:22  17.5   06:07   0.0   5.8   0.0   4.9  30.0   18:00     E
26  24.0  30.7   16:07  19.0   05:55   0.0   5.7   0.0   3.2  19.0   20:51   NNW
27  22.3  28.5   14:19  18.8   23:59   0.0   4.0   0.0   8.4  26.0   16:13   SSW
28  21.6  29.4   13:30  17.2   06:34   0.1   3.4   0.0   6.3  21.0   17:52     S
29  21.0  29.7   15:00  15.2   06:14   0.7   3.4   0.0   5.3  26.0   16:31     S
30  20.5  29.2   13:26  13.9   05:46   1.3   3.5   0.0   5.2  24.0   16:25   SSE
31  20.1  27.9   15:12  13.5   05:26   1.3   3.1   0.0   4.1  18.0   15:27    SE
----------------------------------------------------------------------------------
    20.0  34.5    24    10.1     5    29.5  81.5  61.9   4.6  34.0     4     SSE

Max >=  30.0:  6
Max <=  20.0:  0
Min <=  10.0:  0
Min <=   4.0:  0
Max Rain: 15.5 on day 19
Days of Rain: 11 (>= 0.2 mm)  6 (>= 2.0 mm)  0 (>= 20.0 mm)
Heat Base: 24.0  Cool Base: 18.3  Method: Integration
:now::gauges::today::yesterday::this month::this year::records::trends::forum:


Page updated 23/03/2012 9:30:00 PM
powered by Cumulus v1.9.2 (1032)