Leumeah NSW weather

 Latitude S 34° 03' 26"    Longitude E 150° 49' 44"    Elevation 74 m

Leumeah weather

NOAA Style Reports

Select a Year or Month report
V/Λ2018 > Jan Feb Mar Apr May Jun Jul Aug Sep Oct Nov Dec
V/Λ2017 > Jan Feb Mar Apr May Jun Jul Aug Sep Oct Nov Dec
V/Λ2016 > Jan Feb Mar Apr May Jun Jul Aug Sep Oct Nov Dec
V/Λ2015 > Jan Feb Mar Apr May Jun Jul Aug Sep Oct Nov Dec
V/Λ2014 > Jan Feb Mar Apr May Jun Jul Aug Sep Oct Nov Dec
V/Λ2013 > Jan Feb Mar Apr May Jun Jul Aug Sep Oct Nov Dec
V/Λ2012 > Jan Feb Mar Apr May Jun Jul Aug Sep Oct Nov Dec
V/Λ2011 > Jan Feb Mar Apr May Jun Jul Aug Sep Oct Nov Dec

Report for 2012 Apr
                   Monthly Climatological Summary for Apr 2012

Name: Blazingcomet   City: Leumeah   State: NSW
Elevation: 74 m  Lat: S 34 03' 26"   Lon: E 150 49' 44"

                  Temperature (C), Rain (mm), Wind Speed (km/h)

                                      Heat  Cool        Avg
    Mean                              Deg   Deg         Wind                 Dom
Day Temp  High   Time   Low    Time   Days  Days  Rain  Speed High   Time    Dir
----------------------------------------------------------------------------------
 1  19.7  31.4   13:50  13.9   06:08   5.3   2.7   3.3   2.7  18.0   16:39   ESE
 2  20.9  30.6   15:18  15.5   05:28   4.0   3.3   0.3   2.9  17.0   16:13   NNW
 3  21.8  32.8   15:23  14.4   06:07   3.8   4.3   0.0   2.1  12.0   17:05   NNE
 4  22.1  31.0   14:14  16.0   06:06   3.2   4.1   0.0   3.8  26.0   15:55   ENE
 5  22.2  29.3   15:25  18.2   23:50   2.6   3.9   0.0   3.0  19.0   16:16   ENE
 6  21.5  30.5   15:02  15.2   06:31   3.5   3.7   0.0   2.7  16.0   12:29    NE
 7  20.9  28.6   13:15  15.7   06:18   3.9   3.2   0.0   4.8  31.0   15:13    SE
 8  20.6  25.7   14:22  17.0   23:51   3.5   2.4   0.0   2.0  22.0   23:21   WNW
 9  17.9  25.9   13:48   9.8   06:26   6.3   1.7   0.0   7.6  26.0   22:46   WSW
10  14.1  21.9   14:46   8.7   06:46   9.9   0.4   0.0   8.4  30.0   14:03   SSW
11  15.1  23.1   14:38   9.3   05:09   8.9   0.7   0.0   6.1  30.0   10:50   SSW
12  17.5  27.3   14:05  12.4   23:46   6.7   1.5   0.0   3.4  16.0   16:34   SSW
13  17.6  29.7   15:01   9.7   06:27   7.2   2.4   0.0   2.2  19.0   16:44   NNE
14  18.9  28.4   13:48  11.9   06:27   5.4   2.4   0.0   1.5  11.0   10:32   ENE
15  19.9  29.5   13:35  14.5   06:43   4.7   2.4   0.0   2.2  12.0   13:53     S
16  18.9  28.4   14:20  12.8   06:33   5.6   2.3   0.0   3.2  18.0   13:59   SSE
17  18.1  22.1   12:33  13.9   03:57   5.9   0.9   7.2   5.2  22.0   13:29   SSW
18  18.4  21.4   13:00  16.8   03:05   5.6   0.4  63.0   2.5  16.0   03:24    SE
19  20.3  27.6   15:03  17.3   04:01   3.9   2.3   5.4   2.3  15.0   15:32   ESE
20  21.7  31.0   14:17  15.1   06:17   3.5   4.0   0.0   2.2  12.0   14:52     E
21  20.8  29.4   13:32  16.5   23:51   4.0   2.9   0.0   2.3  17.0   15:06    SE
22  18.8  25.3   12:08  14.3   04:54   5.2   1.7   0.3   1.0   9.0   12:00   WNW
23  17.4  19.8   15:41  14.2   23:48   6.6   0.3   2.4   0.9   9.0   16:21    NE
24  16.8  26.8   12:20  12.1   20:19   7.3   1.0   2.7   4.0  32.0   13:55     W
25  14.3  21.3   14:22   7.8   06:14   9.7   0.4   0.0   8.9  40.0   12:43     W
26  15.8  25.0   13:35   8.8   06:31   8.2   1.3   0.0   2.8  18.0   10:21   SSW
27  17.6  27.4   14:47  10.6   06:39   6.9   2.1   0.0   2.4  16.0   15:52   SSE
28  17.7  27.5   15:23  11.9   06:51   6.7   1.9   0.0   1.3  10.0   11:23   WNW
29  14.3  22.5   11:49   9.3   05:29   9.7   0.4   0.0   5.3  36.0   10:15     S
30  14.1  23.3   15:26   8.5   06:33   9.9   0.6   0.0   2.3  13.0   15:08   SSW
----------------------------------------------------------------------------------
    18.5  32.8     3     7.8    25   177.6  61.6  84.6   3.4  40.0    25       S

Max >=  30.0:  6
Max <=  20.0:  1
Min <=  10.0:  8
Min <=   4.0:  0
Max Rain: 63.0 on day 18
Days of Rain: 8 (>= 0.2 mm)  6 (>= 2.0 mm)  1 (>= 20.0 mm)
Heat Base: 24.0  Cool Base: 18.3  Method: Integration
:now::gauges::today::yesterday::this month::this year::records::trends::forum:


Page updated 23/03/2012 9:30:00 PM
powered by Cumulus v1.9.2 (1032)