Leumeah NSW weather

 Latitude S 34° 03' 26"    Longitude E 150° 49' 44"    Elevation 74 m

Leumeah weather

NOAA Style Reports

Select a Year or Month report

Report for 2012 Jun
                   Monthly Climatological Summary for Jun 2012

Name: Blazingcomet   City: Leumeah   State: NSW
Elevation: 74 m  Lat: S 34 03' 26"   Lon: E 150 49' 44"

                  Temperature (C), Rain (mm), Wind Speed (km/h)

                                      Heat  Cool        Avg
    Mean                              Deg   Deg         Wind                 Dom
Day Temp  High   Time   Low    Time   Days  Days  Rain  Speed High   Time    Dir
----------------------------------------------------------------------------------
 1  14.8  21.5   11:32  10.0   02:21   9.2   0.5   0.0   1.4  11.0   13:58     E
 2  14.8  19.0   11:59  13.0   06:34   9.2   0.0   9.0   1.1  13.0   19:33    SW
 3  14.3  16.3   14:04  12.7   23:59   9.7   0.0   2.4   0.9   7.0   05:58    SW
 4  14.3  22.5   12:48   9.3   22:28   9.7   0.6   0.3   6.1  23.0   11:47     W
 5  10.5  15.9   11:19   6.1   04:06  13.5   0.0  14.1   7.5  39.0   16:14    SW
 6  12.1  16.3   14:51   8.3   23:15  11.9   0.0   0.3   8.9  28.0   01:50   SSW
 7  12.2  22.4   13:29   5.7   23:58  11.8   0.6   0.0   4.2  17.0   09:44    SW
 8  10.0  21.8   15:11   2.8   06:35  14.0   0.4   0.0   1.9  12.0   09:02   WSW
 9  10.4  22.5   13:27   3.1   06:58  13.6   0.5   0.0   1.6   9.0   09:48   WSW
10  11.6  18.8   15:42   6.1   00:00  12.4   0.0   3.3   2.8  13.0   16:35   SSW
11  11.7  13.8   13:07   9.9   23:45  12.3   0.0  15.3   2.4  10.0   07:31    SW
12  14.0  21.8   12:46  10.0   02:28  10.0   0.2   2.7   5.8  34.0   14:47     S
13  13.6  20.4   13:54   8.8   07:26  10.4   0.1   4.2   2.8  16.0   13:58   SSW
14  14.2  23.0   13:41   9.1   23:21   9.8   0.7   0.3   1.8  12.0   15:15     W
15  13.0  24.0   15:27   8.2   01:54  11.1   0.6   0.0   1.1  11.0   16:02   ESE
16  10.2  12.6   15:00   7.4   02:51  13.8   0.0   6.9   1.0   7.0   16:34   SSW
17  11.2  20.1   12:49   4.8   06:45  12.8   0.2   0.3   6.5  40.0   14:38     W
18  11.3  22.5   13:16   4.0   06:44  12.7   0.6   0.0   3.3  22.0   14:24   WSW
19  11.9  22.2   13:47   3.3   06:57  12.1   0.8   0.0   4.0  37.0   13:18     W
20  10.4  20.9   15:08   3.7   07:20  13.6   0.2   0.0   2.2  21.0   11:15   WNW
21   8.8  20.5   15:53   3.0   03:53  15.2   0.1   0.0   1.6  15.0   19:57     E
22  11.4  17.8   15:13   7.9   00:50  12.6   0.0   0.0   7.4  37.0   10:47   WNW
23  10.1  19.6   13:26   3.5   07:20  13.9   0.1   0.0   5.4  42.0   12:12     W
24   9.6  20.6   15:07   1.4   04:51  14.4   0.3   0.0   5.1  48.0   10:29     W
25  10.8  22.6   13:39   2.1   06:25  13.2   0.6   0.0   5.0  30.0   15:54   WSW
26  10.6  15.4   11:47   6.1   02:26  13.5   0.0   0.3   4.7  30.0   10:17     S
27  11.5  20.1   11:43   7.0   23:53  12.6   0.0   0.0   3.3  22.0   13:23   SSE
28  11.9  22.1   13:45   5.5   02:46  12.1   0.4   0.3   2.9  19.0   14:30   SSW
29  13.9  23.8   15:44   8.1   23:55  10.1   0.8   0.0   1.9  17.0   14:52    NW
30  11.4  23.1   13:03   4.3   06:58  12.5   0.5   0.0   2.8  32.0   14:24     W
----------------------------------------------------------------------------------
    11.9  24.0    15     1.4    24   363.7   8.8  59.7   3.6  48.0    24      SW

Max >=  30.0:  0
Max <=  20.0: 10
Min <=  10.0: 28
Min <=   4.0:  9
Max Rain: 15.3 on day 11
Days of Rain: 14 (>= 0.2 mm)  8 (>= 2.0 mm)  0 (>= 20.0 mm)
Heat Base: 24.0  Cool Base: 18.3  Method: Integration
:now::gauges::today::yesterday::this month::this year::records::trends::forum:


Page updated 23/03/2012 9:30:00 PM
powered by Cumulus v1.9.2 (1032)