Leumeah NSW weather

 Latitude S 34° 03' 26"    Longitude E 150° 49' 44"    Elevation 74 m

Leumeah weather

NOAA Style Reports

Select a Year or Month report

Report for 2012 Sep
                   Monthly Climatological Summary for Sep 2012

Name: Blazingcomet   City: Leumeah   State: NSW
Elevation: 74 m  Lat: S 34 03' 26"   Lon: E 150 49' 44"

                  Temperature (C), Rain (mm), Wind Speed (km/h)

                                      Heat  Cool        Avg
    Mean                              Deg   Deg         Wind                 Dom
Day Temp  High   Time   Low    Time   Days  Days  Rain  Speed High   Time    Dir
----------------------------------------------------------------------------------
 1  11.0  21.6   15:05   2.0   06:31  13.0   0.4   0.3   5.6  28.0   16:18   SSW
 2  13.1  26.0   14:10   3.7   06:10  11.2   1.5   0.0   3.1  19.0   13:24   WSW
 3  13.9  28.5   13:26   3.6   06:16  10.6   2.1   0.0   2.8  22.0   15:20   ENE
 4  15.5  30.9   14:49   4.6   06:09   9.5   2.8   0.0   2.7  19.0   15:16    SE
 5  18.0  31.3   14:00   4.4   06:13   7.3   3.9   0.0   4.0  31.0   15:37   NNW
 6  20.9  28.2   15:02  12.1   23:47   4.0   3.5   0.0  10.4  45.0   01:05    NW
 7  15.0  22.1   11:18   7.9   04:34   9.0   0.5   0.0  12.9  39.0   14:13   WNW
 8  16.0  23.3   13:50  11.0   06:08   8.0   0.8   0.0  13.3  32.0   00:47     W
 9  16.3  27.9   14:13   8.1   05:21   8.2   2.1   0.0   4.8  23.0   13:10   SSW
10  16.3  31.5   15:12   5.1   06:04   8.9   3.0   0.0   2.8  18.0   15:57    NE
11  16.2  27.3   13:45   8.6   06:14   8.1   2.0   0.0   3.7  19.0   15:04    SE
12  16.7  29.6   15:37   7.0   05:57   8.0   2.6   0.0   3.0  18.0   16:36    NE
13  13.4  24.5   11:00   7.8   06:22  10.5   0.7   3.9   3.9  18.0   15:20     S
14  13.5  24.7   14:53   4.5   06:16  10.6   1.2   0.3   4.4  19.0   14:35   WSW
15  14.2  25.6   14:02   5.1   05:46   9.8   1.6   0.0   3.9  22.0   13:19    SE
16  16.1  27.5   15:28   6.2   06:21   8.3   2.0   0.0   3.1  18.0   15:51    NE
17  16.1  28.2   14:04  10.4   05:00   8.1   1.5   4.2   4.3  24.0   15:32   SSE
18  16.2  26.2   12:24   8.8   05:54   7.9   1.5   0.6   3.4  18.0   14:50   ESE
19  15.9  26.1   15:54   7.6   06:07   8.5   1.8   0.3   3.6  30.0   11:02   SSW
20  17.6  29.7   15:11   9.1   05:35   7.3   2.6   0.0   3.0  18.0   16:19   ENE
21  17.8  31.3   14:26  11.0   05:56   7.1   2.3   0.3   4.6  23.0   15:16    SW
22  17.1  28.0   14:16   8.5   05:56   7.5   2.5   0.0   3.8  16.0   15:16    SE
23  18.9  33.2   16:46   7.1   05:56   6.9   4.0   0.0   3.8  17.0   22:16    NW
24  17.4  26.7   14:26   8.6   06:16   6.9   2.1   0.0   6.8  23.0   09:36   WSW
25  16.0  25.9   12:31   7.9   02:36   8.0   1.3   0.0   5.5  27.0   12:57     E
26  18.9  29.4   14:07  12.4   02:39   5.7   2.4   0.0   4.9  28.0   15:12    NE
27  19.3  30.7   13:05  10.1   06:01   5.7   3.2   0.0   2.4  16.0   12:28    NE
28  22.7  33.9   13:58  14.2   04:08   3.8   5.5  10.5   5.9  28.0   15:48    NW
29  17.2  24.5   11:08   8.6   23:38   6.8   1.1   0.9   9.5  38.0   13:58     W
30  15.4  25.1   15:38   7.4   06:08   8.7   1.3   0.0   8.7  23.0   09:08     W
----------------------------------------------------------------------------------
    16.4  33.9    28     2.0     1   243.9  63.8  21.3   5.1  45.0     6       W

Max >=  30.0:  7
Max <=  20.0:  0
Min <=  10.0: 23
Min <=   4.0:  3
Max Rain: 10.5 on day 28
Days of Rain: 9 (>= 0.2 mm)  3 (>= 2.0 mm)  0 (>= 20.0 mm)
Heat Base: 24.0  Cool Base: 18.3  Method: Integration
:now::gauges::today::yesterday::this month::this year::records::trends::forum:


Page updated 23/03/2012 9:30:00 PM
powered by Cumulus v1.9.2 (1032)