Leumeah NSW weather

 Latitude S 34° 03' 26"    Longitude E 150° 49' 44"    Elevation 74 m

Leumeah weather

NOAA Style Reports

Select a Year or Month report

Report for 2012 Nov
                   Monthly Climatological Summary for Nov 2012

Name: Blazingcomet   City: Leumeah   State: NSW
Elevation: 74 m  Lat: S 34 03' 26"   Lon: E 150 49' 44"

                  Temperature (C), Rain (mm), Wind Speed (km/h)

                                      Heat  Cool        Avg
    Mean                              Deg   Deg         Wind                 Dom
Day Temp  High   Time   Low    Time   Days  Days  Rain  Speed High   Time    Dir
----------------------------------------------------------------------------------
 1  22.7  33.2   14:01  13.7   06:33   3.7   5.2   0.0   7.9  43.0   15:02     W
 2  19.7  28.6   13:31  12.6   06:29   5.2   2.9   0.0   8.7  28.0   15:29   SSE
 3  16.5  22.3   10:14  13.6   05:46   7.5   0.4   0.3   4.8  18.0   16:20   ESE
 4  21.2  32.5   13:46  13.6   00:18   4.4   4.2   0.0   5.4  26.0   17:07     E
 5  23.7  36.9   13:17  13.5   06:07   3.5   6.4   0.3   5.0  27.0   14:26     E
 6  25.4  38.4   14:23  18.8   05:54   1.9   7.1   0.0   5.1  27.0   16:16     E
 7  22.7  28.8   14:58  19.9   05:34   2.1   4.4   0.9   2.8  16.0   18:34     E
 8  22.7  34.6   13:44  17.6   05:34   3.2   4.5  10.2   4.0  24.0   14:40   ESE
 9  23.5  33.6   16:20  17.5   06:28   2.8   5.2   0.6   6.4  34.0   21:20    SW
10  17.8  25.0   13:08  12.6   23:39   6.2   0.9   0.0   7.5  32.0   13:52    SE
11  18.8  29.2   13:42  11.3   05:37   6.2   3.2   0.0   6.4  28.0   13:25     E
12  19.9  32.8   14:42   9.0   05:45   5.9   4.4   0.0   5.3  27.0   16:54   ENE
13  20.2  30.4   13:36  13.7   05:49   4.8   3.2   0.3   8.3  31.0   14:06    SE
14  17.9  22.2   10:48  14.9   05:56   6.1   0.8   0.9   6.0  27.0   13:09     E
15  22.7  33.3   16:20  16.4   04:07   3.2   4.8   0.0   3.6  16.0   16:58   NNE
16  18.0  20.1   13:37  14.5   23:17   6.0   0.4   6.0   4.7  21.0   06:27   SSE
17  18.9  27.8   14:45  13.9   06:01   5.5   2.2   0.3   5.8  26.0   16:01   ESE
18  20.4  30.9   13:56  13.8   05:48   4.7   3.6   0.0   7.4  39.0   20:18   ESE
19  16.6  26.3   14:56   9.2   05:44   7.6   1.3   2.7   6.8  34.0   14:30   SSW
20  19.8  28.7   15:29  13.0   23:59   4.9   3.0   0.9   8.2  26.0   10:04    SE
21  20.6  32.7   16:31  10.0   05:39   5.2   4.6   0.0   5.0  24.0   17:57    NE
22  18.7  22.2   15:43  16.3   05:49   5.3   0.9   0.0   9.3  34.0   01:31   SSE
23  20.1  29.5   14:42  15.0   06:05   4.5   2.8   0.0   5.4  23.0   16:07     E
24  23.3  33.2   14:26  15.7   03:13   3.1   5.6   0.0   5.1  23.0   10:48   ENE
25  27.6  41.4   14:26  17.1   05:19   1.9   9.4   0.0   5.2  28.0   13:56   ESE
26  24.1  35.6   13:37  17.4   05:34   2.2   5.8   0.0   4.1  21.0   15:10     E
27  23.3  30.3   15:10  19.5   21:25   2.0   5.0   7.8   5.7  17.0   13:08   ESE
28  20.1  23.0   13:10  17.2   05:10   3.9   1.9   0.6   3.0  15.0   18:50   ESE
29  25.1  35.3   15:49  19.0   04:44   1.7   6.8   0.0   4.9  23.0   15:09   ENE
30  27.9  40.9   15:50  19.7   04:31   1.1   9.6   0.0   4.0  21.0   20:49     E
----------------------------------------------------------------------------------
    21.3  41.4    25     9.0    12   126.3 120.5  31.8   5.7  43.0     1     ESE

Max >=  30.0: 17
Max <=  20.0:  0
Min <=  10.0:  3
Min <=   4.0:  0
Max Rain: 10.2 on day 8
Days of Rain: 13 (>= 0.2 mm)  4 (>= 2.0 mm)  0 (>= 20.0 mm)
Heat Base: 24.0  Cool Base: 18.3  Method: Integration
:now::gauges::today::yesterday::this month::this year::records::trends::forum:


Page updated 23/03/2012 9:30:00 PM
powered by Cumulus v1.9.2 (1032)