Leumeah NSW weather

 Latitude S 34° 03' 26"    Longitude E 150° 49' 44"    Elevation 74 m

Leumeah weather

NOAA Style Reports

Select a Year or Month report
V/Λ2018 > Jan Feb Mar Apr May Jun Jul Aug Sep Oct Nov Dec
V/Λ2017 > Jan Feb Mar Apr May Jun Jul Aug Sep Oct Nov Dec
V/Λ2016 > Jan Feb Mar Apr May Jun Jul Aug Sep Oct Nov Dec
V/Λ2015 > Jan Feb Mar Apr May Jun Jul Aug Sep Oct Nov Dec
V/Λ2014 > Jan Feb Mar Apr May Jun Jul Aug Sep Oct Nov Dec
V/Λ2013 > Jan Feb Mar Apr May Jun Jul Aug Sep Oct Nov Dec
V/Λ2012 > Jan Feb Mar Apr May Jun Jul Aug Sep Oct Nov Dec
V/Λ2011 > Jan Feb Mar Apr May Jun Jul Aug Sep Oct Nov Dec

Report for 2012 Dec
                   Monthly Climatological Summary for Dec 2012

Name: Blazingcomet   City: Leumeah   State: NSW
Elevation: 74 m  Lat: S 34 03' 26"   Lon: E 150 49' 44"

                  Temperature (C), Rain (mm), Wind Speed (km/h)

                                      Heat  Cool        Avg
    Mean                              Deg   Deg         Wind                 Dom
Day Temp  High   Time   Low    Time   Days  Days  Rain  Speed High   Time    Dir
----------------------------------------------------------------------------------
 1  28.8  38.7   15:57  23.2   05:14   0.1  10.5   0.3   4.0  26.0   16:11   WSW
 2  24.5  30.8   12:16  18.5   23:52   1.2   6.3   0.0   7.7  27.0   13:58    SE
 3  20.8  26.5   16:35  17.3   05:44   3.5   2.6   0.9   4.0  17.0   17:12     E
 4  22.8  31.3   13:41  15.3   23:57   3.1   4.9   0.0  11.0  39.0   15:58     W
 5  19.3  27.4   14:49  11.1   06:18   5.3   3.0   0.0  13.3  53.0   12:40     W
 6  19.0  30.2   13:50  10.0   05:58   6.1   3.3   0.0   6.5  31.0   15:43    SE
 7  20.1  27.3   13:41  14.7   00:00   4.2   2.7   0.0   4.7  22.0   16:26     E
 8  24.3  35.7   14:15  16.1   06:26   2.6   6.4   0.0   5.7  27.0   17:53     E
 9  22.2  31.2   11:30  17.9   23:00   3.9   1.8   0.3  11.7  44.0   17:40   SSE
10  18.5  20.8   14:59  16.5   04:59   5.7   0.6   0.0  11.8  32.0   16:19     S
11  20.5  28.3   12:09  16.0   06:11   3.9   2.6   0.0   9.3  28.0   11:43     S
12  21.9  31.8   14:35  15.9   23:57   3.4   4.1   0.6   5.1  26.0   16:00   ENE
13  23.1  35.0   14:52  12.7   05:41   3.8   6.1   0.0   3.0  30.0   16:15   ENE
14  23.0  34.4   15:08  15.3   05:43   2.8   5.2   0.0   1.8  22.0   17:02     E
15  24.0  29.2   12:34  19.4   04:08   1.5   5.7   0.0   0.5  15.0   18:19   NNW
16  26.6  37.6   12:09  16.1   06:05   2.3   8.6   0.0   2.9  40.0   23:09    SE
17  20.7  23.9   14:46  18.7   05:41   3.3   2.5   0.0   6.2  30.0   00:31    SE
18  23.8  37.5   14:50  15.2   05:55   2.9   6.0   0.0   6.3  33.0   16:12     E
19  25.2  33.1   16:18  19.1   03:18   1.3   6.9   0.0   3.7  28.0   15:02     E
20  25.9  37.6   12:19  19.9   23:32   1.6   7.6   0.0   9.5  42.0   17:20   SSE
21  22.5  28.6   14:50  19.0   05:19   2.2   4.2   0.0   6.0  26.0   16:28   ESE
22  24.4  33.3   15:47  18.3   03:19   1.7   6.1   0.0   5.8  26.0   18:36   ENE
23  27.6  39.8   13:49  21.9   06:13   0.4   9.3   0.0   5.9  30.0   14:58     E
24  28.2  42.5   14:16  21.7   23:57   0.6   9.5  11.4   6.2  46.0   20:58   ENE
25  19.3  21.7   00:00  16.5   18:20   4.7   1.4   8.4   5.0  23.0   10:32     S
26  19.4  26.1   11:51  14.7   23:23   4.7   1.7   0.0   8.7  32.0   09:25   SSE
27  20.6  31.2   15:49  11.3   06:04   4.9   4.2   0.0   5.2  27.0   17:41   ENE
28  22.1  36.5   12:32  14.0   05:22   3.9   4.8   0.0   9.0  44.0   16:27   SSE
29  23.1  32.2   14:49  17.6   06:22   2.7   4.8   0.0   6.8  28.0   16:00   ESE
30  21.5  28.7   14:50  17.5   08:04   3.0   3.2   0.0   6.3  27.0   15:30   ESE
31  26.7  38.2   15:29  17.9   06:07   1.6   8.4   0.0   5.4  28.0   16:34   ENE
----------------------------------------------------------------------------------
    22.9  42.5    24    10.0     6    92.9 155.0  21.9   6.4  53.0     5      SE

Max >=  30.0: 20
Max <=  20.0:  0
Min <=  10.0:  1
Min <=   4.0:  0
Max Rain: 11.4 on day 24
Days of Rain: 6 (>= 0.2 mm)  2 (>= 2.0 mm)  0 (>= 20.0 mm)
Heat Base: 24.0  Cool Base: 18.3  Method: Integration
:now::gauges::today::yesterday::this month::this year::records::trends::forum:


Page updated 23/03/2012 9:30:00 PM
powered by Cumulus v1.9.2 (1032)