Leumeah NSW weather

 Latitude S 34° 03' 26"    Longitude E 150° 49' 44"    Elevation 74 m

Leumeah weather

NOAA Style Reports

Select a Year or Month report

Report for 2013 Jan
                   Monthly Climatological Summary for Jan 2013

Name: Blazingcomet   City: Leumeah   State: NSW
Elevation: 74 m  Lat: S 34 03' 26"   Lon: E 150 49' 44"

                  Temperature (C), Rain (mm), Wind Speed (km/h)

                                      Heat  Cool        Avg
    Mean                              Deg   Deg         Wind                 Dom
Day Temp  High   Time   Low    Time   Days  Days  Rain  Speed High   Time    Dir
----------------------------------------------------------------------------------
 1  27.2  42.1   14:38  18.6   05:59   1.4   8.9   0.0   4.8  26.0   16:26   ENE
 2  22.4  31.6   12:03  17.1   22:59   2.7   4.2   0.0   8.0  31.0   12:59    SE
 3  23.1  32.9   15:45  16.9   03:59   2.8   5.1   0.0   6.0  23.0   19:02     E
 4  25.2  38.6   14:25  15.2   06:10   2.8   7.4   0.0   5.9  28.0   14:37   ENE
 5  27.3  41.3   15:42  16.3   06:00   2.0   9.2   0.0   5.5  24.0   18:34   ENE
 6  26.9  38.7   14:32  19.2   06:11   1.3   8.6   0.0   6.3  28.0   15:44     E
 7  26.8  35.9   14:34  21.9   05:49   0.6   8.5   0.0   6.8  30.0   16:37     E
 8  30.7  42.9   15:54  18.8   06:02   1.3  12.4   0.0   6.3  34.0   16:46    NW
 9  26.0  33.2   00:51  20.2   23:48   1.0   7.7   0.0  11.8  34.0   15:59    SE
10  23.4  30.7   15:05  19.4   02:24   1.8   5.1   0.0   6.9  26.0   16:56     E
11  28.7  41.0   14:59  18.3   04:41   1.3  10.4   0.0   4.8  26.0   15:39   ENE
12  26.6  40.5   14:17  20.4   06:13   0.8   8.3   0.0   4.8  28.0   18:06    SE
13  21.7  25.8   12:32  16.9   23:49   2.4   3.5   7.2   5.0  22.0   22:32    SE
14  21.1  29.2   13:59  16.2   02:50   4.0   3.5   0.6  10.0  37.0   15:29   SSE
15  21.7  32.1   15:27  13.3   06:13   3.8   4.5   0.3   5.9  26.0   15:27     E
16  25.0  38.2   14:00  15.3   06:07   2.8   7.2   0.0   6.0  27.0   14:46   ESE
17  26.8  37.7   15:01  18.1   05:04   1.5   8.5   0.0   6.0  30.0   15:21     E
18  31.4  46.6   13:52  20.3   06:07   0.8  13.1   0.0   8.3  48.0   19:40    SW
19  22.5  30.0   10:12  20.2   23:47   1.9   4.2   0.0   7.7  24.0   12:54   SSE
20  22.5  27.9   16:14  19.5   05:55   2.0   4.2   0.0   5.3  18.0   12:38    SE
21  25.2  32.0   16:34  20.5   05:12   1.1   6.9   0.3   5.9  27.0   16:23     E
22  27.0  39.3   13:23  17.5   06:09   0.7   8.7   1.2   4.4  43.0   15:17    SE
23  23.9  31.9   13:52  20.3   06:17   1.6   5.6   0.3   9.7  31.0   15:11     S
24  26.3  36.5   15:51  20.2   05:39   1.2   8.0   0.0   6.1  23.0   17:00   ESE
25  27.5  38.1   14:31  19.9   06:29   1.0   9.2   0.0   6.8  34.0   16:00   ENE
26  28.0  37.3   14:32  22.9   05:47   0.1   9.7   0.0  11.0  40.0   17:30     E
27  22.7  25.1   00:00  20.2   06:28   1.5   4.4  28.2   4.3  19.0   01:46    NE
28  21.4  23.0   11:56  19.5   22:24   2.6   3.1  51.6   6.9  27.0   18:52     E
29  24.0  30.8   13:43  19.9   00:00   1.5   5.8  28.5   7.1  24.0   02:22    SE
30  23.8  31.4   14:43  20.1   06:26   1.5   5.5   0.0   5.4  21.0   17:55   ESE
31  27.0  36.3   15:10  20.9   06:44   0.9   8.7   0.0   5.7  28.0   16:33   ENE
----------------------------------------------------------------------------------
    25.3  46.6    18    13.3    15    52.7 220.1 118.2   6.6  48.0    18     ESE

Max >=  30.0: 26
Max <=  20.0:  0
Min <=  10.0:  0
Min <=   4.0:  0
Max Rain: 51.6 on day 28
Days of Rain: 9 (>= 0.2 mm)  4 (>= 2.0 mm)  3 (>= 20.0 mm)
Heat Base: 24.0  Cool Base: 18.3  Method: Integration
:now::gauges::today::yesterday::this month::this year::records::trends::forum:


Page updated 23/03/2012 9:30:00 PM
powered by Cumulus v1.9.2 (1032)