Leumeah NSW weather

 Latitude S 34° 03' 26"    Longitude E 150° 49' 44"    Elevation 74 m

Leumeah weather

NOAA Style Reports

Select a Year or Month report

Report for 2013 Feb
                   Monthly Climatological Summary for Feb 2013

Name: Blazingcomet   City: Leumeah   State: NSW
Elevation: 74 m  Lat: S 34 03' 26"   Lon: E 150 49' 44"

                  Temperature (C), Rain (mm), Wind Speed (km/h)

                                      Heat  Cool        Avg
    Mean                              Deg   Deg         Wind                 Dom
Day Temp  High   Time   Low    Time   Days  Days  Rain  Speed High   Time    Dir
----------------------------------------------------------------------------------
 1  21.1  28.6   11:43  16.8   15:18   3.5   3.1  19.8  10.1  49.0   13:14     S
 2  17.3  23.6   14:55  13.6   07:03   6.7   0.7   7.2  10.3  42.0   16:52   SSW
 3  19.3  26.5   14:52  14.0   03:10   4.9   2.2   0.0   8.2  31.0   17:12   SSW
 4  21.0  30.1   15:09  14.8   05:43   3.8   3.4   0.0   5.7  23.0   15:57   SSE
 5  22.3  32.9   13:50  14.5   06:58   3.3   4.7   0.0   6.4  26.0   15:43   ESE
 6  23.3  31.9   15:35  17.2   03:50   2.5   5.1   0.0   4.9  23.0   17:36   ENE
 7  24.3  35.6   15:18  15.0   06:32   2.9   6.6   0.0   5.6  28.0   17:11   ENE
 8  26.3  38.9   15:47  16.7   05:39   2.1   8.1   0.0   4.5  24.0   17:26   ENE
 9  26.3  37.5   14:44  19.1   06:30   1.3   8.0   0.0   3.7  19.0   11:45   ENE
10  25.1  36.6   13:14  19.9   23:59   1.4   6.8   6.3   7.4  34.0   15:02    SE
11  21.2  24.1   10:16  18.2   07:11   2.8   2.9   0.3   7.4  23.0   17:14     S
12  21.8  26.9   13:58  18.8   23:58   2.5   3.5   0.0   5.8  24.0   12:18   SSE
13  21.9  31.0   15:58  15.0   06:50   3.4   4.1   0.0   5.5  23.0   17:46   ESE
14  22.7  32.2   16:07  14.9   06:26   3.1   5.0   0.0   5.1  27.0   17:02     E
15  21.8  28.3   12:15  17.3   23:41   2.7   3.5   2.4   4.5  21.0   18:45   ESE
16  21.3  31.1   14:05  15.6   04:35   3.4   3.6   0.3   4.3  24.0   15:27   SSE
17  21.7  28.7   15:11  17.0   23:19   3.1   3.5   3.0   3.7  22.0   18:25   ESE
18  21.7  31.8   15:14  15.0   04:28   3.6   4.2   0.3   4.4  24.0   15:33     E
19  24.3  34.4   15:30  16.6   05:44   2.5   6.2   0.0   4.2  24.0   17:04     E
20  24.5  33.5   14:19  18.4   06:22   1.9   6.2   0.0   6.0  26.0   12:08   SSE
21  25.0  33.3   15:15  19.7   06:09   1.7   6.7   0.9   6.7  28.0   13:21    SE
22  23.1  29.3   12:47  17.4   06:37   2.3   4.9   4.2   8.9  38.0   16:07    SE
23  22.2  25.1   13:57  20.1   02:36   1.9   3.9  31.5  14.1  37.0   10:01   ESE
24  26.3  34.8   14:44  21.7   01:22   0.6   8.0  11.1   9.1  45.0   01:10     E
25  26.9  36.4   14:26  23.0   05:04   0.2   8.6   0.0   5.6  21.0   16:24     E
26  25.7  32.9   13:41  21.6   06:59   0.5   7.4   0.0   8.5  24.0   17:21     E
27  26.0  36.2   14:54  20.3   06:42   1.1   7.7   0.0   5.6  23.0   18:20   ENE
28  21.5  28.1   12:33  16.3   23:13   3.0   3.5   3.6   4.9  26.0   13:56     S
----------------------------------------------------------------------------------
    23.1  38.9     8    13.6     2    72.7 142.1  90.9   6.5  49.0     1     ESE

Max >=  30.0: 18
Max <=  20.0:  0
Min <=  10.0:  0
Min <=   4.0:  0
Max Rain: 31.5 on day 23
Days of Rain: 13 (>= 0.2 mm)  9 (>= 2.0 mm)  1 (>= 20.0 mm)
Heat Base: 24.0  Cool Base: 18.3  Method: Integration
:now::gauges::today::yesterday::this month::this year::records::trends::forum:


Page updated 23/03/2012 9:30:00 PM
powered by Cumulus v1.9.2 (1032)