Leumeah NSW weather

 Latitude S 34° 03' 26"    Longitude E 150° 49' 44"    Elevation 74 m

Leumeah weather

NOAA Style Reports

Select a Year or Month report
V/Λ2018 > Jan Feb Mar Apr May Jun Jul Aug Sep Oct Nov Dec
V/Λ2017 > Jan Feb Mar Apr May Jun Jul Aug Sep Oct Nov Dec
V/Λ2016 > Jan Feb Mar Apr May Jun Jul Aug Sep Oct Nov Dec
V/Λ2015 > Jan Feb Mar Apr May Jun Jul Aug Sep Oct Nov Dec
V/Λ2014 > Jan Feb Mar Apr May Jun Jul Aug Sep Oct Nov Dec
V/Λ2013 > Jan Feb Mar Apr May Jun Jul Aug Sep Oct Nov Dec
V/Λ2012 > Jan Feb Mar Apr May Jun Jul Aug Sep Oct Nov Dec
V/Λ2011 > Jan Feb Mar Apr May Jun Jul Aug Sep Oct Nov Dec

Report for 2013 Jun
                   Monthly Climatological Summary for Jun 2013

Name: Blazingcomet   City: Leumeah   State: NSW
Elevation: 74 m  Lat: S 34 03' 26"   Lon: E 150 49' 44"

                  Temperature (C), Rain (mm), Wind Speed (km/h)

                                      Heat  Cool        Avg
    Mean                              Deg   Deg         Wind                 Dom
Day Temp  High   Time   Low    Time   Days  Days  Rain  Speed High   Time    Dir
----------------------------------------------------------------------------------
 1  15.2  22.9   11:31  10.0   05:15   8.8   0.6   3.0   1.7  12.0   12:30     N
 2  13.5  17.7   15:39   9.6   23:53  10.5   0.0  13.5   6.2  36.0   09:58    SW
 3  13.5  26.4   12:49   7.2   23:16  10.6   1.0   0.0   6.4  26.0   09:22   WSW
 4  14.4  29.7   12:55   6.5   02:31  10.0   1.7   0.0   3.6  17.0   09:59   WSW
 5  13.1  22.8   11:52   7.5   05:31  10.9   0.5   0.0   1.5  11.0   11:44   NNW
 6  13.8  18.7   12:18   9.8   07:05  10.2   0.0   0.0   0.8  11.0   11:54    SW
 7  15.9  24.0   14:51  10.8   23:11   8.1   1.0   0.0   2.8  26.0   15:18   WSW
 8  14.2  28.2   12:46  10.5   23:46   9.8   0.5   0.0   3.3  13.0   11:50     S
 9  13.9  26.6   12:27   7.3   06:50  10.2   1.0   0.0   2.0  11.0   11:28   WNW
10  12.2  21.9   12:27   6.7   06:46  11.8   0.1   2.1   1.5   9.0   10:33   WSW
11  13.2  28.9   12:43   5.5   07:13  10.9   1.1   0.3   1.7  15.0   11:35     W
12  11.2  16.0   16:12   7.3   04:34  12.8   0.0   4.2   1.7  12.0   11:18   WSW
13  14.1  26.6   12:48   8.3   07:19  10.0   1.1   0.3   3.4  22.0   12:23   WNW
14  12.9  25.3   11:53   5.0   06:32  11.1   0.7   0.0   5.5  32.0   13:26     W
15  14.4  23.0   11:56   8.6   23:42   9.6   0.3   0.0   8.2  28.0   12:15   WSW
16  11.6  24.9   12:45   4.5   07:06  12.4   0.6   0.0   4.0  22.0   14:28    SW
17  10.9  23.1   12:40   4.1   06:19  13.1   0.3   0.0   5.0  28.0   11:35    SW
18  11.9  26.2   12:43   4.1   06:52  12.1   0.8   0.6   4.1  24.0   15:23    SW
19  11.8  23.2   12:36   6.9   23:58  12.2   0.3   0.0   6.3  28.0   11:09   SSW
20  11.2  25.1   12:22   5.5   04:04  12.8   0.5   0.0   4.3  21.0   10:34   SSW
21  10.5  25.2   12:34   4.4   06:57  13.5   0.4   0.0   2.6  16.0   12:58   SSW
22  10.1  19.5   11:59   3.4   06:00  13.9   0.0   3.0   3.4  16.0   09:30    SW
23  11.3  16.8   12:54   8.6   03:33  12.7   0.0  12.9   3.8  18.0   13:39     S
24  11.6  15.0   13:21   9.5   06:37  12.4   0.0  14.1   3.8  21.0   23:03    SW
25  12.1  15.2   13:06   9.5   07:16  11.9   0.0  10.8   4.0  30.0   20:07     S
26  15.5  23.3   13:41  11.6   22:48   8.5   0.5  15.3   6.2  26.0   10:15   SSE
27  14.4  20.0   11:20  11.2   00:26   9.6   0.1   0.9   2.8  11.0   10:53   SSE
28  13.2  17.5   14:10  10.6   01:35  10.8   0.0   4.2   1.2  13.0   14:29   SSE
29  12.8  15.4   13:41  11.3   22:41  11.2   0.0   6.3   2.3  16.0   12:43   SSW
30  12.7  21.8   13:14   9.0   23:53  11.3   0.1   0.0   1.8  16.0   14:42    SW
----------------------------------------------------------------------------------
    12.9  29.7     4     3.4    22   333.7  13.2  91.5   3.5  36.0     2      SW

Max >=  30.0:  0
Max <=  20.0: 10
Min <=  10.0: 24
Min <=   4.0:  1
Max Rain: 15.3 on day 26
Days of Rain: 15 (>= 0.2 mm)  11 (>= 2.0 mm)  0 (>= 20.0 mm)
Heat Base: 24.0  Cool Base: 18.3  Method: Integration
:now::gauges::today::yesterday::this month::this year::records::trends::forum:


Page updated 23/03/2012 9:30:00 PM
powered by Cumulus v1.9.2 (1032)