Leumeah NSW weather

 Latitude S 34° 03' 26"    Longitude E 150° 49' 44"    Elevation 74 m

Leumeah weather

NOAA Style Reports

Select a Year or Month report

Report for 2013 Jul
                   Monthly Climatological Summary for Jul 2013

Name: Blazingcomet   City: Leumeah   State: NSW
Elevation: 74 m  Lat: S 34 03' 26"   Lon: E 150 49' 44"

                  Temperature (C), Rain (mm), Wind Speed (km/h)

                                      Heat  Cool        Avg
    Mean                              Deg   Deg         Wind                 Dom
Day Temp  High   Time   Low    Time   Days  Days  Rain  Speed High   Time    Dir
----------------------------------------------------------------------------------
 1  13.1  28.5   12:48   6.2   07:20  11.1   1.3   0.3   1.6  10.0   09:12   WSW
 2  12.3  27.3   12:53   5.1   06:19  11.8   1.0   0.3   2.4  17.0   13:18     W
 3  11.5  27.4   12:44   3.6   07:02  12.6   1.1   0.0   1.3  10.0   09:54   WNW
 4  12.6  29.9   12:38   1.9   07:11  11.7   1.6   0.0   3.6  31.0   13:17    NW
 5  12.5  23.5   12:30   5.1   06:46  11.5   0.7   0.0   8.2  38.0   14:46   WNW
 6  10.3  23.1   12:45   2.7   06:44  13.8   0.3   0.0   6.4  30.0   13:15     W
 7   9.9  24.6   12:32   1.4   06:56  14.1   0.6   0.0   3.8  24.0   13:58     W
 8  10.2  25.6   12:46   1.9   07:11  13.8   0.6   0.0   2.8  26.0   12:03   WSW
 9  11.8  26.8   12:35   6.4   00:05  12.3   0.3   0.0   4.5  23.0   16:40     S
10  11.7  21.1   13:15   7.2   23:35  12.3   0.1   0.0   2.4  16.0   16:05   SSE
11  12.1  27.5   12:53   5.1   07:03  12.0   0.9   0.3   2.1  13.0   11:10   WSW
12  12.2  27.2   12:51   4.0   07:04  11.9   1.1   0.0   1.5  11.0   11:55   WNW
13  11.2  21.7   16:03   5.5   05:15  12.8   0.2   0.0   1.1   9.0   11:02   WSW
14  12.8  21.8   14:46   5.5   06:03  11.2   0.5   0.6   1.0  13.0   12:59     N
15  13.6  17.9   11:35  11.4   05:11  10.4   0.0   0.3   0.8   6.0   10:57     W
16  15.4  24.7   13:07   9.8   06:19   8.6   0.9   1.2   1.2   9.0   11:21     W
17  16.1  27.3   15:46  10.4   03:58   8.2   1.7   0.3   1.0  10.0   14:05   ENE
18  15.3  26.7   12:46   8.4   06:50   8.7   1.2   0.0   1.1  10.0   13:21     E
19  14.5  18.5   16:26  10.5   03:49   9.5   0.0   1.2   3.1  21.0   12:04   NNE
20  10.0  17.5   16:41   7.6   06:50  14.0   0.0   0.0   6.9  34.0   14:03    NW
21   9.8  21.0   12:51   2.6   06:11  14.2   0.1   0.0   6.7  33.0   11:24    NW
22   8.9  21.8   12:57   1.0   06:42  15.1   0.3   0.0   4.5  26.0   14:42     W
23   9.6  23.8   12:38   1.2   05:56  14.4   0.3   0.0   5.0  26.0   15:32   WSW
24  12.3  24.2   12:29   6.1   23:51  11.7   0.6   0.0   5.9  24.0   10:34   SSW
25  11.3  25.3   12:48   3.1   06:59  12.7   1.0   0.0   2.1  15.0   12:31   WNW
26  11.3  25.8   14:57   2.1   06:59  12.9   1.3   0.0   2.5  13.0   12:14     W
27  12.2  27.3   12:44   4.5   06:10  11.9   1.3   0.0   2.5  12.0   13:05     W
28  12.1  23.4   14:33   4.5   06:45  11.9   0.7   0.0   1.5   9.0   10:45    NE
29  14.3  28.1   14:51   5.2   07:08  10.3   2.0   0.0   1.8  12.0   13:27     N
30  14.6  26.8   12:34   7.1   03:45   9.6   1.3   0.0   2.7  22.0   12:50   WSW
31  13.9  23.2   11:55   7.7   23:58  10.1   0.4   0.9   5.7  27.0   11:21     S
----------------------------------------------------------------------------------
    12.2  29.9     4     1.0    22   367.1  23.4   5.4   3.2  38.0     5       W

Max >=  30.0:  0
Max <=  20.0:  3
Min <=  10.0: 28
Min <=   4.0: 11
Max Rain: 1.2 on day 16
Days of Rain: 9 (>= 0.2 mm)  0 (>= 2.0 mm)  0 (>= 20.0 mm)
Heat Base: 24.0  Cool Base: 18.3  Method: Integration
:now::gauges::today::yesterday::this month::this year::records::trends::forum:


Page updated 23/03/2012 9:30:00 PM
powered by Cumulus v1.9.2 (1032)