Leumeah NSW weather

 Latitude S 34° 03' 26"    Longitude E 150° 49' 44"    Elevation 74 m

Leumeah weather

NOAA Style Reports

Select a Year or Month report

Report for 2013 Aug
                   Monthly Climatological Summary for Aug 2013

Name: Blazingcomet   City: Leumeah   State: NSW
Elevation: 74 m  Lat: S 34 03' 26"   Lon: E 150 49' 44"

                  Temperature (C), Rain (mm), Wind Speed (km/h)

                                      Heat  Cool        Avg
    Mean                              Deg   Deg         Wind                 Dom
Day Temp  High   Time   Low    Time   Days  Days  Rain  Speed High   Time    Dir
----------------------------------------------------------------------------------
 1  12.8  25.5   12:44   4.6   06:40  11.3   1.3   0.0   3.1  15.0   15:56    SW
 2  12.4  24.3   14:27   4.6   07:01  11.6   1.0   0.0   2.5  24.0   13:11   WNW
 3  13.0  22.9   15:28   5.9   03:49  11.0   0.6   0.0   7.1  34.0   09:44     W
 4  12.9  21.3   12:29   5.7   06:29  11.1   0.4   0.0   7.2  31.0   12:21     W
 5  12.7  23.6   13:53   5.0   07:01  11.3   0.8   0.0   6.3  28.0   14:53     W
 6  14.8  25.5   12:44   5.7   07:01   9.3   1.4   0.0   8.0  43.0   12:56   WNW
 7  13.4  23.0   14:04   9.1   05:16  10.6   0.7   1.5   2.7  22.0   00:49    SW
 8  11.5  16.8   14:57   7.8   23:59  12.5   0.0   3.6   8.0  36.0   14:03    SW
 9  12.2  22.9   13:05   4.3   06:37  11.8   0.3   0.0   4.0  16.0   13:08     W
10  14.7  27.2   14:53   4.7   06:43   9.6   1.9   0.0   4.8  26.0   12:32     W
11  14.2  26.9   15:19   4.4   06:28  10.1   1.8   0.0   2.3  13.0   12:38   WNW
12  13.9  25.4   11:42   5.9   06:12  10.1   0.9   0.0  10.8  56.0   12:21   WNW
13  13.1  25.7   14:49   3.0   06:11  11.0   1.5   0.0   6.3  34.0   09:55     W
14  14.7  27.4   13:31   3.6   06:35   9.6   1.9   0.0   6.0  37.0   23:59    NW
15  14.3  24.2   15:32   6.1   23:58   9.7   1.1   0.0   8.4  34.0   00:01    SW
16  13.0  26.0   15:27   2.4   06:40  11.2   1.4   0.0   3.6  26.0   18:34    NE
17  16.4  27.1   12:12   8.2   06:58   7.8   1.8   0.0   8.1  38.0   13:48     W
18  15.3  25.4   14:03   5.3   06:54   8.8   1.7   0.0   5.8  26.0   12:56    NW
19  12.5  22.7   12:29   5.0   06:30  11.5   0.6   0.0   8.6  36.0   15:17     W
20  11.0  18.6   13:50   5.0   06:38  13.0   0.0   0.0  12.8  33.0   10:35     W
21  10.9  20.6   13:50   4.2   03:18  13.1   0.2   0.0   7.9  30.0   14:13     W
22  10.1  21.1   11:57   1.4   05:53  13.9   0.2   0.0   4.7  26.0   12:01   WNW
23  13.1  19.1   13:02   6.4   02:27  10.9   0.0   0.0  10.5  39.0   13:44     W
24  15.8  26.7   16:02   6.6   06:16   8.5   2.0   0.0   4.3  18.0   09:53   WSW
25  15.6  29.6   15:18   5.3   06:35   9.2   2.6   0.0   2.6  16.0   09:42   WSW
26  15.6  25.6   14:41   7.0   06:40   8.6   1.7   0.0   3.6  16.0   08:04   WSW
27  16.7  29.5   13:53   9.0   06:22   7.9   2.3   0.0   3.4  19.0   16:26   ESE
28  16.7  29.6   13:40   7.7   05:58   8.1   2.6   0.0   4.6  28.0   15:46   SSE
29  16.0  25.1   14:48   8.0   06:20   8.0   1.3   0.0   3.9  23.0   15:20   ENE
30  20.2  31.6   15:43  11.1   06:36   5.6   4.0   0.0   4.5  27.0   13:00   WNW
31  17.8  30.2   15:07  10.6   06:39   7.1   2.7   0.0   3.8  19.0   13:09    SW
----------------------------------------------------------------------------------
    14.1  31.6    30     1.4    22   313.8  40.7   5.1   5.8  56.0    12       W

Max >=  30.0:  2
Max <=  20.0:  3
Min <=  10.0: 29
Min <=   4.0:  4
Max Rain: 3.6 on day 8
Days of Rain: 2 (>= 0.2 mm)  1 (>= 2.0 mm)  0 (>= 20.0 mm)
Heat Base: 24.0  Cool Base: 18.3  Method: Integration
:now::gauges::today::yesterday::this month::this year::records::trends::forum:


Page updated 23/03/2012 9:30:00 PM
powered by Cumulus v1.9.2 (1032)