Leumeah NSW weather

 Latitude S 34° 03' 26"    Longitude E 150° 49' 44"    Elevation 74 m

Leumeah weather

NOAA Style Reports

Select a Year or Month report

Report for 2013 Sep
                   Monthly Climatological Summary for Sep 2013

Name: Blazingcomet   City: Leumeah   State: NSW
Elevation: 74 m  Lat: S 34 03' 26"   Lon: E 150 49' 44"

                  Temperature (C), Rain (mm), Wind Speed (km/h)

                                      Heat  Cool        Avg
    Mean                              Deg   Deg         Wind                 Dom
Day Temp  High   Time   Low    Time   Days  Days  Rain  Speed High   Time    Dir
----------------------------------------------------------------------------------
 1  16.8  29.5   14:58   7.7   06:15   8.0   2.7   0.0   3.5  21.0   15:47   ENE
 2  17.5  31.0   15:31   7.9   06:25   7.7   3.1   0.0   2.2  15.0   12:05   NNE
 3  17.3  29.5   15:05   8.3   06:21   7.6   2.8   0.0   3.0  17.0   16:15    NE
 4  17.6  30.3   14:48   8.5   06:20   7.4   2.9   0.0   3.7  23.0   15:14   ENE
 5  19.4  33.0   15:11   8.6   06:02   6.5   4.2   0.0   3.0  22.0   13:33     W
 6  20.2  32.5   14:42  11.8   06:28   5.2   3.7   0.0   2.8  19.0   15:41    NE
 7  21.8  34.7   14:32  13.6   04:56   4.7   4.8   0.0   4.6  23.0   12:39     W
 8  18.2  24.2   15:54  15.9   06:13   5.8   0.8   0.0   3.6  22.0   00:20    SE
 9  19.7  29.2   14:36  12.4   06:00   5.0   2.9   0.0   2.0  16.0   10:24     N
10  23.5  32.7   14:20  15.0   00:54   3.0   5.7   0.0  12.6  45.0   14:41   WNW
11  17.3  28.3   14:11   8.2   06:28   7.2   2.1   0.0   7.4  27.0   16:28     W
12  15.6  27.0   14:21   6.6   05:53   8.7   1.9   0.0   9.0  37.0   19:44    SW
13  14.7  23.3   15:11   7.7   06:13   9.3   0.8   0.3   6.2  24.0   13:31   ESE
14  17.8  27.1   14:26  11.8   23:54   6.7   2.1   7.8   7.0  31.0   15:18   SSW
15  16.6  26.7   14:04  10.0   06:22   7.6   1.4   0.0   4.5  27.0   14:03     E
16  15.4  18.3   13:01  12.8   02:03   8.6   0.0  13.5   6.4  33.0   21:13   ENE
17  18.9  26.1   13:11  14.4   05:59   5.2   1.9   2.7   6.8  38.0   11:44    NW
18  19.2  27.6   15:10  11.4   05:26   5.2   2.6   0.0   7.4  32.0   12:28   WNW
19  18.7  26.8   14:29  10.8   23:58   5.6   2.1   0.0  11.1  34.0   00:03     W
20  14.9  22.4   13:58   9.4   06:23   9.1   0.8   0.0   9.1  43.0   14:11     W
21  16.2  28.5   14:19   6.8   05:58   8.4   2.4   0.0   4.4  22.0   14:40   SSE
22  17.5  30.1   15:53   7.0   05:50   7.4   2.9   0.0   4.0  22.0   13:23     W
23  20.3  34.4   15:01   9.7   05:59   5.8   4.4   0.0   3.3  22.0   15:51   ENE
24  22.2  34.9   14:17  13.8   05:34   4.0   4.9   0.0   5.1  31.0   14:39     W
25  23.0  36.8   14:06  11.5   05:49   4.4   6.3   0.0   3.5  23.0   15:51   WNW
26  20.0  31.3   10:45  11.8   06:04   5.2   3.4   0.0  11.9  51.0   10:47     W
27  17.6  30.5   14:29   6.6   05:58   7.6   3.1   0.0   4.5  24.0   15:43     E
28  18.6  30.9   12:20   6.6   05:49   6.9   3.8   0.0   9.4  53.0   16:29     W
29  19.2  31.0   14:39  11.0   06:25   6.1   3.4   0.0   5.2  24.0   14:59    SE
30  20.3  35.6   15:08   7.5   05:51   6.4   5.2   0.0   2.5  18.0   15:26    NW
----------------------------------------------------------------------------------
    18.5  36.8    25     6.6    12   196.3  89.1  24.3   5.7  53.0    28     WNW

Max >=  30.0: 15
Max <=  20.0:  1
Min <=  10.0: 16
Min <=   4.0:  0
Max Rain: 13.5 on day 16
Days of Rain: 4 (>= 0.2 mm)  3 (>= 2.0 mm)  0 (>= 20.0 mm)
Heat Base: 24.0  Cool Base: 18.3  Method: Integration
:now::gauges::today::yesterday::this month::this year::records::trends::forum:


Page updated 23/03/2012 9:30:00 PM
powered by Cumulus v1.9.2 (1032)